{"id":44714,"date":"2014-03-26T09:26:08","date_gmt":"2014-03-26T12:26:08","guid":{"rendered":"http:\/\/www.eltrabajo.cl\/portal\/wp-content\/uploads\/2014\/03\/Portero1.jpg"},"modified":"2014-03-26T09:26:08","modified_gmt":"2014-03-26T12:26:08","slug":"portero1","status":"inherit","type":"attachment","link":"https:\/\/eltrabajo.cl\/portal\/internos-del-ccp-san-felipe-jugaron-jornada-de-baby-futbol-contra-u-la-calera\/portero1\/","title":{"rendered":"Portero1"},"author":482,"featured_media":0,"comment_status":"open","ping_status":"closed","template":"","meta":{"advanced_seo_description":"","jetpack_seo_html_title":"","jetpack_seo_noindex":false},"class_list":["post-44714","attachment","type-attachment","status-inherit","hentry"],"jetpack_sharing_enabled":true,"jetpack_likes_enabled":true,"description":{"rendered":"<p class=\"attachment\"><a href=\"https:\/\/i0.wp.com\/eltrabajo.cl\/portal\/wp-content\/uploads\/2014\/03\/Portero1.jpg?ssl=1\"><img loading=\"lazy\" decoding=\"async\" width=\"261\" height=\"300\" src=\"https:\/\/i0.wp.com\/eltrabajo.cl\/portal\/wp-content\/uploads\/2014\/03\/Portero1.jpg?fit=261%2C300&amp;ssl=1\" class=\"attachment-medium size-medium\" alt=\"GOL TRAS GOL.- El portero del cuadro CCP San Felipe recibi\u00f3 varios goles, las c\u00e1maras de Diario El Trabajo registran uno de los varios goles que este deportista recibi\u00f3.\" srcset=\"https:\/\/i0.wp.com\/eltrabajo.cl\/portal\/wp-content\/uploads\/2014\/03\/Portero1.jpg?w=529&amp;ssl=1 529w, https:\/\/i0.wp.com\/eltrabajo.cl\/portal\/wp-content\/uploads\/2014\/03\/Portero1.jpg?resize=130%2C150&amp;ssl=1 130w, https:\/\/i0.wp.com\/eltrabajo.cl\/portal\/wp-content\/uploads\/2014\/03\/Portero1.jpg?resize=261%2C300&amp;ssl=1 261w, https:\/\/i0.wp.com\/eltrabajo.cl\/portal\/wp-content\/uploads\/2014\/03\/Portero1.jpg?resize=400%2C458&amp;ssl=1 400w\" sizes=\"auto, (max-width: 261px) 100vw, 261px\" \/><\/a><\/p>\n<p>GOL TRAS GOL.- El portero del cuadro CCP San Felipe recibi\u00f3 varios goles, las c\u00e1maras de Diario El Trabajo registran uno de los varios goles que este deportista recibi\u00f3.<\/p>\n"},"caption":{"rendered":"<p>GOL TRAS GOL.- El portero del cuadro CCP San Felipe recibi\u00f3 varios goles, las c\u00e1maras de Diario El Trabajo registran uno de los varios goles que este deportista recibi\u00f3.<\/p>\n"},"alt_text":"GOL TRAS GOL.- El portero del cuadro CCP San Felipe recibi\u00f3 varios goles, las c\u00e1maras de Diario El Trabajo registran uno de los varios goles que este deportista recibi\u00f3.","media_type":"image","mime_type":"image\/jpeg","media_details":{"width":529,"height":606,"file":"2014\/03\/Portero1.jpg","sizes":{"thumbnail":{"file":"Portero1-130x150.jpg","width":130,"height":150,"mime_type":"image\/jpeg","source_url":"https:\/\/i0.wp.com\/eltrabajo.cl\/portal\/wp-content\/uploads\/2014\/03\/Portero1.jpg?fit=130%2C150&ssl=1"},"medium":{"file":"Portero1-261x300.jpg","width":261,"height":300,"mime_type":"image\/jpeg","source_url":"https:\/\/i0.wp.com\/eltrabajo.cl\/portal\/wp-content\/uploads\/2014\/03\/Portero1.jpg?fit=261%2C300&ssl=1"},"post-thumbnail":{"file":"Portero1-130x150.jpg","width":130,"height":150,"mime_type":"image\/jpeg","source_url":"https:\/\/i0.wp.com\/eltrabajo.cl\/portal\/wp-content\/uploads\/2014\/03\/Portero1.jpg?fit=130%2C150&ssl=1"},"single-post-thumbnail":{"file":"Portero1-400x458.jpg","width":400,"height":458,"mime_type":"image\/jpeg","source_url":"https:\/\/eltrabajo.cl\/portal\/wp-content\/uploads\/2014\/03\/Portero1-400x458.jpg"},"full":{"file":"Portero1.jpg?fit=529%2C606&ssl=1","width":529,"height":606,"mime_type":"image\/jpeg","source_url":"https:\/\/i0.wp.com\/eltrabajo.cl\/portal\/wp-content\/uploads\/2014\/03\/Portero1.jpg?fit=529%2C606&ssl=1"}},"image_meta":{"aperture":5.5999999999999996447286321199499070644378662109375,"credit":"","camera":"Canon EOS REBEL T1i","caption":"","created_timestamp":1395747968,"copyright":"","focal_length":"28","iso":"400","shutter_speed":"0.016666666666667","title":""}},"post":44711,"source_url":"https:\/\/eltrabajo.cl\/portal\/wp-content\/uploads\/2014\/03\/Portero1.jpg","_links":{"self":[{"href":"https:\/\/eltrabajo.cl\/portal\/wp-json\/wp\/v2\/media\/44714","targetHints":{"allow":["GET"]}}],"collection":[{"href":"https:\/\/eltrabajo.cl\/portal\/wp-json\/wp\/v2\/media"}],"about":[{"href":"https:\/\/eltrabajo.cl\/portal\/wp-json\/wp\/v2\/types\/attachment"}],"author":[{"embeddable":true,"href":"https:\/\/eltrabajo.cl\/portal\/wp-json\/wp\/v2\/users\/482"}],"replies":[{"embeddable":true,"href":"https:\/\/eltrabajo.cl\/portal\/wp-json\/wp\/v2\/comments?post=44714"}],"wp:attached-to":[{"embeddable":true,"post_type":"post","id":44711,"href":"https:\/\/eltrabajo.cl\/portal\/wp-json\/wp\/v2\/posts\/44711"}],"curies":[{"name":"wp","href":"https:\/\/api.w.org\/{rel}","templated":true}]}}

<p class="attachment"><a href="https://i0.wp.com/eltrabajo.cl/portal/wp-content/uploads/2014/03/Portero1.jpg?ssl=1"><img loading="lazy" decoding="async" width="261" height="300" src="https://i0.wp.com/eltrabajo.cl/portal/wp-content/uploads/2014/03/Portero1.jpg?fit=261%2C300&amp;ssl=1" class="attachment-medium size-medium" alt="GOL TRAS GOL.- El portero del cuadro CCP San Felipe recibió varios goles, las cámaras de Diario El Trabajo registran uno de los varios goles que este deportista recibió." srcset="https://i0.wp.com/eltrabajo.cl/portal/wp-content/uploads/2014/03/Portero1.jpg?w=529&amp;ssl=1 529w, https://i0.wp.com/eltrabajo.cl/portal/wp-content/uploads/2014/03/Portero1.jpg?resize=130%2C150&amp;ssl=1 130w, https://i0.wp.com/eltrabajo.cl/portal/wp-content/uploads/2014/03/Portero1.jpg?resize=261%2C300&amp;ssl=1 261w, https://i0.wp.com/eltrabajo.cl/portal/wp-content/uploads/2014/03/Portero1.jpg?resize=400%2C458&amp;ssl=1 400w" sizes="auto, (max-width: 261px) 100vw, 261px" /></a></p>
<p>GOL TRAS GOL.- El portero del cuadro CCP San Felipe recibió varios goles, las cámaras de Diario El Trabajo registran uno de los varios goles que este deportista recibió.</p>

<p>GOL TRAS GOL.- El portero del cuadro CCP San Felipe recibió varios goles, las cámaras de Diario El Trabajo registran uno de los varios goles que este deportista recibió.</p>

GOL TRAS GOL.- El portero del cuadro CCP San Felipe recibió varios goles, las cámaras de Diario El Trabajo registran uno de los varios goles que este deportista recibió.
