{"id":44734,"date":"2014-03-26T09:43:58","date_gmt":"2014-03-26T12:43:58","guid":{"rendered":"http:\/\/www.eltrabajo.cl\/portal\/wp-content\/uploads\/2014\/03\/autoridades-vacunacion-contra-la-influenza.jpg"},"modified":"2014-03-26T09:43:58","modified_gmt":"2014-03-26T12:43:58","slug":"autoridades-vacunacion-contra-la-influenza","status":"inherit","type":"attachment","link":"https:\/\/eltrabajo.cl\/portal\/inicia-plan-de-vacunacion-2014-contra-la-influenza-en-san-felipe\/autoridades-vacunacion-contra-la-influenza\/","title":{"rendered":"autoridades vacunacion contra la influenza"},"author":482,"featured_media":0,"comment_status":"open","ping_status":"closed","template":"","meta":{"advanced_seo_description":"","jetpack_seo_html_title":"","jetpack_seo_noindex":false},"class_list":["post-44734","attachment","type-attachment","status-inherit","hentry"],"jetpack_sharing_enabled":true,"jetpack_likes_enabled":true,"description":{"rendered":"<p class=\"attachment\"><a href=\"https:\/\/i0.wp.com\/eltrabajo.cl\/portal\/wp-content\/uploads\/2014\/03\/autoridades-vacunacion-contra-la-influenza.jpg?ssl=1\"><img loading=\"lazy\" decoding=\"async\" width=\"300\" height=\"220\" src=\"https:\/\/i0.wp.com\/eltrabajo.cl\/portal\/wp-content\/uploads\/2014\/03\/autoridades-vacunacion-contra-la-influenza.jpg?fit=300%2C220&amp;ssl=1\" class=\"attachment-medium size-medium\" alt=\"El Gobernador Eduardo Le\u00f3n, la Seremi de Salud Graciela Astudillo, el Diputado Marco Antonio N\u00fa\u00f1ez y el Director del Servicio de Salud Aconcagua, Alejandro C\u00e1rdenas, lanzaron el plan de vacunaci\u00f3n en el Cesfam San Felipe El Real.\" srcset=\"https:\/\/i0.wp.com\/eltrabajo.cl\/portal\/wp-content\/uploads\/2014\/03\/autoridades-vacunacion-contra-la-influenza.jpg?w=529&amp;ssl=1 529w, https:\/\/i0.wp.com\/eltrabajo.cl\/portal\/wp-content\/uploads\/2014\/03\/autoridades-vacunacion-contra-la-influenza.jpg?resize=200%2C146&amp;ssl=1 200w, https:\/\/i0.wp.com\/eltrabajo.cl\/portal\/wp-content\/uploads\/2014\/03\/autoridades-vacunacion-contra-la-influenza.jpg?resize=300%2C220&amp;ssl=1 300w, https:\/\/i0.wp.com\/eltrabajo.cl\/portal\/wp-content\/uploads\/2014\/03\/autoridades-vacunacion-contra-la-influenza.jpg?resize=150%2C110&amp;ssl=1 150w, https:\/\/i0.wp.com\/eltrabajo.cl\/portal\/wp-content\/uploads\/2014\/03\/autoridades-vacunacion-contra-la-influenza.jpg?resize=400%2C293&amp;ssl=1 400w\" sizes=\"auto, (max-width: 300px) 100vw, 300px\" \/><\/a><\/p>\n<p>El Gobernador Eduardo Le\u00f3n, la Seremi de Salud Graciela Astudillo, el Diputado Marco Antonio N\u00fa\u00f1ez y el Director del Servicio de Salud Aconcagua, Alejandro C\u00e1rdenas, lanzaron el plan de vacunaci\u00f3n en el Cesfam San Felipe El Real.<\/p>\n"},"caption":{"rendered":"<p>El Gobernador Eduardo Le\u00f3n, la Seremi de Salud Graciela Astudillo, el Diputado Marco Antonio N\u00fa\u00f1ez y el Director del Servicio de Salud Aconcagua, Alejandro C\u00e1rdenas, lanzaron el plan de vacunaci\u00f3n en el Cesfam San Felipe El Real.<\/p>\n"},"alt_text":"El Gobernador Eduardo Le\u00f3n, la Seremi de Salud Graciela Astudillo, el Diputado Marco Antonio N\u00fa\u00f1ez y el Director del Servicio de Salud Aconcagua, Alejandro C\u00e1rdenas, lanzaron el plan de vacunaci\u00f3n en el Cesfam San Felipe El Real.","media_type":"image","mime_type":"image\/jpeg","media_details":{"width":529,"height":388,"file":"2014\/03\/autoridades-vacunacion-contra-la-influenza.jpg","sizes":{"thumbnail":{"file":"autoridades-vacunacion-contra-la-influenza-200x146.jpg","width":200,"height":146,"mime_type":"image\/jpeg","source_url":"https:\/\/i0.wp.com\/eltrabajo.cl\/portal\/wp-content\/uploads\/2014\/03\/autoridades-vacunacion-contra-la-influenza.jpg?fit=200%2C146&ssl=1"},"medium":{"file":"autoridades-vacunacion-contra-la-influenza-300x220.jpg","width":300,"height":220,"mime_type":"image\/jpeg","source_url":"https:\/\/i0.wp.com\/eltrabajo.cl\/portal\/wp-content\/uploads\/2014\/03\/autoridades-vacunacion-contra-la-influenza.jpg?fit=300%2C220&ssl=1"},"post-thumbnail":{"file":"autoridades-vacunacion-contra-la-influenza-150x110.jpg","width":150,"height":110,"mime_type":"image\/jpeg","source_url":"https:\/\/i0.wp.com\/eltrabajo.cl\/portal\/wp-content\/uploads\/2014\/03\/autoridades-vacunacion-contra-la-influenza.jpg?fit=150%2C110&ssl=1"},"single-post-thumbnail":{"file":"autoridades-vacunacion-contra-la-influenza-400x293.jpg","width":400,"height":293,"mime_type":"image\/jpeg","source_url":"https:\/\/eltrabajo.cl\/portal\/wp-content\/uploads\/2014\/03\/autoridades-vacunacion-contra-la-influenza-400x293.jpg"},"full":{"file":"autoridades-vacunacion-contra-la-influenza.jpg?fit=529%2C388&ssl=1","width":529,"height":388,"mime_type":"image\/jpeg","source_url":"https:\/\/i0.wp.com\/eltrabajo.cl\/portal\/wp-content\/uploads\/2014\/03\/autoridades-vacunacion-contra-la-influenza.jpg?fit=529%2C388&ssl=1"}},"image_meta":{"aperture":5,"credit":"Pedro Munoz H","camera":"Canon EOS 7D","caption":"","created_timestamp":1395745059,"copyright":"","focal_length":"18","iso":"400","shutter_speed":"0.016666666666667","title":""}},"post":44732,"source_url":"https:\/\/eltrabajo.cl\/portal\/wp-content\/uploads\/2014\/03\/autoridades-vacunacion-contra-la-influenza.jpg","_links":{"self":[{"href":"https:\/\/eltrabajo.cl\/portal\/wp-json\/wp\/v2\/media\/44734","targetHints":{"allow":["GET"]}}],"collection":[{"href":"https:\/\/eltrabajo.cl\/portal\/wp-json\/wp\/v2\/media"}],"about":[{"href":"https:\/\/eltrabajo.cl\/portal\/wp-json\/wp\/v2\/types\/attachment"}],"author":[{"embeddable":true,"href":"https:\/\/eltrabajo.cl\/portal\/wp-json\/wp\/v2\/users\/482"}],"replies":[{"embeddable":true,"href":"https:\/\/eltrabajo.cl\/portal\/wp-json\/wp\/v2\/comments?post=44734"}],"wp:attached-to":[{"embeddable":true,"post_type":"post","id":44732,"href":"https:\/\/eltrabajo.cl\/portal\/wp-json\/wp\/v2\/posts\/44732"}],"curies":[{"name":"wp","href":"https:\/\/api.w.org\/{rel}","templated":true}]}}

<p class="attachment"><a href="https://i0.wp.com/eltrabajo.cl/portal/wp-content/uploads/2014/03/autoridades-vacunacion-contra-la-influenza.jpg?ssl=1"><img loading="lazy" decoding="async" width="300" height="220" src="https://i0.wp.com/eltrabajo.cl/portal/wp-content/uploads/2014/03/autoridades-vacunacion-contra-la-influenza.jpg?fit=300%2C220&amp;ssl=1" class="attachment-medium size-medium" alt="El Gobernador Eduardo León, la Seremi de Salud Graciela Astudillo, el Diputado Marco Antonio Núñez y el Director del Servicio de Salud Aconcagua, Alejandro Cárdenas, lanzaron el plan de vacunación en el Cesfam San Felipe El Real." srcset="https://i0.wp.com/eltrabajo.cl/portal/wp-content/uploads/2014/03/autoridades-vacunacion-contra-la-influenza.jpg?w=529&amp;ssl=1 529w, https://i0.wp.com/eltrabajo.cl/portal/wp-content/uploads/2014/03/autoridades-vacunacion-contra-la-influenza.jpg?resize=200%2C146&amp;ssl=1 200w, https://i0.wp.com/eltrabajo.cl/portal/wp-content/uploads/2014/03/autoridades-vacunacion-contra-la-influenza.jpg?resize=300%2C220&amp;ssl=1 300w, https://i0.wp.com/eltrabajo.cl/portal/wp-content/uploads/2014/03/autoridades-vacunacion-contra-la-influenza.jpg?resize=150%2C110&amp;ssl=1 150w, https://i0.wp.com/eltrabajo.cl/portal/wp-content/uploads/2014/03/autoridades-vacunacion-contra-la-influenza.jpg?resize=400%2C293&amp;ssl=1 400w" sizes="auto, (max-width: 300px) 100vw, 300px" /></a></p>
<p>El Gobernador Eduardo León, la Seremi de Salud Graciela Astudillo, el Diputado Marco Antonio Núñez y el Director del Servicio de Salud Aconcagua, Alejandro Cárdenas, lanzaron el plan de vacunación en el Cesfam San Felipe El Real.</p>

<p>El Gobernador Eduardo León, la Seremi de Salud Graciela Astudillo, el Diputado Marco Antonio Núñez y el Director del Servicio de Salud Aconcagua, Alejandro Cárdenas, lanzaron el plan de vacunación en el Cesfam San Felipe El Real.</p>

El Gobernador Eduardo León, la Seremi de Salud Graciela Astudillo, el Diputado Marco Antonio Núñez y el Director del Servicio de Salud Aconcagua, Alejandro Cárdenas, lanzaron el plan de vacunación en el Cesfam San Felipe El Real.
