{"id":44856,"date":"2014-03-28T09:37:59","date_gmt":"2014-03-28T12:37:59","guid":{"rendered":"http:\/\/www.eltrabajo.cl\/portal\/wp-content\/uploads\/2014\/03\/Caballero1.jpg"},"modified":"2014-03-28T09:37:59","modified_gmt":"2014-03-28T12:37:59","slug":"caballero1","status":"inherit","type":"attachment","link":"https:\/\/eltrabajo.cl\/portal\/gope-y-os-7-realizan-operativo-simultaneo-en-busca-de-drogas-y-armas\/caballero1\/","title":{"rendered":"Caballero1"},"author":482,"featured_media":0,"comment_status":"open","ping_status":"closed","template":"","meta":{"advanced_seo_description":"","jetpack_seo_html_title":"","jetpack_seo_noindex":false},"class_list":["post-44856","attachment","type-attachment","status-inherit","hentry"],"jetpack_sharing_enabled":true,"jetpack_likes_enabled":true,"description":{"rendered":"<p class=\"attachment\"><a href=\"https:\/\/i0.wp.com\/eltrabajo.cl\/portal\/wp-content\/uploads\/2014\/03\/Caballero1.jpg?ssl=1\"><img loading=\"lazy\" decoding=\"async\" width=\"300\" height=\"292\" src=\"https:\/\/i0.wp.com\/eltrabajo.cl\/portal\/wp-content\/uploads\/2014\/03\/Caballero1.jpg?fit=300%2C292&amp;ssl=1\" class=\"attachment-medium size-medium\" alt=\"La Cabo M. Caballero demostr\u00f3 tambi\u00e9n que ella como mujer, tambi\u00e9n es parte \u00fatil de la fuerza femenina de las fuerzas del orden en nuestro pa\u00eds.\" srcset=\"https:\/\/i0.wp.com\/eltrabajo.cl\/portal\/wp-content\/uploads\/2014\/03\/Caballero1.jpg?w=529&amp;ssl=1 529w, https:\/\/i0.wp.com\/eltrabajo.cl\/portal\/wp-content\/uploads\/2014\/03\/Caballero1.jpg?resize=153%2C150&amp;ssl=1 153w, https:\/\/i0.wp.com\/eltrabajo.cl\/portal\/wp-content\/uploads\/2014\/03\/Caballero1.jpg?resize=300%2C292&amp;ssl=1 300w, https:\/\/i0.wp.com\/eltrabajo.cl\/portal\/wp-content\/uploads\/2014\/03\/Caballero1.jpg?resize=150%2C146&amp;ssl=1 150w, https:\/\/i0.wp.com\/eltrabajo.cl\/portal\/wp-content\/uploads\/2014\/03\/Caballero1.jpg?resize=400%2C390&amp;ssl=1 400w\" sizes=\"auto, (max-width: 300px) 100vw, 300px\" \/><\/a><\/p>\n<p>La Cabo M. Caballero demostr\u00f3 tambi\u00e9n que ella como mujer, tambi\u00e9n es parte \u00fatil de la fuerza femenina de las fuerzas del orden en nuestro pa\u00eds.<\/p>\n"},"caption":{"rendered":"<p>La Cabo M. Caballero demostr\u00f3 tambi\u00e9n que ella como mujer, tambi\u00e9n es parte \u00fatil de la fuerza femenina de las fuerzas del orden en nuestro pa\u00eds.<\/p>\n"},"alt_text":"La Cabo M. Caballero demostr\u00f3 tambi\u00e9n que ella como mujer, tambi\u00e9n es parte \u00fatil de la fuerza femenina de las fuerzas del orden en nuestro pa\u00eds.","media_type":"image","mime_type":"image\/jpeg","media_details":{"width":529,"height":516,"file":"2014\/03\/Caballero1.jpg","sizes":{"thumbnail":{"file":"Caballero1-153x150.jpg","width":153,"height":150,"mime_type":"image\/jpeg","source_url":"https:\/\/i0.wp.com\/eltrabajo.cl\/portal\/wp-content\/uploads\/2014\/03\/Caballero1.jpg?fit=153%2C150&ssl=1"},"medium":{"file":"Caballero1-300x292.jpg","width":300,"height":292,"mime_type":"image\/jpeg","source_url":"https:\/\/i0.wp.com\/eltrabajo.cl\/portal\/wp-content\/uploads\/2014\/03\/Caballero1.jpg?fit=300%2C292&ssl=1"},"post-thumbnail":{"file":"Caballero1-150x146.jpg","width":150,"height":146,"mime_type":"image\/jpeg","source_url":"https:\/\/i0.wp.com\/eltrabajo.cl\/portal\/wp-content\/uploads\/2014\/03\/Caballero1.jpg?fit=150%2C146&ssl=1"},"single-post-thumbnail":{"file":"Caballero1-400x390.jpg","width":400,"height":390,"mime_type":"image\/jpeg","source_url":"https:\/\/eltrabajo.cl\/portal\/wp-content\/uploads\/2014\/03\/Caballero1-400x390.jpg"},"full":{"file":"Caballero1.jpg?fit=529%2C516&ssl=1","width":529,"height":516,"mime_type":"image\/jpeg","source_url":"https:\/\/i0.wp.com\/eltrabajo.cl\/portal\/wp-content\/uploads\/2014\/03\/Caballero1.jpg?fit=529%2C516&ssl=1"}},"image_meta":{"aperture":0,"credit":"Pedro Munoz H","camera":"","caption":"","created_timestamp":0,"copyright":"","focal_length":0,"iso":0,"shutter_speed":0,"title":""}},"post":44854,"source_url":"https:\/\/eltrabajo.cl\/portal\/wp-content\/uploads\/2014\/03\/Caballero1.jpg","_links":{"self":[{"href":"https:\/\/eltrabajo.cl\/portal\/wp-json\/wp\/v2\/media\/44856","targetHints":{"allow":["GET"]}}],"collection":[{"href":"https:\/\/eltrabajo.cl\/portal\/wp-json\/wp\/v2\/media"}],"about":[{"href":"https:\/\/eltrabajo.cl\/portal\/wp-json\/wp\/v2\/types\/attachment"}],"author":[{"embeddable":true,"href":"https:\/\/eltrabajo.cl\/portal\/wp-json\/wp\/v2\/users\/482"}],"replies":[{"embeddable":true,"href":"https:\/\/eltrabajo.cl\/portal\/wp-json\/wp\/v2\/comments?post=44856"}],"wp:attached-to":[{"embeddable":true,"post_type":"post","id":44854,"href":"https:\/\/eltrabajo.cl\/portal\/wp-json\/wp\/v2\/posts\/44854"}],"curies":[{"name":"wp","href":"https:\/\/api.w.org\/{rel}","templated":true}]}}

<p class="attachment"><a href="https://i0.wp.com/eltrabajo.cl/portal/wp-content/uploads/2014/03/Caballero1.jpg?ssl=1"><img loading="lazy" decoding="async" width="300" height="292" src="https://i0.wp.com/eltrabajo.cl/portal/wp-content/uploads/2014/03/Caballero1.jpg?fit=300%2C292&amp;ssl=1" class="attachment-medium size-medium" alt="La Cabo M. Caballero demostró también que ella como mujer, también es parte útil de la fuerza femenina de las fuerzas del orden en nuestro país." srcset="https://i0.wp.com/eltrabajo.cl/portal/wp-content/uploads/2014/03/Caballero1.jpg?w=529&amp;ssl=1 529w, https://i0.wp.com/eltrabajo.cl/portal/wp-content/uploads/2014/03/Caballero1.jpg?resize=153%2C150&amp;ssl=1 153w, https://i0.wp.com/eltrabajo.cl/portal/wp-content/uploads/2014/03/Caballero1.jpg?resize=300%2C292&amp;ssl=1 300w, https://i0.wp.com/eltrabajo.cl/portal/wp-content/uploads/2014/03/Caballero1.jpg?resize=150%2C146&amp;ssl=1 150w, https://i0.wp.com/eltrabajo.cl/portal/wp-content/uploads/2014/03/Caballero1.jpg?resize=400%2C390&amp;ssl=1 400w" sizes="auto, (max-width: 300px) 100vw, 300px" /></a></p>
<p>La Cabo M. Caballero demostró también que ella como mujer, también es parte útil de la fuerza femenina de las fuerzas del orden en nuestro país.</p>

<p>La Cabo M. Caballero demostró también que ella como mujer, también es parte útil de la fuerza femenina de las fuerzas del orden en nuestro país.</p>

La Cabo M. Caballero demostró también que ella como mujer, también es parte útil de la fuerza femenina de las fuerzas del orden en nuestro país.
