{"id":44880,"date":"2014-03-31T09:33:04","date_gmt":"2014-03-31T12:33:04","guid":{"rendered":"http:\/\/www.eltrabajo.cl\/portal\/wp-content\/uploads\/2014\/03\/Fotos1.jpg"},"modified":"2014-03-31T09:33:04","modified_gmt":"2014-03-31T12:33:04","slug":"fotos1-2","status":"inherit","type":"attachment","link":"https:\/\/eltrabajo.cl\/portal\/amplio-respaldo-a-exposicion-fotografica-de-mi-pueblo-actual\/fotos1-2\/","title":{"rendered":"Fotos1"},"author":482,"featured_media":0,"comment_status":"open","ping_status":"closed","template":"","meta":{"advanced_seo_description":"","jetpack_seo_html_title":"","jetpack_seo_noindex":false},"class_list":["post-44880","attachment","type-attachment","status-inherit","hentry"],"jetpack_sharing_enabled":true,"jetpack_likes_enabled":true,"description":{"rendered":"<p class=\"attachment\"><a href=\"https:\/\/i0.wp.com\/eltrabajo.cl\/portal\/wp-content\/uploads\/2014\/03\/Fotos1.jpg?ssl=1\"><img loading=\"lazy\" decoding=\"async\" width=\"300\" height=\"172\" src=\"https:\/\/i0.wp.com\/eltrabajo.cl\/portal\/wp-content\/uploads\/2014\/03\/Fotos1.jpg?fit=300%2C172&amp;ssl=1\" class=\"attachment-medium size-medium\" alt=\"En la plaza de Putaendo esta propuesta poco a poco logr\u00f3 cautivar a los cientos de personas que fueron atra\u00eddas por la hermosura de sus fotograf\u00edas.\" srcset=\"https:\/\/i0.wp.com\/eltrabajo.cl\/portal\/wp-content\/uploads\/2014\/03\/Fotos1.jpg?w=528&amp;ssl=1 528w, https:\/\/i0.wp.com\/eltrabajo.cl\/portal\/wp-content\/uploads\/2014\/03\/Fotos1.jpg?resize=200%2C115&amp;ssl=1 200w, https:\/\/i0.wp.com\/eltrabajo.cl\/portal\/wp-content\/uploads\/2014\/03\/Fotos1.jpg?resize=300%2C172&amp;ssl=1 300w, https:\/\/i0.wp.com\/eltrabajo.cl\/portal\/wp-content\/uploads\/2014\/03\/Fotos1.jpg?resize=150%2C86&amp;ssl=1 150w, https:\/\/i0.wp.com\/eltrabajo.cl\/portal\/wp-content\/uploads\/2014\/03\/Fotos1.jpg?resize=400%2C230&amp;ssl=1 400w\" sizes=\"auto, (max-width: 300px) 100vw, 300px\" \/><\/a><\/p>\n<p>En la plaza de Putaendo esta propuesta poco a poco logr\u00f3 cautivar a los cientos de personas que fueron atra\u00eddas por la hermosura de sus fotograf\u00edas.<\/p>\n"},"caption":{"rendered":"<p>En la plaza de Putaendo esta propuesta poco a poco logr\u00f3 cautivar a los cientos de personas que fueron atra\u00eddas por la hermosura de sus fotograf\u00edas.<\/p>\n"},"alt_text":"En la plaza de Putaendo esta propuesta poco a poco logr\u00f3 cautivar a los cientos de personas que fueron atra\u00eddas por la hermosura de sus fotograf\u00edas.","media_type":"image","mime_type":"image\/jpeg","media_details":{"width":528,"height":304,"file":"2014\/03\/Fotos1.jpg","sizes":{"thumbnail":{"file":"Fotos1-200x115.jpg","width":200,"height":115,"mime_type":"image\/jpeg","source_url":"https:\/\/i0.wp.com\/eltrabajo.cl\/portal\/wp-content\/uploads\/2014\/03\/Fotos1.jpg?fit=200%2C115&ssl=1"},"medium":{"file":"Fotos1-300x172.jpg","width":300,"height":172,"mime_type":"image\/jpeg","source_url":"https:\/\/i0.wp.com\/eltrabajo.cl\/portal\/wp-content\/uploads\/2014\/03\/Fotos1.jpg?fit=300%2C172&ssl=1"},"post-thumbnail":{"file":"Fotos1-150x86.jpg","width":150,"height":86,"mime_type":"image\/jpeg","source_url":"https:\/\/i0.wp.com\/eltrabajo.cl\/portal\/wp-content\/uploads\/2014\/03\/Fotos1.jpg?fit=150%2C86&ssl=1"},"single-post-thumbnail":{"file":"Fotos1-400x230.jpg","width":400,"height":230,"mime_type":"image\/jpeg","source_url":"https:\/\/eltrabajo.cl\/portal\/wp-content\/uploads\/2014\/03\/Fotos1-400x230.jpg"},"full":{"file":"Fotos1.jpg?fit=528%2C304&ssl=1","width":528,"height":304,"mime_type":"image\/jpeg","source_url":"https:\/\/i0.wp.com\/eltrabajo.cl\/portal\/wp-content\/uploads\/2014\/03\/Fotos1.jpg?fit=528%2C304&ssl=1"}},"image_meta":{"aperture":16,"credit":"","camera":"Canon EOS REBEL T3i","caption":"","created_timestamp":1396094107,"copyright":"[wopmind]","focal_length":"18","iso":"250","shutter_speed":"0.025","title":""}},"post":44877,"source_url":"https:\/\/eltrabajo.cl\/portal\/wp-content\/uploads\/2014\/03\/Fotos1.jpg","_links":{"self":[{"href":"https:\/\/eltrabajo.cl\/portal\/wp-json\/wp\/v2\/media\/44880","targetHints":{"allow":["GET"]}}],"collection":[{"href":"https:\/\/eltrabajo.cl\/portal\/wp-json\/wp\/v2\/media"}],"about":[{"href":"https:\/\/eltrabajo.cl\/portal\/wp-json\/wp\/v2\/types\/attachment"}],"author":[{"embeddable":true,"href":"https:\/\/eltrabajo.cl\/portal\/wp-json\/wp\/v2\/users\/482"}],"replies":[{"embeddable":true,"href":"https:\/\/eltrabajo.cl\/portal\/wp-json\/wp\/v2\/comments?post=44880"}],"wp:attached-to":[{"embeddable":true,"post_type":"post","id":44877,"href":"https:\/\/eltrabajo.cl\/portal\/wp-json\/wp\/v2\/posts\/44877"}],"curies":[{"name":"wp","href":"https:\/\/api.w.org\/{rel}","templated":true}]}}

<p class="attachment"><a href="https://i0.wp.com/eltrabajo.cl/portal/wp-content/uploads/2014/03/Fotos1.jpg?ssl=1"><img loading="lazy" decoding="async" width="300" height="172" src="https://i0.wp.com/eltrabajo.cl/portal/wp-content/uploads/2014/03/Fotos1.jpg?fit=300%2C172&amp;ssl=1" class="attachment-medium size-medium" alt="En la plaza de Putaendo esta propuesta poco a poco logró cautivar a los cientos de personas que fueron atraídas por la hermosura de sus fotografías." srcset="https://i0.wp.com/eltrabajo.cl/portal/wp-content/uploads/2014/03/Fotos1.jpg?w=528&amp;ssl=1 528w, https://i0.wp.com/eltrabajo.cl/portal/wp-content/uploads/2014/03/Fotos1.jpg?resize=200%2C115&amp;ssl=1 200w, https://i0.wp.com/eltrabajo.cl/portal/wp-content/uploads/2014/03/Fotos1.jpg?resize=300%2C172&amp;ssl=1 300w, https://i0.wp.com/eltrabajo.cl/portal/wp-content/uploads/2014/03/Fotos1.jpg?resize=150%2C86&amp;ssl=1 150w, https://i0.wp.com/eltrabajo.cl/portal/wp-content/uploads/2014/03/Fotos1.jpg?resize=400%2C230&amp;ssl=1 400w" sizes="auto, (max-width: 300px) 100vw, 300px" /></a></p>
<p>En la plaza de Putaendo esta propuesta poco a poco logró cautivar a los cientos de personas que fueron atraídas por la hermosura de sus fotografías.</p>

<p>En la plaza de Putaendo esta propuesta poco a poco logró cautivar a los cientos de personas que fueron atraídas por la hermosura de sus fotografías.</p>

En la plaza de Putaendo esta propuesta poco a poco logró cautivar a los cientos de personas que fueron atraídas por la hermosura de sus fotografías.
