{"id":44924,"date":"2014-03-31T10:09:11","date_gmt":"2014-03-31T13:09:11","guid":{"rendered":"http:\/\/www.eltrabajo.cl\/portal\/wp-content\/uploads\/2014\/03\/Forense1.jpg"},"modified":"2014-03-31T10:09:11","modified_gmt":"2014-03-31T13:09:11","slug":"forense1","status":"inherit","type":"attachment","link":"https:\/\/eltrabajo.cl\/portal\/cazador-muere-tras-recibir-impacto-de-escopeta-en-su-rostro\/forense1\/","title":{"rendered":"Forense1"},"author":482,"featured_media":0,"comment_status":"open","ping_status":"closed","template":"","meta":{"advanced_seo_description":"","jetpack_seo_html_title":"","jetpack_seo_noindex":false},"class_list":["post-44924","attachment","type-attachment","status-inherit","hentry"],"jetpack_sharing_enabled":true,"jetpack_likes_enabled":true,"description":{"rendered":"<p class=\"attachment\"><a href=\"https:\/\/i0.wp.com\/eltrabajo.cl\/portal\/wp-content\/uploads\/2014\/03\/Forense1.jpg?ssl=1\"><img loading=\"lazy\" decoding=\"async\" width=\"300\" height=\"209\" src=\"https:\/\/i0.wp.com\/eltrabajo.cl\/portal\/wp-content\/uploads\/2014\/03\/Forense1.jpg?fit=300%2C209&amp;ssl=1\" class=\"attachment-medium size-medium\" alt=\"A las 03:45 horas de la madrugada de este s\u00e1bado, producto de la gravedad de sus lesiones en el rostro y pese a los esfuerzos m\u00e9dicos, Eduardo Vergara Rojas falleci\u00f3 a los pocos minutos.\" srcset=\"https:\/\/i0.wp.com\/eltrabajo.cl\/portal\/wp-content\/uploads\/2014\/03\/Forense1.jpg?w=529&amp;ssl=1 529w, https:\/\/i0.wp.com\/eltrabajo.cl\/portal\/wp-content\/uploads\/2014\/03\/Forense1.jpg?resize=200%2C139&amp;ssl=1 200w, https:\/\/i0.wp.com\/eltrabajo.cl\/portal\/wp-content\/uploads\/2014\/03\/Forense1.jpg?resize=300%2C209&amp;ssl=1 300w, https:\/\/i0.wp.com\/eltrabajo.cl\/portal\/wp-content\/uploads\/2014\/03\/Forense1.jpg?resize=150%2C104&amp;ssl=1 150w, https:\/\/i0.wp.com\/eltrabajo.cl\/portal\/wp-content\/uploads\/2014\/03\/Forense1.jpg?resize=400%2C279&amp;ssl=1 400w\" sizes=\"auto, (max-width: 300px) 100vw, 300px\" \/><\/a><\/p>\n<p>A las 03:45 horas de la madrugada de este s\u00e1bado, producto de la gravedad de sus lesiones en el rostro y pese a los esfuerzos m\u00e9dicos, Eduardo Vergara Rojas falleci\u00f3 a los pocos minutos.<\/p>\n"},"caption":{"rendered":"<p>A las 03:45 horas de la madrugada de este s\u00e1bado, producto de la gravedad de sus lesiones en el rostro y pese a los esfuerzos m\u00e9dicos, Eduardo Vergara Rojas falleci\u00f3 a los pocos minutos.<\/p>\n"},"alt_text":"A las 03:45 horas de la madrugada de este s\u00e1bado, producto de la gravedad de sus lesiones en el rostro y pese a los esfuerzos m\u00e9dicos, Eduardo Vergara Rojas falleci\u00f3 a los pocos minutos.","media_type":"image","mime_type":"image\/jpeg","media_details":{"width":529,"height":369,"file":"2014\/03\/Forense1.jpg","sizes":{"thumbnail":{"file":"Forense1-200x139.jpg","width":200,"height":139,"mime_type":"image\/jpeg","source_url":"https:\/\/i0.wp.com\/eltrabajo.cl\/portal\/wp-content\/uploads\/2014\/03\/Forense1.jpg?fit=200%2C139&ssl=1"},"medium":{"file":"Forense1-300x209.jpg","width":300,"height":209,"mime_type":"image\/jpeg","source_url":"https:\/\/i0.wp.com\/eltrabajo.cl\/portal\/wp-content\/uploads\/2014\/03\/Forense1.jpg?fit=300%2C209&ssl=1"},"post-thumbnail":{"file":"Forense1-150x104.jpg","width":150,"height":104,"mime_type":"image\/jpeg","source_url":"https:\/\/i0.wp.com\/eltrabajo.cl\/portal\/wp-content\/uploads\/2014\/03\/Forense1.jpg?fit=150%2C104&ssl=1"},"single-post-thumbnail":{"file":"Forense1-400x279.jpg","width":400,"height":279,"mime_type":"image\/jpeg","source_url":"https:\/\/eltrabajo.cl\/portal\/wp-content\/uploads\/2014\/03\/Forense1-400x279.jpg"},"full":{"file":"Forense1.jpg?fit=529%2C369&ssl=1","width":529,"height":369,"mime_type":"image\/jpeg","source_url":"https:\/\/i0.wp.com\/eltrabajo.cl\/portal\/wp-content\/uploads\/2014\/03\/Forense1.jpg?fit=529%2C369&ssl=1"}},"image_meta":{"aperture":4,"credit":"","camera":"Canon EOS REBEL T3i","caption":"","created_timestamp":1396078478,"copyright":"[wopmind]","focal_length":"22","iso":"125","shutter_speed":"0.025","title":""}},"post":44920,"source_url":"https:\/\/eltrabajo.cl\/portal\/wp-content\/uploads\/2014\/03\/Forense1.jpg","_links":{"self":[{"href":"https:\/\/eltrabajo.cl\/portal\/wp-json\/wp\/v2\/media\/44924","targetHints":{"allow":["GET"]}}],"collection":[{"href":"https:\/\/eltrabajo.cl\/portal\/wp-json\/wp\/v2\/media"}],"about":[{"href":"https:\/\/eltrabajo.cl\/portal\/wp-json\/wp\/v2\/types\/attachment"}],"author":[{"embeddable":true,"href":"https:\/\/eltrabajo.cl\/portal\/wp-json\/wp\/v2\/users\/482"}],"replies":[{"embeddable":true,"href":"https:\/\/eltrabajo.cl\/portal\/wp-json\/wp\/v2\/comments?post=44924"}],"wp:attached-to":[{"embeddable":true,"post_type":"post","id":44920,"href":"https:\/\/eltrabajo.cl\/portal\/wp-json\/wp\/v2\/posts\/44920"}],"curies":[{"name":"wp","href":"https:\/\/api.w.org\/{rel}","templated":true}]}}

<p class="attachment"><a href="https://i0.wp.com/eltrabajo.cl/portal/wp-content/uploads/2014/03/Forense1.jpg?ssl=1"><img loading="lazy" decoding="async" width="300" height="209" src="https://i0.wp.com/eltrabajo.cl/portal/wp-content/uploads/2014/03/Forense1.jpg?fit=300%2C209&amp;ssl=1" class="attachment-medium size-medium" alt="A las 03:45 horas de la madrugada de este sábado, producto de la gravedad de sus lesiones en el rostro y pese a los esfuerzos médicos, Eduardo Vergara Rojas falleció a los pocos minutos." srcset="https://i0.wp.com/eltrabajo.cl/portal/wp-content/uploads/2014/03/Forense1.jpg?w=529&amp;ssl=1 529w, https://i0.wp.com/eltrabajo.cl/portal/wp-content/uploads/2014/03/Forense1.jpg?resize=200%2C139&amp;ssl=1 200w, https://i0.wp.com/eltrabajo.cl/portal/wp-content/uploads/2014/03/Forense1.jpg?resize=300%2C209&amp;ssl=1 300w, https://i0.wp.com/eltrabajo.cl/portal/wp-content/uploads/2014/03/Forense1.jpg?resize=150%2C104&amp;ssl=1 150w, https://i0.wp.com/eltrabajo.cl/portal/wp-content/uploads/2014/03/Forense1.jpg?resize=400%2C279&amp;ssl=1 400w" sizes="auto, (max-width: 300px) 100vw, 300px" /></a></p>
<p>A las 03:45 horas de la madrugada de este sábado, producto de la gravedad de sus lesiones en el rostro y pese a los esfuerzos médicos, Eduardo Vergara Rojas falleció a los pocos minutos.</p>

<p>A las 03:45 horas de la madrugada de este sábado, producto de la gravedad de sus lesiones en el rostro y pese a los esfuerzos médicos, Eduardo Vergara Rojas falleció a los pocos minutos.</p>

A las 03:45 horas de la madrugada de este sábado, producto de la gravedad de sus lesiones en el rostro y pese a los esfuerzos médicos, Eduardo Vergara Rojas falleció a los pocos minutos.
