{"id":45114,"date":"2014-04-07T09:45:47","date_gmt":"2014-04-07T12:45:47","guid":{"rendered":"http:\/\/www.eltrabajo.cl\/portal\/wp-content\/uploads\/2014\/04\/Bici2.jpg"},"modified":"2014-04-07T09:45:47","modified_gmt":"2014-04-07T12:45:47","slug":"bici2","status":"inherit","type":"attachment","link":"https:\/\/eltrabajo.cl\/portal\/instalan-la-primera-bicicleta-blanca-en-san-felipe-tras-muerte-de-maria-ibacache\/bici2\/","title":{"rendered":"Bici2"},"author":482,"featured_media":0,"comment_status":"open","ping_status":"closed","template":"","meta":{"advanced_seo_description":"","jetpack_seo_html_title":"","jetpack_seo_noindex":false},"class_list":["post-45114","attachment","type-attachment","status-inherit","hentry"],"jetpack_sharing_enabled":true,"jetpack_likes_enabled":true,"description":{"rendered":"<p class=\"attachment\"><a href=\"https:\/\/i0.wp.com\/eltrabajo.cl\/portal\/wp-content\/uploads\/2014\/04\/Bici2.jpg?ssl=1\"><img loading=\"lazy\" decoding=\"async\" width=\"300\" height=\"178\" src=\"https:\/\/i0.wp.com\/eltrabajo.cl\/portal\/wp-content\/uploads\/2014\/04\/Bici2.jpg?fit=300%2C178&amp;ssl=1\" class=\"attachment-medium size-medium\" alt=\"La organizaci\u00f3n planea colocar en los pr\u00f3ximos d\u00edas una bicicleta en Calle Per\u00fa con Santa Teresa en Los Andes.\" srcset=\"https:\/\/i0.wp.com\/eltrabajo.cl\/portal\/wp-content\/uploads\/2014\/04\/Bici2.jpg?w=528&amp;ssl=1 528w, https:\/\/i0.wp.com\/eltrabajo.cl\/portal\/wp-content\/uploads\/2014\/04\/Bici2.jpg?resize=200%2C119&amp;ssl=1 200w, https:\/\/i0.wp.com\/eltrabajo.cl\/portal\/wp-content\/uploads\/2014\/04\/Bici2.jpg?resize=300%2C178&amp;ssl=1 300w, https:\/\/i0.wp.com\/eltrabajo.cl\/portal\/wp-content\/uploads\/2014\/04\/Bici2.jpg?resize=150%2C89&amp;ssl=1 150w, https:\/\/i0.wp.com\/eltrabajo.cl\/portal\/wp-content\/uploads\/2014\/04\/Bici2.jpg?resize=400%2C238&amp;ssl=1 400w\" sizes=\"auto, (max-width: 300px) 100vw, 300px\" \/><\/a><\/p>\n<p>La organizaci\u00f3n planea colocar en los pr\u00f3ximos d\u00edas una bicicleta en Calle Per\u00fa con Santa Teresa en Los Andes.<\/p>\n"},"caption":{"rendered":"<p>La organizaci\u00f3n planea colocar en los pr\u00f3ximos d\u00edas una bicicleta en Calle Per\u00fa con Santa Teresa en Los Andes.<\/p>\n"},"alt_text":"La organizaci\u00f3n planea colocar en los pr\u00f3ximos d\u00edas una bicicleta en Calle Per\u00fa con Santa Teresa en Los Andes.","media_type":"image","mime_type":"image\/jpeg","media_details":{"width":528,"height":315,"file":"2014\/04\/Bici2.jpg","sizes":{"thumbnail":{"file":"Bici2-200x119.jpg","width":200,"height":119,"mime_type":"image\/jpeg","source_url":"https:\/\/i0.wp.com\/eltrabajo.cl\/portal\/wp-content\/uploads\/2014\/04\/Bici2.jpg?fit=200%2C119&ssl=1"},"medium":{"file":"Bici2-300x178.jpg","width":300,"height":178,"mime_type":"image\/jpeg","source_url":"https:\/\/i0.wp.com\/eltrabajo.cl\/portal\/wp-content\/uploads\/2014\/04\/Bici2.jpg?fit=300%2C178&ssl=1"},"post-thumbnail":{"file":"Bici2-150x89.jpg","width":150,"height":89,"mime_type":"image\/jpeg","source_url":"https:\/\/i0.wp.com\/eltrabajo.cl\/portal\/wp-content\/uploads\/2014\/04\/Bici2.jpg?fit=150%2C89&ssl=1"},"single-post-thumbnail":{"file":"Bici2-400x238.jpg","width":400,"height":238,"mime_type":"image\/jpeg","source_url":"https:\/\/eltrabajo.cl\/portal\/wp-content\/uploads\/2014\/04\/Bici2-400x238.jpg"},"full":{"file":"Bici2.jpg?fit=528%2C315&ssl=1","width":528,"height":315,"mime_type":"image\/jpeg","source_url":"https:\/\/i0.wp.com\/eltrabajo.cl\/portal\/wp-content\/uploads\/2014\/04\/Bici2.jpg?fit=528%2C315&ssl=1"}},"image_meta":{"aperture":0,"credit":"Pedro Munoz H","camera":"","caption":"","created_timestamp":0,"copyright":"","focal_length":0,"iso":0,"shutter_speed":0,"title":""}},"post":45111,"source_url":"https:\/\/eltrabajo.cl\/portal\/wp-content\/uploads\/2014\/04\/Bici2.jpg","_links":{"self":[{"href":"https:\/\/eltrabajo.cl\/portal\/wp-json\/wp\/v2\/media\/45114","targetHints":{"allow":["GET"]}}],"collection":[{"href":"https:\/\/eltrabajo.cl\/portal\/wp-json\/wp\/v2\/media"}],"about":[{"href":"https:\/\/eltrabajo.cl\/portal\/wp-json\/wp\/v2\/types\/attachment"}],"author":[{"embeddable":true,"href":"https:\/\/eltrabajo.cl\/portal\/wp-json\/wp\/v2\/users\/482"}],"replies":[{"embeddable":true,"href":"https:\/\/eltrabajo.cl\/portal\/wp-json\/wp\/v2\/comments?post=45114"}],"wp:attached-to":[{"embeddable":true,"post_type":"post","id":45111,"href":"https:\/\/eltrabajo.cl\/portal\/wp-json\/wp\/v2\/posts\/45111"}],"curies":[{"name":"wp","href":"https:\/\/api.w.org\/{rel}","templated":true}]}}

<p class="attachment"><a href="https://i0.wp.com/eltrabajo.cl/portal/wp-content/uploads/2014/04/Bici2.jpg?ssl=1"><img loading="lazy" decoding="async" width="300" height="178" src="https://i0.wp.com/eltrabajo.cl/portal/wp-content/uploads/2014/04/Bici2.jpg?fit=300%2C178&amp;ssl=1" class="attachment-medium size-medium" alt="La organización planea colocar en los próximos días una bicicleta en Calle Perú con Santa Teresa en Los Andes." srcset="https://i0.wp.com/eltrabajo.cl/portal/wp-content/uploads/2014/04/Bici2.jpg?w=528&amp;ssl=1 528w, https://i0.wp.com/eltrabajo.cl/portal/wp-content/uploads/2014/04/Bici2.jpg?resize=200%2C119&amp;ssl=1 200w, https://i0.wp.com/eltrabajo.cl/portal/wp-content/uploads/2014/04/Bici2.jpg?resize=300%2C178&amp;ssl=1 300w, https://i0.wp.com/eltrabajo.cl/portal/wp-content/uploads/2014/04/Bici2.jpg?resize=150%2C89&amp;ssl=1 150w, https://i0.wp.com/eltrabajo.cl/portal/wp-content/uploads/2014/04/Bici2.jpg?resize=400%2C238&amp;ssl=1 400w" sizes="auto, (max-width: 300px) 100vw, 300px" /></a></p>
<p>La organización planea colocar en los próximos días una bicicleta en Calle Perú con Santa Teresa en Los Andes.</p>

<p>La organización planea colocar en los próximos días una bicicleta en Calle Perú con Santa Teresa en Los Andes.</p>

La organización planea colocar en los próximos días una bicicleta en Calle Perú con Santa Teresa en Los Andes.
