{"id":45121,"date":"2014-04-07T09:48:28","date_gmt":"2014-04-07T12:48:28","guid":{"rendered":"http:\/\/www.eltrabajo.cl\/portal\/wp-content\/uploads\/2014\/04\/Deporte5.jpg"},"modified":"2014-04-07T09:48:28","modified_gmt":"2014-04-07T12:48:28","slug":"deporte5","status":"inherit","type":"attachment","link":"https:\/\/eltrabajo.cl\/portal\/sanfelipenos-celebran-el-dia-internacional-de-la-actividad-deportiva\/deporte5\/","title":{"rendered":"Deporte5"},"author":482,"featured_media":0,"comment_status":"open","ping_status":"closed","template":"","meta":{"advanced_seo_description":"","jetpack_seo_html_title":"","jetpack_seo_noindex":false},"class_list":["post-45121","attachment","type-attachment","status-inherit","hentry"],"jetpack_sharing_enabled":true,"jetpack_likes_enabled":true,"description":{"rendered":"<p class=\"attachment\"><a href=\"https:\/\/i0.wp.com\/eltrabajo.cl\/portal\/wp-content\/uploads\/2014\/04\/Deporte5.jpg?ssl=1\"><img loading=\"lazy\" decoding=\"async\" width=\"300\" height=\"204\" src=\"https:\/\/i0.wp.com\/eltrabajo.cl\/portal\/wp-content\/uploads\/2014\/04\/Deporte5.jpg?fit=300%2C204&amp;ssl=1\" class=\"attachment-medium size-medium\" alt=\"A pesar del tiempo, del fr\u00edo y la llovizna, la gente igual concurri\u00f3 a este llamado a celebrar el D\u00eda Mundial del Deporte.\" srcset=\"https:\/\/i0.wp.com\/eltrabajo.cl\/portal\/wp-content\/uploads\/2014\/04\/Deporte5.jpg?w=528&amp;ssl=1 528w, https:\/\/i0.wp.com\/eltrabajo.cl\/portal\/wp-content\/uploads\/2014\/04\/Deporte5.jpg?resize=200%2C136&amp;ssl=1 200w, https:\/\/i0.wp.com\/eltrabajo.cl\/portal\/wp-content\/uploads\/2014\/04\/Deporte5.jpg?resize=300%2C204&amp;ssl=1 300w, https:\/\/i0.wp.com\/eltrabajo.cl\/portal\/wp-content\/uploads\/2014\/04\/Deporte5.jpg?resize=150%2C102&amp;ssl=1 150w, https:\/\/i0.wp.com\/eltrabajo.cl\/portal\/wp-content\/uploads\/2014\/04\/Deporte5.jpg?resize=400%2C272&amp;ssl=1 400w\" sizes=\"auto, (max-width: 300px) 100vw, 300px\" \/><\/a><\/p>\n<p>A pesar del tiempo, del fr\u00edo y la llovizna, la gente igual concurri\u00f3 a este llamado a celebrar el D\u00eda Mundial del Deporte.<\/p>\n"},"caption":{"rendered":"<p>A pesar del tiempo, del fr\u00edo y la llovizna, la gente igual concurri\u00f3 a este llamado a celebrar el D\u00eda Mundial del Deporte.<\/p>\n"},"alt_text":"A pesar del tiempo, del fr\u00edo y la llovizna, la gente igual concurri\u00f3 a este llamado a celebrar el D\u00eda Mundial del Deporte.","media_type":"image","mime_type":"image\/jpeg","media_details":{"width":528,"height":360,"file":"2014\/04\/Deporte5.jpg","sizes":{"thumbnail":{"file":"Deporte5-200x136.jpg","width":200,"height":136,"mime_type":"image\/jpeg","source_url":"https:\/\/i0.wp.com\/eltrabajo.cl\/portal\/wp-content\/uploads\/2014\/04\/Deporte5.jpg?fit=200%2C136&ssl=1"},"medium":{"file":"Deporte5-300x204.jpg","width":300,"height":204,"mime_type":"image\/jpeg","source_url":"https:\/\/i0.wp.com\/eltrabajo.cl\/portal\/wp-content\/uploads\/2014\/04\/Deporte5.jpg?fit=300%2C204&ssl=1"},"post-thumbnail":{"file":"Deporte5-150x102.jpg","width":150,"height":102,"mime_type":"image\/jpeg","source_url":"https:\/\/i0.wp.com\/eltrabajo.cl\/portal\/wp-content\/uploads\/2014\/04\/Deporte5.jpg?fit=150%2C102&ssl=1"},"single-post-thumbnail":{"file":"Deporte5-400x272.jpg","width":400,"height":272,"mime_type":"image\/jpeg","source_url":"https:\/\/eltrabajo.cl\/portal\/wp-content\/uploads\/2014\/04\/Deporte5-400x272.jpg"},"full":{"file":"Deporte5.jpg?fit=528%2C360&ssl=1","width":528,"height":360,"mime_type":"image\/jpeg","source_url":"https:\/\/i0.wp.com\/eltrabajo.cl\/portal\/wp-content\/uploads\/2014\/04\/Deporte5.jpg?fit=528%2C360&ssl=1"}},"image_meta":{"aperture":9,"credit":"","camera":"NIKON D3000","caption":"","created_timestamp":1396786304,"copyright":"","focal_length":"18","iso":"1600","shutter_speed":"0.003125","title":""}},"post":45117,"source_url":"https:\/\/eltrabajo.cl\/portal\/wp-content\/uploads\/2014\/04\/Deporte5.jpg","_links":{"self":[{"href":"https:\/\/eltrabajo.cl\/portal\/wp-json\/wp\/v2\/media\/45121","targetHints":{"allow":["GET"]}}],"collection":[{"href":"https:\/\/eltrabajo.cl\/portal\/wp-json\/wp\/v2\/media"}],"about":[{"href":"https:\/\/eltrabajo.cl\/portal\/wp-json\/wp\/v2\/types\/attachment"}],"author":[{"embeddable":true,"href":"https:\/\/eltrabajo.cl\/portal\/wp-json\/wp\/v2\/users\/482"}],"replies":[{"embeddable":true,"href":"https:\/\/eltrabajo.cl\/portal\/wp-json\/wp\/v2\/comments?post=45121"}],"wp:attached-to":[{"embeddable":true,"post_type":"post","id":45117,"href":"https:\/\/eltrabajo.cl\/portal\/wp-json\/wp\/v2\/posts\/45117"}],"curies":[{"name":"wp","href":"https:\/\/api.w.org\/{rel}","templated":true}]}}

<p class="attachment"><a href="https://i0.wp.com/eltrabajo.cl/portal/wp-content/uploads/2014/04/Deporte5.jpg?ssl=1"><img loading="lazy" decoding="async" width="300" height="204" src="https://i0.wp.com/eltrabajo.cl/portal/wp-content/uploads/2014/04/Deporte5.jpg?fit=300%2C204&amp;ssl=1" class="attachment-medium size-medium" alt="A pesar del tiempo, del frío y la llovizna, la gente igual concurrió a este llamado a celebrar el Día Mundial del Deporte." srcset="https://i0.wp.com/eltrabajo.cl/portal/wp-content/uploads/2014/04/Deporte5.jpg?w=528&amp;ssl=1 528w, https://i0.wp.com/eltrabajo.cl/portal/wp-content/uploads/2014/04/Deporte5.jpg?resize=200%2C136&amp;ssl=1 200w, https://i0.wp.com/eltrabajo.cl/portal/wp-content/uploads/2014/04/Deporte5.jpg?resize=300%2C204&amp;ssl=1 300w, https://i0.wp.com/eltrabajo.cl/portal/wp-content/uploads/2014/04/Deporte5.jpg?resize=150%2C102&amp;ssl=1 150w, https://i0.wp.com/eltrabajo.cl/portal/wp-content/uploads/2014/04/Deporte5.jpg?resize=400%2C272&amp;ssl=1 400w" sizes="auto, (max-width: 300px) 100vw, 300px" /></a></p>
<p>A pesar del tiempo, del frío y la llovizna, la gente igual concurrió a este llamado a celebrar el Día Mundial del Deporte.</p>

<p>A pesar del tiempo, del frío y la llovizna, la gente igual concurrió a este llamado a celebrar el Día Mundial del Deporte.</p>

A pesar del tiempo, del frío y la llovizna, la gente igual concurrió a este llamado a celebrar el Día Mundial del Deporte.
