{"id":45122,"date":"2014-04-07T09:48:30","date_gmt":"2014-04-07T12:48:30","guid":{"rendered":"http:\/\/www.eltrabajo.cl\/portal\/wp-content\/uploads\/2014\/04\/Deportes2.jpg"},"modified":"2014-04-07T09:48:30","modified_gmt":"2014-04-07T12:48:30","slug":"deportes2","status":"inherit","type":"attachment","link":"https:\/\/eltrabajo.cl\/portal\/sanfelipenos-celebran-el-dia-internacional-de-la-actividad-deportiva\/deportes2\/","title":{"rendered":"Deportes2"},"author":482,"featured_media":0,"comment_status":"open","ping_status":"closed","template":"","meta":{"advanced_seo_description":"","jetpack_seo_html_title":"","jetpack_seo_noindex":false},"class_list":["post-45122","attachment","type-attachment","status-inherit","hentry"],"jetpack_sharing_enabled":true,"jetpack_likes_enabled":true,"description":{"rendered":"<p class=\"attachment\"><a href=\"https:\/\/i0.wp.com\/eltrabajo.cl\/portal\/wp-content\/uploads\/2014\/04\/Deportes2.jpg?ssl=1\"><img loading=\"lazy\" decoding=\"async\" width=\"300\" height=\"204\" src=\"https:\/\/i0.wp.com\/eltrabajo.cl\/portal\/wp-content\/uploads\/2014\/04\/Deportes2.jpg?fit=300%2C204&amp;ssl=1\" class=\"attachment-medium size-medium\" alt=\"Este domingo 6 de abril, la Municipalidad de San Felipe celebr\u00f3 el D\u00eda internacional de la Actividad F\u00edsica.\" srcset=\"https:\/\/i0.wp.com\/eltrabajo.cl\/portal\/wp-content\/uploads\/2014\/04\/Deportes2.jpg?w=528&amp;ssl=1 528w, https:\/\/i0.wp.com\/eltrabajo.cl\/portal\/wp-content\/uploads\/2014\/04\/Deportes2.jpg?resize=200%2C136&amp;ssl=1 200w, https:\/\/i0.wp.com\/eltrabajo.cl\/portal\/wp-content\/uploads\/2014\/04\/Deportes2.jpg?resize=300%2C204&amp;ssl=1 300w, https:\/\/i0.wp.com\/eltrabajo.cl\/portal\/wp-content\/uploads\/2014\/04\/Deportes2.jpg?resize=150%2C102&amp;ssl=1 150w, https:\/\/i0.wp.com\/eltrabajo.cl\/portal\/wp-content\/uploads\/2014\/04\/Deportes2.jpg?resize=400%2C272&amp;ssl=1 400w\" sizes=\"auto, (max-width: 300px) 100vw, 300px\" \/><\/a><\/p>\n<p>Este domingo 6 de abril, la Municipalidad de San Felipe celebr\u00f3 el D\u00eda internacional de la Actividad F\u00edsica.<\/p>\n"},"caption":{"rendered":"<p>Este domingo 6 de abril, la Municipalidad de San Felipe celebr\u00f3 el D\u00eda internacional de la Actividad F\u00edsica.<\/p>\n"},"alt_text":"Este domingo 6 de abril, la Municipalidad de San Felipe celebr\u00f3 el D\u00eda internacional de la Actividad F\u00edsica.","media_type":"image","mime_type":"image\/jpeg","media_details":{"width":528,"height":360,"file":"2014\/04\/Deportes2.jpg","sizes":{"thumbnail":{"file":"Deportes2-200x136.jpg","width":200,"height":136,"mime_type":"image\/jpeg","source_url":"https:\/\/i0.wp.com\/eltrabajo.cl\/portal\/wp-content\/uploads\/2014\/04\/Deportes2.jpg?fit=200%2C136&ssl=1"},"medium":{"file":"Deportes2-300x204.jpg","width":300,"height":204,"mime_type":"image\/jpeg","source_url":"https:\/\/i0.wp.com\/eltrabajo.cl\/portal\/wp-content\/uploads\/2014\/04\/Deportes2.jpg?fit=300%2C204&ssl=1"},"post-thumbnail":{"file":"Deportes2-150x102.jpg","width":150,"height":102,"mime_type":"image\/jpeg","source_url":"https:\/\/i0.wp.com\/eltrabajo.cl\/portal\/wp-content\/uploads\/2014\/04\/Deportes2.jpg?fit=150%2C102&ssl=1"},"single-post-thumbnail":{"file":"Deportes2-400x272.jpg","width":400,"height":272,"mime_type":"image\/jpeg","source_url":"https:\/\/eltrabajo.cl\/portal\/wp-content\/uploads\/2014\/04\/Deportes2-400x272.jpg"},"full":{"file":"Deportes2.jpg?fit=528%2C360&ssl=1","width":528,"height":360,"mime_type":"image\/jpeg","source_url":"https:\/\/i0.wp.com\/eltrabajo.cl\/portal\/wp-content\/uploads\/2014\/04\/Deportes2.jpg?fit=528%2C360&ssl=1"}},"image_meta":{"aperture":7.0999999999999996447286321199499070644378662109375,"credit":"","camera":"NIKON D3000","caption":"","created_timestamp":1396782758,"copyright":"","focal_length":"22","iso":"1600","shutter_speed":"0.005","title":""}},"post":45117,"source_url":"https:\/\/eltrabajo.cl\/portal\/wp-content\/uploads\/2014\/04\/Deportes2.jpg","_links":{"self":[{"href":"https:\/\/eltrabajo.cl\/portal\/wp-json\/wp\/v2\/media\/45122","targetHints":{"allow":["GET"]}}],"collection":[{"href":"https:\/\/eltrabajo.cl\/portal\/wp-json\/wp\/v2\/media"}],"about":[{"href":"https:\/\/eltrabajo.cl\/portal\/wp-json\/wp\/v2\/types\/attachment"}],"author":[{"embeddable":true,"href":"https:\/\/eltrabajo.cl\/portal\/wp-json\/wp\/v2\/users\/482"}],"replies":[{"embeddable":true,"href":"https:\/\/eltrabajo.cl\/portal\/wp-json\/wp\/v2\/comments?post=45122"}],"wp:attached-to":[{"embeddable":true,"post_type":"post","id":45117,"href":"https:\/\/eltrabajo.cl\/portal\/wp-json\/wp\/v2\/posts\/45117"}],"curies":[{"name":"wp","href":"https:\/\/api.w.org\/{rel}","templated":true}]}}

<p class="attachment"><a href="https://i0.wp.com/eltrabajo.cl/portal/wp-content/uploads/2014/04/Deportes2.jpg?ssl=1"><img loading="lazy" decoding="async" width="300" height="204" src="https://i0.wp.com/eltrabajo.cl/portal/wp-content/uploads/2014/04/Deportes2.jpg?fit=300%2C204&amp;ssl=1" class="attachment-medium size-medium" alt="Este domingo 6 de abril, la Municipalidad de San Felipe celebró el Día internacional de la Actividad Física." srcset="https://i0.wp.com/eltrabajo.cl/portal/wp-content/uploads/2014/04/Deportes2.jpg?w=528&amp;ssl=1 528w, https://i0.wp.com/eltrabajo.cl/portal/wp-content/uploads/2014/04/Deportes2.jpg?resize=200%2C136&amp;ssl=1 200w, https://i0.wp.com/eltrabajo.cl/portal/wp-content/uploads/2014/04/Deportes2.jpg?resize=300%2C204&amp;ssl=1 300w, https://i0.wp.com/eltrabajo.cl/portal/wp-content/uploads/2014/04/Deportes2.jpg?resize=150%2C102&amp;ssl=1 150w, https://i0.wp.com/eltrabajo.cl/portal/wp-content/uploads/2014/04/Deportes2.jpg?resize=400%2C272&amp;ssl=1 400w" sizes="auto, (max-width: 300px) 100vw, 300px" /></a></p>
<p>Este domingo 6 de abril, la Municipalidad de San Felipe celebró el Día internacional de la Actividad Física.</p>

<p>Este domingo 6 de abril, la Municipalidad de San Felipe celebró el Día internacional de la Actividad Física.</p>

Este domingo 6 de abril, la Municipalidad de San Felipe celebró el Día internacional de la Actividad Física.
