{"id":45160,"date":"2014-04-08T09:40:14","date_gmt":"2014-04-08T12:40:14","guid":{"rendered":"http:\/\/www.eltrabajo.cl\/portal\/wp-content\/uploads\/2014\/04\/Musical1.jpg"},"modified":"2014-04-08T09:40:14","modified_gmt":"2014-04-08T12:40:14","slug":"musical1","status":"inherit","type":"attachment","link":"https:\/\/eltrabajo.cl\/portal\/mcgyver-chileno-y-reparador-de-parlantes-fabrico-un-cargador-de-imanes\/musical1\/","title":{"rendered":"Musical1"},"author":482,"featured_media":0,"comment_status":"open","ping_status":"closed","template":"","meta":{"advanced_seo_description":"","jetpack_seo_html_title":"","jetpack_seo_noindex":false},"class_list":["post-45160","attachment","type-attachment","status-inherit","hentry"],"jetpack_sharing_enabled":true,"jetpack_likes_enabled":true,"description":{"rendered":"<p class=\"attachment\"><a href=\"https:\/\/i0.wp.com\/eltrabajo.cl\/portal\/wp-content\/uploads\/2014\/04\/Musical1.jpg?ssl=1\"><img loading=\"lazy\" decoding=\"async\" width=\"199\" height=\"300\" src=\"https:\/\/i0.wp.com\/eltrabajo.cl\/portal\/wp-content\/uploads\/2014\/04\/Musical1.jpg?fit=199%2C300&amp;ssl=1\" class=\"attachment-medium size-medium\" alt=\"GUITARRISTA.- Tambi\u00e9n \u2018El Charrito\u2019 es m\u00fasico, \u00e9l supo ganarse a su p\u00fablico en cada una de sus presentaciones en los mejores hoteles de Antofagasta hace ya unos 25 a\u00f1os.\" srcset=\"https:\/\/i0.wp.com\/eltrabajo.cl\/portal\/wp-content\/uploads\/2014\/04\/Musical1.jpg?w=529&amp;ssl=1 529w, https:\/\/i0.wp.com\/eltrabajo.cl\/portal\/wp-content\/uploads\/2014\/04\/Musical1.jpg?resize=99%2C150&amp;ssl=1 99w, https:\/\/i0.wp.com\/eltrabajo.cl\/portal\/wp-content\/uploads\/2014\/04\/Musical1.jpg?resize=199%2C300&amp;ssl=1 199w, https:\/\/i0.wp.com\/eltrabajo.cl\/portal\/wp-content\/uploads\/2014\/04\/Musical1.jpg?resize=400%2C601&amp;ssl=1 400w\" sizes=\"auto, (max-width: 199px) 100vw, 199px\" \/><\/a><\/p>\n<p>GUITARRISTA.- Tambi\u00e9n \u2018El Charrito\u2019 es m\u00fasico, \u00e9l supo ganarse a su p\u00fablico en cada una de sus presentaciones en los mejores hoteles de Antofagasta hace ya unos 25 a\u00f1os.<\/p>\n"},"caption":{"rendered":"<p>GUITARRISTA.- Tambi\u00e9n \u2018El Charrito\u2019 es m\u00fasico, \u00e9l supo ganarse a su p\u00fablico en cada una de sus presentaciones en los mejores hoteles de Antofagasta hace ya unos 25 a\u00f1os.<\/p>\n"},"alt_text":"GUITARRISTA.- Tambi\u00e9n \u2018El Charrito\u2019 es m\u00fasico, \u00e9l supo ganarse a su p\u00fablico en cada una de sus presentaciones en los mejores hoteles de Antofagasta hace ya unos 25 a\u00f1os.","media_type":"image","mime_type":"image\/jpeg","media_details":{"width":529,"height":796,"file":"2014\/04\/Musical1.jpg","sizes":{"thumbnail":{"file":"Musical1-99x150.jpg","width":99,"height":150,"mime_type":"image\/jpeg","source_url":"https:\/\/i0.wp.com\/eltrabajo.cl\/portal\/wp-content\/uploads\/2014\/04\/Musical1.jpg?fit=99%2C150&ssl=1"},"medium":{"file":"Musical1-199x300.jpg","width":199,"height":300,"mime_type":"image\/jpeg","source_url":"https:\/\/i0.wp.com\/eltrabajo.cl\/portal\/wp-content\/uploads\/2014\/04\/Musical1.jpg?fit=199%2C300&ssl=1"},"post-thumbnail":{"file":"Musical1-99x150.jpg","width":99,"height":150,"mime_type":"image\/jpeg","source_url":"https:\/\/i0.wp.com\/eltrabajo.cl\/portal\/wp-content\/uploads\/2014\/04\/Musical1.jpg?fit=99%2C150&ssl=1"},"single-post-thumbnail":{"file":"Musical1-400x601.jpg","width":400,"height":601,"mime_type":"image\/jpeg","source_url":"https:\/\/eltrabajo.cl\/portal\/wp-content\/uploads\/2014\/04\/Musical1-400x601.jpg"},"full":{"file":"Musical1.jpg?fit=529%2C796&ssl=1","width":529,"height":796,"mime_type":"image\/jpeg","source_url":"https:\/\/i0.wp.com\/eltrabajo.cl\/portal\/wp-content\/uploads\/2014\/04\/Musical1.jpg?fit=529%2C796&ssl=1"}},"image_meta":{"aperture":4.5,"credit":"","camera":"NEX-F3","caption":"","created_timestamp":1396877280,"copyright":"","focal_length":"35","iso":"3200","shutter_speed":"0.00625","title":""}},"post":45157,"source_url":"https:\/\/eltrabajo.cl\/portal\/wp-content\/uploads\/2014\/04\/Musical1.jpg","_links":{"self":[{"href":"https:\/\/eltrabajo.cl\/portal\/wp-json\/wp\/v2\/media\/45160","targetHints":{"allow":["GET"]}}],"collection":[{"href":"https:\/\/eltrabajo.cl\/portal\/wp-json\/wp\/v2\/media"}],"about":[{"href":"https:\/\/eltrabajo.cl\/portal\/wp-json\/wp\/v2\/types\/attachment"}],"author":[{"embeddable":true,"href":"https:\/\/eltrabajo.cl\/portal\/wp-json\/wp\/v2\/users\/482"}],"replies":[{"embeddable":true,"href":"https:\/\/eltrabajo.cl\/portal\/wp-json\/wp\/v2\/comments?post=45160"}],"wp:attached-to":[{"embeddable":true,"post_type":"post","id":45157,"href":"https:\/\/eltrabajo.cl\/portal\/wp-json\/wp\/v2\/posts\/45157"}],"curies":[{"name":"wp","href":"https:\/\/api.w.org\/{rel}","templated":true}]}}

<p class="attachment"><a href="https://i0.wp.com/eltrabajo.cl/portal/wp-content/uploads/2014/04/Musical1.jpg?ssl=1"><img loading="lazy" decoding="async" width="199" height="300" src="https://i0.wp.com/eltrabajo.cl/portal/wp-content/uploads/2014/04/Musical1.jpg?fit=199%2C300&amp;ssl=1" class="attachment-medium size-medium" alt="GUITARRISTA.- También ‘El Charrito’ es músico, él supo ganarse a su público en cada una de sus presentaciones en los mejores hoteles de Antofagasta hace ya unos 25 años." srcset="https://i0.wp.com/eltrabajo.cl/portal/wp-content/uploads/2014/04/Musical1.jpg?w=529&amp;ssl=1 529w, https://i0.wp.com/eltrabajo.cl/portal/wp-content/uploads/2014/04/Musical1.jpg?resize=99%2C150&amp;ssl=1 99w, https://i0.wp.com/eltrabajo.cl/portal/wp-content/uploads/2014/04/Musical1.jpg?resize=199%2C300&amp;ssl=1 199w, https://i0.wp.com/eltrabajo.cl/portal/wp-content/uploads/2014/04/Musical1.jpg?resize=400%2C601&amp;ssl=1 400w" sizes="auto, (max-width: 199px) 100vw, 199px" /></a></p>
<p>GUITARRISTA.- También ‘El Charrito’ es músico, él supo ganarse a su público en cada una de sus presentaciones en los mejores hoteles de Antofagasta hace ya unos 25 años.</p>

<p>GUITARRISTA.- También ‘El Charrito’ es músico, él supo ganarse a su público en cada una de sus presentaciones en los mejores hoteles de Antofagasta hace ya unos 25 años.</p>

GUITARRISTA.- También ‘El Charrito’ es músico, él supo ganarse a su público en cada una de sus presentaciones en los mejores hoteles de Antofagasta hace ya unos 25 años.
