{"id":45213,"date":"2014-04-09T09:54:04","date_gmt":"2014-04-09T12:54:04","guid":{"rendered":"http:\/\/www.eltrabajo.cl\/portal\/wp-content\/uploads\/2014\/04\/Isabel-Rozas.jpg"},"modified":"2014-04-09T09:54:04","modified_gmt":"2014-04-09T12:54:04","slug":"isabel-rozas","status":"inherit","type":"attachment","link":"https:\/\/eltrabajo.cl\/portal\/desarrollan-programa-bilingue-mapudungun-espanol-en-escuela-la-higuera\/isabel-rozas\/","title":{"rendered":"Isabel Rozas"},"author":482,"featured_media":0,"comment_status":"open","ping_status":"closed","template":"","meta":{"advanced_seo_description":"","jetpack_seo_html_title":"","jetpack_seo_noindex":false},"class_list":["post-45213","attachment","type-attachment","status-inherit","hentry"],"jetpack_sharing_enabled":true,"jetpack_likes_enabled":true,"description":{"rendered":"<p class=\"attachment\"><a href=\"https:\/\/i0.wp.com\/eltrabajo.cl\/portal\/wp-content\/uploads\/2014\/04\/Isabel-Rozas.jpg?ssl=1\"><img loading=\"lazy\" decoding=\"async\" width=\"294\" height=\"300\" src=\"https:\/\/i0.wp.com\/eltrabajo.cl\/portal\/wp-content\/uploads\/2014\/04\/Isabel-Rozas.jpg?fit=294%2C300&amp;ssl=1\" class=\"attachment-medium size-medium\" alt=\"ISABEL ROZAS, ESTUDIANTE MAPUCHE: \u00abEstoy contenta con este aprendizaje, mis pap\u00e1s a veces me ense\u00f1an palabras mapudungun y aqu\u00ed en la escuela aprendo m\u00e1s de mi lengua original\u00bb.\" srcset=\"https:\/\/i0.wp.com\/eltrabajo.cl\/portal\/wp-content\/uploads\/2014\/04\/Isabel-Rozas.jpg?w=529&amp;ssl=1 529w, https:\/\/i0.wp.com\/eltrabajo.cl\/portal\/wp-content\/uploads\/2014\/04\/Isabel-Rozas.jpg?resize=147%2C150&amp;ssl=1 147w, https:\/\/i0.wp.com\/eltrabajo.cl\/portal\/wp-content\/uploads\/2014\/04\/Isabel-Rozas.jpg?resize=294%2C300&amp;ssl=1 294w\" sizes=\"auto, (max-width: 294px) 100vw, 294px\" \/><\/a><\/p>\n<p>ISABEL ROZAS, ESTUDIANTE MAPUCHE: \u00abEstoy contenta con este aprendizaje, mis pap\u00e1s a veces me ense\u00f1an palabras mapudungun y aqu\u00ed en la escuela aprendo m\u00e1s de mi lengua original\u00bb.<\/p>\n"},"caption":{"rendered":"<p>ISABEL ROZAS, ESTUDIANTE MAPUCHE: \u00abEstoy contenta con este aprendizaje, mis pap\u00e1s a veces me ense\u00f1an palabras mapudungun y aqu\u00ed en la escuela aprendo m\u00e1s de mi lengua original\u00bb.<\/p>\n"},"alt_text":"ISABEL ROZAS, ESTUDIANTE MAPUCHE: \u00abEstoy contenta con este aprendizaje, mis pap\u00e1s a veces me ense\u00f1an palabras mapudungun y aqu\u00ed en la escuela aprendo m\u00e1s de mi lengua original\u00bb.","media_type":"image","mime_type":"image\/jpeg","media_details":{"width":529,"height":538,"file":"2014\/04\/Isabel-Rozas.jpg","sizes":{"thumbnail":{"file":"Isabel-Rozas-147x150.jpg","width":147,"height":150,"mime_type":"image\/jpeg","source_url":"https:\/\/i0.wp.com\/eltrabajo.cl\/portal\/wp-content\/uploads\/2014\/04\/Isabel-Rozas.jpg?fit=147%2C150&ssl=1"},"medium":{"file":"Isabel-Rozas-294x300.jpg","width":294,"height":300,"mime_type":"image\/jpeg","source_url":"https:\/\/i0.wp.com\/eltrabajo.cl\/portal\/wp-content\/uploads\/2014\/04\/Isabel-Rozas.jpg?fit=294%2C300&ssl=1"},"post-thumbnail":{"file":"Isabel-Rozas-147x150.jpg","width":147,"height":150,"mime_type":"image\/jpeg","source_url":"https:\/\/i0.wp.com\/eltrabajo.cl\/portal\/wp-content\/uploads\/2014\/04\/Isabel-Rozas.jpg?fit=147%2C150&ssl=1"},"single-post-thumbnail":{"file":"Isabel-Rozas-400x406.jpg","width":400,"height":406,"mime_type":"image\/jpeg","source_url":"https:\/\/eltrabajo.cl\/portal\/wp-content\/uploads\/2014\/04\/Isabel-Rozas-400x406.jpg"},"full":{"file":"Isabel-Rozas.jpg?fit=529%2C538&ssl=1","width":529,"height":538,"mime_type":"image\/jpeg","source_url":"https:\/\/i0.wp.com\/eltrabajo.cl\/portal\/wp-content\/uploads\/2014\/04\/Isabel-Rozas.jpg?fit=529%2C538&ssl=1"}},"image_meta":{"aperture":3.29999999999999982236431605997495353221893310546875,"credit":"","camera":"DSC-H100","caption":"","created_timestamp":1396961651,"copyright":"Copyright 2009","focal_length":"6.1","iso":"80","shutter_speed":"0.0125","title":""}},"post":45210,"source_url":"https:\/\/eltrabajo.cl\/portal\/wp-content\/uploads\/2014\/04\/Isabel-Rozas.jpg","_links":{"self":[{"href":"https:\/\/eltrabajo.cl\/portal\/wp-json\/wp\/v2\/media\/45213","targetHints":{"allow":["GET"]}}],"collection":[{"href":"https:\/\/eltrabajo.cl\/portal\/wp-json\/wp\/v2\/media"}],"about":[{"href":"https:\/\/eltrabajo.cl\/portal\/wp-json\/wp\/v2\/types\/attachment"}],"author":[{"embeddable":true,"href":"https:\/\/eltrabajo.cl\/portal\/wp-json\/wp\/v2\/users\/482"}],"replies":[{"embeddable":true,"href":"https:\/\/eltrabajo.cl\/portal\/wp-json\/wp\/v2\/comments?post=45213"}],"wp:attached-to":[{"embeddable":true,"post_type":"post","id":45210,"href":"https:\/\/eltrabajo.cl\/portal\/wp-json\/wp\/v2\/posts\/45210"}],"curies":[{"name":"wp","href":"https:\/\/api.w.org\/{rel}","templated":true}]}}

<p class="attachment"><a href="https://i0.wp.com/eltrabajo.cl/portal/wp-content/uploads/2014/04/Isabel-Rozas.jpg?ssl=1"><img loading="lazy" decoding="async" width="294" height="300" src="https://i0.wp.com/eltrabajo.cl/portal/wp-content/uploads/2014/04/Isabel-Rozas.jpg?fit=294%2C300&amp;ssl=1" class="attachment-medium size-medium" alt="ISABEL ROZAS, ESTUDIANTE MAPUCHE: «Estoy contenta con este aprendizaje, mis papás a veces me enseñan palabras mapudungun y aquí en la escuela aprendo más de mi lengua original»." srcset="https://i0.wp.com/eltrabajo.cl/portal/wp-content/uploads/2014/04/Isabel-Rozas.jpg?w=529&amp;ssl=1 529w, https://i0.wp.com/eltrabajo.cl/portal/wp-content/uploads/2014/04/Isabel-Rozas.jpg?resize=147%2C150&amp;ssl=1 147w, https://i0.wp.com/eltrabajo.cl/portal/wp-content/uploads/2014/04/Isabel-Rozas.jpg?resize=294%2C300&amp;ssl=1 294w" sizes="auto, (max-width: 294px) 100vw, 294px" /></a></p>
<p>ISABEL ROZAS, ESTUDIANTE MAPUCHE: «Estoy contenta con este aprendizaje, mis papás a veces me enseñan palabras mapudungun y aquí en la escuela aprendo más de mi lengua original».</p>

<p>ISABEL ROZAS, ESTUDIANTE MAPUCHE: «Estoy contenta con este aprendizaje, mis papás a veces me enseñan palabras mapudungun y aquí en la escuela aprendo más de mi lengua original».</p>

ISABEL ROZAS, ESTUDIANTE MAPUCHE: «Estoy contenta con este aprendizaje, mis papás a veces me enseñan palabras mapudungun y aquí en la escuela aprendo más de mi lengua original».
