{"id":45497,"date":"2014-04-16T09:25:09","date_gmt":"2014-04-16T12:25:09","guid":{"rendered":"http:\/\/www.eltrabajo.cl\/portal\/wp-content\/uploads\/2014\/04\/Pinturas1.jpg"},"modified":"2014-04-16T09:25:09","modified_gmt":"2014-04-16T12:25:09","slug":"pinturas1","status":"inherit","type":"attachment","link":"https:\/\/eltrabajo.cl\/portal\/mas-de-2000-personas-disfrutan-trabajo-de-pintores-aconcaguinos\/pinturas1\/","title":{"rendered":"Pinturas1"},"author":482,"featured_media":0,"comment_status":"open","ping_status":"closed","template":"","meta":{"advanced_seo_description":"","jetpack_seo_html_title":"","jetpack_seo_noindex":false},"class_list":["post-45497","attachment","type-attachment","status-inherit","hentry"],"jetpack_sharing_enabled":true,"jetpack_likes_enabled":true,"description":{"rendered":"<p class=\"attachment\"><a href=\"https:\/\/i0.wp.com\/eltrabajo.cl\/portal\/wp-content\/uploads\/2014\/04\/Pinturas1.jpg?ssl=1\"><img loading=\"lazy\" decoding=\"async\" width=\"300\" height=\"225\" src=\"https:\/\/i0.wp.com\/eltrabajo.cl\/portal\/wp-content\/uploads\/2014\/04\/Pinturas1.jpg?fit=300%2C225&amp;ssl=1\" class=\"attachment-medium size-medium\" alt=\"ARTE DE VERDAD.- Aparte de los m\u00e1s de 990 estudiantes del Liceo Bicentenario Cordillera, durante el d\u00eda est\u00e1n llegando cientos de alumnos de otras escuelas y liceos de la provincia.\" srcset=\"https:\/\/i0.wp.com\/eltrabajo.cl\/portal\/wp-content\/uploads\/2014\/04\/Pinturas1.jpg?w=529&amp;ssl=1 529w, https:\/\/i0.wp.com\/eltrabajo.cl\/portal\/wp-content\/uploads\/2014\/04\/Pinturas1.jpg?resize=200%2C150&amp;ssl=1 200w, https:\/\/i0.wp.com\/eltrabajo.cl\/portal\/wp-content\/uploads\/2014\/04\/Pinturas1.jpg?resize=300%2C225&amp;ssl=1 300w, https:\/\/i0.wp.com\/eltrabajo.cl\/portal\/wp-content\/uploads\/2014\/04\/Pinturas1.jpg?resize=150%2C112&amp;ssl=1 150w, https:\/\/i0.wp.com\/eltrabajo.cl\/portal\/wp-content\/uploads\/2014\/04\/Pinturas1.jpg?resize=400%2C300&amp;ssl=1 400w\" sizes=\"auto, (max-width: 300px) 100vw, 300px\" \/><\/a><\/p>\n<p>ARTE DE VERDAD.- Aparte de los m\u00e1s de 990 estudiantes del Liceo Bicentenario Cordillera, durante el d\u00eda est\u00e1n llegando cientos de alumnos de otras escuelas y liceos de la provincia.<\/p>\n"},"caption":{"rendered":"<p>ARTE DE VERDAD.- Aparte de los m\u00e1s de 990 estudiantes del Liceo Bicentenario Cordillera, durante el d\u00eda est\u00e1n llegando cientos de alumnos de otras escuelas y liceos de la provincia.<\/p>\n"},"alt_text":"ARTE DE VERDAD.- Aparte de los m\u00e1s de 990 estudiantes del Liceo Bicentenario Cordillera, durante el d\u00eda est\u00e1n llegando cientos de alumnos de otras escuelas y liceos de la provincia.","media_type":"image","mime_type":"image\/jpeg","media_details":{"width":529,"height":397,"file":"2014\/04\/Pinturas1.jpg","sizes":{"thumbnail":{"file":"Pinturas1-200x150.jpg","width":200,"height":150,"mime_type":"image\/jpeg","source_url":"https:\/\/i0.wp.com\/eltrabajo.cl\/portal\/wp-content\/uploads\/2014\/04\/Pinturas1.jpg?fit=200%2C150&ssl=1"},"medium":{"file":"Pinturas1-300x225.jpg","width":300,"height":225,"mime_type":"image\/jpeg","source_url":"https:\/\/i0.wp.com\/eltrabajo.cl\/portal\/wp-content\/uploads\/2014\/04\/Pinturas1.jpg?fit=300%2C225&ssl=1"},"post-thumbnail":{"file":"Pinturas1-150x112.jpg","width":150,"height":112,"mime_type":"image\/jpeg","source_url":"https:\/\/i0.wp.com\/eltrabajo.cl\/portal\/wp-content\/uploads\/2014\/04\/Pinturas1.jpg?fit=150%2C112&ssl=1"},"single-post-thumbnail":{"file":"Pinturas1-400x300.jpg","width":400,"height":300,"mime_type":"image\/jpeg","source_url":"https:\/\/eltrabajo.cl\/portal\/wp-content\/uploads\/2014\/04\/Pinturas1-400x300.jpg"},"full":{"file":"Pinturas1.jpg?fit=529%2C397&ssl=1","width":529,"height":397,"mime_type":"image\/jpeg","source_url":"https:\/\/i0.wp.com\/eltrabajo.cl\/portal\/wp-content\/uploads\/2014\/04\/Pinturas1.jpg?fit=529%2C397&ssl=1"}},"image_meta":{"aperture":2.79999999999999982236431605997495353221893310546875,"credit":"","camera":"COOLPIX P90","caption":"","created_timestamp":1397569540,"copyright":"","focal_length":"4.6","iso":"400","shutter_speed":"0.018382352941176","title":""}},"post":45493,"source_url":"https:\/\/eltrabajo.cl\/portal\/wp-content\/uploads\/2014\/04\/Pinturas1.jpg","_links":{"self":[{"href":"https:\/\/eltrabajo.cl\/portal\/wp-json\/wp\/v2\/media\/45497","targetHints":{"allow":["GET"]}}],"collection":[{"href":"https:\/\/eltrabajo.cl\/portal\/wp-json\/wp\/v2\/media"}],"about":[{"href":"https:\/\/eltrabajo.cl\/portal\/wp-json\/wp\/v2\/types\/attachment"}],"author":[{"embeddable":true,"href":"https:\/\/eltrabajo.cl\/portal\/wp-json\/wp\/v2\/users\/482"}],"replies":[{"embeddable":true,"href":"https:\/\/eltrabajo.cl\/portal\/wp-json\/wp\/v2\/comments?post=45497"}],"wp:attached-to":[{"embeddable":true,"post_type":"post","id":45493,"href":"https:\/\/eltrabajo.cl\/portal\/wp-json\/wp\/v2\/posts\/45493"}],"curies":[{"name":"wp","href":"https:\/\/api.w.org\/{rel}","templated":true}]}}

<p class="attachment"><a href="https://i0.wp.com/eltrabajo.cl/portal/wp-content/uploads/2014/04/Pinturas1.jpg?ssl=1"><img loading="lazy" decoding="async" width="300" height="225" src="https://i0.wp.com/eltrabajo.cl/portal/wp-content/uploads/2014/04/Pinturas1.jpg?fit=300%2C225&amp;ssl=1" class="attachment-medium size-medium" alt="ARTE DE VERDAD.- Aparte de los más de 990 estudiantes del Liceo Bicentenario Cordillera, durante el día están llegando cientos de alumnos de otras escuelas y liceos de la provincia." srcset="https://i0.wp.com/eltrabajo.cl/portal/wp-content/uploads/2014/04/Pinturas1.jpg?w=529&amp;ssl=1 529w, https://i0.wp.com/eltrabajo.cl/portal/wp-content/uploads/2014/04/Pinturas1.jpg?resize=200%2C150&amp;ssl=1 200w, https://i0.wp.com/eltrabajo.cl/portal/wp-content/uploads/2014/04/Pinturas1.jpg?resize=300%2C225&amp;ssl=1 300w, https://i0.wp.com/eltrabajo.cl/portal/wp-content/uploads/2014/04/Pinturas1.jpg?resize=150%2C112&amp;ssl=1 150w, https://i0.wp.com/eltrabajo.cl/portal/wp-content/uploads/2014/04/Pinturas1.jpg?resize=400%2C300&amp;ssl=1 400w" sizes="auto, (max-width: 300px) 100vw, 300px" /></a></p>
<p>ARTE DE VERDAD.- Aparte de los más de 990 estudiantes del Liceo Bicentenario Cordillera, durante el día están llegando cientos de alumnos de otras escuelas y liceos de la provincia.</p>

<p>ARTE DE VERDAD.- Aparte de los más de 990 estudiantes del Liceo Bicentenario Cordillera, durante el día están llegando cientos de alumnos de otras escuelas y liceos de la provincia.</p>

ARTE DE VERDAD.- Aparte de los más de 990 estudiantes del Liceo Bicentenario Cordillera, durante el día están llegando cientos de alumnos de otras escuelas y liceos de la provincia.
