{"id":45741,"date":"2014-04-23T09:57:57","date_gmt":"2014-04-23T12:57:57","guid":{"rendered":"http:\/\/www.eltrabajo.cl\/portal\/wp-content\/uploads\/2014\/04\/Abdon1.jpg"},"modified":"2014-04-23T09:57:57","modified_gmt":"2014-04-23T12:57:57","slug":"abdon1","status":"inherit","type":"attachment","link":"https:\/\/eltrabajo.cl\/portal\/miles-disfrutaron-del-acto-civico-militar-en-honor-a-los-87-anos-de-carabineros\/abdon1\/","title":{"rendered":"Abdon1"},"author":482,"featured_media":0,"comment_status":"open","ping_status":"closed","template":"","meta":{"advanced_seo_description":"","jetpack_seo_html_title":"","jetpack_seo_noindex":false},"class_list":["post-45741","attachment","type-attachment","status-inherit","hentry"],"jetpack_sharing_enabled":true,"jetpack_likes_enabled":true,"description":{"rendered":"<p class=\"attachment\"><a href=\"https:\/\/i0.wp.com\/eltrabajo.cl\/portal\/wp-content\/uploads\/2014\/04\/Abdon1.jpg?ssl=1\"><img loading=\"lazy\" decoding=\"async\" width=\"300\" height=\"189\" src=\"https:\/\/i0.wp.com\/eltrabajo.cl\/portal\/wp-content\/uploads\/2014\/04\/Abdon1.jpg?fit=300%2C189&amp;ssl=1\" class=\"attachment-medium size-medium\" alt=\"ABD\u00d3N CIFUENTES.- El Instituto Abd\u00f3n Cifuentes luci\u00f3 espl\u00e9ndido y llenos de entusiasmo sus estudiantes, el p\u00fablico los premi\u00f3 con sus aplausos.\" srcset=\"https:\/\/i0.wp.com\/eltrabajo.cl\/portal\/wp-content\/uploads\/2014\/04\/Abdon1.jpg?w=529&amp;ssl=1 529w, https:\/\/i0.wp.com\/eltrabajo.cl\/portal\/wp-content\/uploads\/2014\/04\/Abdon1.jpg?resize=200%2C126&amp;ssl=1 200w, https:\/\/i0.wp.com\/eltrabajo.cl\/portal\/wp-content\/uploads\/2014\/04\/Abdon1.jpg?resize=300%2C189&amp;ssl=1 300w, https:\/\/i0.wp.com\/eltrabajo.cl\/portal\/wp-content\/uploads\/2014\/04\/Abdon1.jpg?resize=150%2C94&amp;ssl=1 150w, https:\/\/i0.wp.com\/eltrabajo.cl\/portal\/wp-content\/uploads\/2014\/04\/Abdon1.jpg?resize=400%2C252&amp;ssl=1 400w\" sizes=\"auto, (max-width: 300px) 100vw, 300px\" \/><\/a><\/p>\n<p>ABD\u00d3N CIFUENTES.- El Instituto Abd\u00f3n Cifuentes luci\u00f3 espl\u00e9ndido y llenos de entusiasmo sus estudiantes, el p\u00fablico los premi\u00f3 con sus aplausos.<\/p>\n"},"caption":{"rendered":"<p>ABD\u00d3N CIFUENTES.- El Instituto Abd\u00f3n Cifuentes luci\u00f3 espl\u00e9ndido y llenos de entusiasmo sus estudiantes, el p\u00fablico los premi\u00f3 con sus aplausos.<\/p>\n"},"alt_text":"ABD\u00d3N CIFUENTES.- El Instituto Abd\u00f3n Cifuentes luci\u00f3 espl\u00e9ndido y llenos de entusiasmo sus estudiantes, el p\u00fablico los premi\u00f3 con sus aplausos.","media_type":"image","mime_type":"image\/jpeg","media_details":{"width":529,"height":334,"file":"2014\/04\/Abdon1.jpg","sizes":{"thumbnail":{"file":"Abdon1-200x126.jpg","width":200,"height":126,"mime_type":"image\/jpeg","source_url":"https:\/\/i0.wp.com\/eltrabajo.cl\/portal\/wp-content\/uploads\/2014\/04\/Abdon1.jpg?fit=200%2C126&ssl=1"},"medium":{"file":"Abdon1-300x189.jpg","width":300,"height":189,"mime_type":"image\/jpeg","source_url":"https:\/\/i0.wp.com\/eltrabajo.cl\/portal\/wp-content\/uploads\/2014\/04\/Abdon1.jpg?fit=300%2C189&ssl=1"},"post-thumbnail":{"file":"Abdon1-150x94.jpg","width":150,"height":94,"mime_type":"image\/jpeg","source_url":"https:\/\/i0.wp.com\/eltrabajo.cl\/portal\/wp-content\/uploads\/2014\/04\/Abdon1.jpg?fit=150%2C94&ssl=1"},"single-post-thumbnail":{"file":"Abdon1-400x252.jpg","width":400,"height":252,"mime_type":"image\/jpeg","source_url":"https:\/\/eltrabajo.cl\/portal\/wp-content\/uploads\/2014\/04\/Abdon1-400x252.jpg"},"full":{"file":"Abdon1.jpg?fit=529%2C334&ssl=1","width":529,"height":334,"mime_type":"image\/jpeg","source_url":"https:\/\/i0.wp.com\/eltrabajo.cl\/portal\/wp-content\/uploads\/2014\/04\/Abdon1.jpg?fit=529%2C334&ssl=1"}},"image_meta":{"aperture":4.5,"credit":"","camera":"COOLPIX P90","caption":"","created_timestamp":1398172684,"copyright":"","focal_length":"4.6","iso":"64","shutter_speed":"0.0090909090909091","title":""}},"post":45739,"source_url":"https:\/\/eltrabajo.cl\/portal\/wp-content\/uploads\/2014\/04\/Abdon1.jpg","_links":{"self":[{"href":"https:\/\/eltrabajo.cl\/portal\/wp-json\/wp\/v2\/media\/45741","targetHints":{"allow":["GET"]}}],"collection":[{"href":"https:\/\/eltrabajo.cl\/portal\/wp-json\/wp\/v2\/media"}],"about":[{"href":"https:\/\/eltrabajo.cl\/portal\/wp-json\/wp\/v2\/types\/attachment"}],"author":[{"embeddable":true,"href":"https:\/\/eltrabajo.cl\/portal\/wp-json\/wp\/v2\/users\/482"}],"replies":[{"embeddable":true,"href":"https:\/\/eltrabajo.cl\/portal\/wp-json\/wp\/v2\/comments?post=45741"}],"wp:attached-to":[{"embeddable":true,"post_type":"post","id":45739,"href":"https:\/\/eltrabajo.cl\/portal\/wp-json\/wp\/v2\/posts\/45739"}],"curies":[{"name":"wp","href":"https:\/\/api.w.org\/{rel}","templated":true}]}}

<p class="attachment"><a href="https://i0.wp.com/eltrabajo.cl/portal/wp-content/uploads/2014/04/Abdon1.jpg?ssl=1"><img loading="lazy" decoding="async" width="300" height="189" src="https://i0.wp.com/eltrabajo.cl/portal/wp-content/uploads/2014/04/Abdon1.jpg?fit=300%2C189&amp;ssl=1" class="attachment-medium size-medium" alt="ABDÓN CIFUENTES.- El Instituto Abdón Cifuentes lució espléndido y llenos de entusiasmo sus estudiantes, el público los premió con sus aplausos." srcset="https://i0.wp.com/eltrabajo.cl/portal/wp-content/uploads/2014/04/Abdon1.jpg?w=529&amp;ssl=1 529w, https://i0.wp.com/eltrabajo.cl/portal/wp-content/uploads/2014/04/Abdon1.jpg?resize=200%2C126&amp;ssl=1 200w, https://i0.wp.com/eltrabajo.cl/portal/wp-content/uploads/2014/04/Abdon1.jpg?resize=300%2C189&amp;ssl=1 300w, https://i0.wp.com/eltrabajo.cl/portal/wp-content/uploads/2014/04/Abdon1.jpg?resize=150%2C94&amp;ssl=1 150w, https://i0.wp.com/eltrabajo.cl/portal/wp-content/uploads/2014/04/Abdon1.jpg?resize=400%2C252&amp;ssl=1 400w" sizes="auto, (max-width: 300px) 100vw, 300px" /></a></p>
<p>ABDÓN CIFUENTES.- El Instituto Abdón Cifuentes lució espléndido y llenos de entusiasmo sus estudiantes, el público los premió con sus aplausos.</p>

<p>ABDÓN CIFUENTES.- El Instituto Abdón Cifuentes lució espléndido y llenos de entusiasmo sus estudiantes, el público los premió con sus aplausos.</p>

ABDÓN CIFUENTES.- El Instituto Abdón Cifuentes lució espléndido y llenos de entusiasmo sus estudiantes, el público los premió con sus aplausos.
