{"id":45746,"date":"2014-04-23T09:58:07","date_gmt":"2014-04-23T12:58:07","guid":{"rendered":"http:\/\/www.eltrabajo.cl\/portal\/wp-content\/uploads\/2014\/04\/Motorizados1.jpg"},"modified":"2014-04-23T09:58:07","modified_gmt":"2014-04-23T12:58:07","slug":"motorizados1","status":"inherit","type":"attachment","link":"https:\/\/eltrabajo.cl\/portal\/miles-disfrutaron-del-acto-civico-militar-en-honor-a-los-87-anos-de-carabineros\/motorizados1\/","title":{"rendered":"Motorizados1"},"author":482,"featured_media":0,"comment_status":"open","ping_status":"closed","template":"","meta":{"advanced_seo_description":"","jetpack_seo_html_title":"","jetpack_seo_noindex":false},"class_list":["post-45746","attachment","type-attachment","status-inherit","hentry"],"jetpack_sharing_enabled":true,"jetpack_likes_enabled":true,"description":{"rendered":"<p class=\"attachment\"><a href=\"https:\/\/i0.wp.com\/eltrabajo.cl\/portal\/wp-content\/uploads\/2014\/04\/Motorizados1.jpg?ssl=1\"><img loading=\"lazy\" decoding=\"async\" width=\"300\" height=\"187\" src=\"https:\/\/i0.wp.com\/eltrabajo.cl\/portal\/wp-content\/uploads\/2014\/04\/Motorizados1.jpg?fit=300%2C187&amp;ssl=1\" class=\"attachment-medium size-medium\" alt=\"MOTORIZADOS.- La Polic\u00eda motorizada de Carabineros desfilaron en sus flamantes motocicletas ante un p\u00fablico siempre regal\u00f3n con sus aplausos.\" srcset=\"https:\/\/i0.wp.com\/eltrabajo.cl\/portal\/wp-content\/uploads\/2014\/04\/Motorizados1.jpg?w=528&amp;ssl=1 528w, https:\/\/i0.wp.com\/eltrabajo.cl\/portal\/wp-content\/uploads\/2014\/04\/Motorizados1.jpg?resize=200%2C125&amp;ssl=1 200w, https:\/\/i0.wp.com\/eltrabajo.cl\/portal\/wp-content\/uploads\/2014\/04\/Motorizados1.jpg?resize=300%2C187&amp;ssl=1 300w, https:\/\/i0.wp.com\/eltrabajo.cl\/portal\/wp-content\/uploads\/2014\/04\/Motorizados1.jpg?resize=150%2C93&amp;ssl=1 150w, https:\/\/i0.wp.com\/eltrabajo.cl\/portal\/wp-content\/uploads\/2014\/04\/Motorizados1.jpg?resize=400%2C250&amp;ssl=1 400w\" sizes=\"auto, (max-width: 300px) 100vw, 300px\" \/><\/a><\/p>\n<p>MOTORIZADOS.- La Polic\u00eda motorizada de Carabineros desfilaron en sus flamantes motocicletas ante un p\u00fablico siempre regal\u00f3n con sus aplausos.<\/p>\n"},"caption":{"rendered":"<p>MOTORIZADOS.- La Polic\u00eda motorizada de Carabineros desfilaron en sus flamantes motocicletas ante un p\u00fablico siempre regal\u00f3n con sus aplausos.<\/p>\n"},"alt_text":"MOTORIZADOS.- La Polic\u00eda motorizada de Carabineros desfilaron en sus flamantes motocicletas ante un p\u00fablico siempre regal\u00f3n con sus aplausos.","media_type":"image","mime_type":"image\/jpeg","media_details":{"width":528,"height":330,"file":"2014\/04\/Motorizados1.jpg","sizes":{"thumbnail":{"file":"Motorizados1-200x125.jpg","width":200,"height":125,"mime_type":"image\/jpeg","source_url":"https:\/\/i0.wp.com\/eltrabajo.cl\/portal\/wp-content\/uploads\/2014\/04\/Motorizados1.jpg?fit=200%2C125&ssl=1"},"medium":{"file":"Motorizados1-300x187.jpg","width":300,"height":187,"mime_type":"image\/jpeg","source_url":"https:\/\/i0.wp.com\/eltrabajo.cl\/portal\/wp-content\/uploads\/2014\/04\/Motorizados1.jpg?fit=300%2C187&ssl=1"},"post-thumbnail":{"file":"Motorizados1-150x93.jpg","width":150,"height":93,"mime_type":"image\/jpeg","source_url":"https:\/\/i0.wp.com\/eltrabajo.cl\/portal\/wp-content\/uploads\/2014\/04\/Motorizados1.jpg?fit=150%2C93&ssl=1"},"single-post-thumbnail":{"file":"Motorizados1-400x250.jpg","width":400,"height":250,"mime_type":"image\/jpeg","source_url":"https:\/\/eltrabajo.cl\/portal\/wp-content\/uploads\/2014\/04\/Motorizados1-400x250.jpg"},"full":{"file":"Motorizados1.jpg?fit=528%2C330&ssl=1","width":528,"height":330,"mime_type":"image\/jpeg","source_url":"https:\/\/i0.wp.com\/eltrabajo.cl\/portal\/wp-content\/uploads\/2014\/04\/Motorizados1.jpg?fit=528%2C330&ssl=1"}},"image_meta":{"aperture":4,"credit":"","camera":"COOLPIX P90","caption":"","created_timestamp":1398171714,"copyright":"","focal_length":"5.9","iso":"64","shutter_speed":"0.0046082949308756","title":""}},"post":45739,"source_url":"https:\/\/eltrabajo.cl\/portal\/wp-content\/uploads\/2014\/04\/Motorizados1.jpg","_links":{"self":[{"href":"https:\/\/eltrabajo.cl\/portal\/wp-json\/wp\/v2\/media\/45746","targetHints":{"allow":["GET"]}}],"collection":[{"href":"https:\/\/eltrabajo.cl\/portal\/wp-json\/wp\/v2\/media"}],"about":[{"href":"https:\/\/eltrabajo.cl\/portal\/wp-json\/wp\/v2\/types\/attachment"}],"author":[{"embeddable":true,"href":"https:\/\/eltrabajo.cl\/portal\/wp-json\/wp\/v2\/users\/482"}],"replies":[{"embeddable":true,"href":"https:\/\/eltrabajo.cl\/portal\/wp-json\/wp\/v2\/comments?post=45746"}],"wp:attached-to":[{"embeddable":true,"post_type":"post","id":45739,"href":"https:\/\/eltrabajo.cl\/portal\/wp-json\/wp\/v2\/posts\/45739"}],"curies":[{"name":"wp","href":"https:\/\/api.w.org\/{rel}","templated":true}]}}

<p class="attachment"><a href="https://i0.wp.com/eltrabajo.cl/portal/wp-content/uploads/2014/04/Motorizados1.jpg?ssl=1"><img loading="lazy" decoding="async" width="300" height="187" src="https://i0.wp.com/eltrabajo.cl/portal/wp-content/uploads/2014/04/Motorizados1.jpg?fit=300%2C187&amp;ssl=1" class="attachment-medium size-medium" alt="MOTORIZADOS.- La Policía motorizada de Carabineros desfilaron en sus flamantes motocicletas ante un público siempre regalón con sus aplausos." srcset="https://i0.wp.com/eltrabajo.cl/portal/wp-content/uploads/2014/04/Motorizados1.jpg?w=528&amp;ssl=1 528w, https://i0.wp.com/eltrabajo.cl/portal/wp-content/uploads/2014/04/Motorizados1.jpg?resize=200%2C125&amp;ssl=1 200w, https://i0.wp.com/eltrabajo.cl/portal/wp-content/uploads/2014/04/Motorizados1.jpg?resize=300%2C187&amp;ssl=1 300w, https://i0.wp.com/eltrabajo.cl/portal/wp-content/uploads/2014/04/Motorizados1.jpg?resize=150%2C93&amp;ssl=1 150w, https://i0.wp.com/eltrabajo.cl/portal/wp-content/uploads/2014/04/Motorizados1.jpg?resize=400%2C250&amp;ssl=1 400w" sizes="auto, (max-width: 300px) 100vw, 300px" /></a></p>
<p>MOTORIZADOS.- La Policía motorizada de Carabineros desfilaron en sus flamantes motocicletas ante un público siempre regalón con sus aplausos.</p>

<p>MOTORIZADOS.- La Policía motorizada de Carabineros desfilaron en sus flamantes motocicletas ante un público siempre regalón con sus aplausos.</p>

MOTORIZADOS.- La Policía motorizada de Carabineros desfilaron en sus flamantes motocicletas ante un público siempre regalón con sus aplausos.
