{"id":45859,"date":"2014-04-25T09:57:39","date_gmt":"2014-04-25T12:57:39","guid":{"rendered":"http:\/\/www.eltrabajo.cl\/portal\/wp-content\/uploads\/2014\/04\/Libros2.jpg"},"modified":"2014-04-25T09:57:39","modified_gmt":"2014-04-25T12:57:39","slug":"libros2-2","status":"inherit","type":"attachment","link":"https:\/\/eltrabajo.cl\/portal\/peques-de-las-cabras-tambien-celebraron-el-dia-del-libro-2014\/libros2-2\/","title":{"rendered":"Libros2"},"author":482,"featured_media":0,"comment_status":"open","ping_status":"closed","template":"","meta":{"advanced_seo_description":"","jetpack_seo_html_title":"","jetpack_seo_noindex":false},"class_list":["post-45859","attachment","type-attachment","status-inherit","hentry"],"jetpack_sharing_enabled":true,"jetpack_likes_enabled":true,"description":{"rendered":"<p class=\"attachment\"><a href=\"https:\/\/i0.wp.com\/eltrabajo.cl\/portal\/wp-content\/uploads\/2014\/04\/Libros2.jpg?ssl=1\"><img loading=\"lazy\" decoding=\"async\" width=\"300\" height=\"185\" src=\"https:\/\/i0.wp.com\/eltrabajo.cl\/portal\/wp-content\/uploads\/2014\/04\/Libros2.jpg?fit=300%2C185&amp;ssl=1\" class=\"attachment-medium size-medium\" alt=\"MUNDO DE FANTAS\u00cdA.- Unos dieciocho estudiantes de 1\u00ba y 2\u00ba B\u00e1sico de la Escuela Aurora Velasco en Las Cabras no quisieron quedarse atr\u00e1s durante la celebraci\u00f3n del D\u00eda Mundial del Libro 2014.\" srcset=\"https:\/\/i0.wp.com\/eltrabajo.cl\/portal\/wp-content\/uploads\/2014\/04\/Libros2.jpg?w=528&amp;ssl=1 528w, https:\/\/i0.wp.com\/eltrabajo.cl\/portal\/wp-content\/uploads\/2014\/04\/Libros2.jpg?resize=200%2C123&amp;ssl=1 200w, https:\/\/i0.wp.com\/eltrabajo.cl\/portal\/wp-content\/uploads\/2014\/04\/Libros2.jpg?resize=300%2C185&amp;ssl=1 300w, https:\/\/i0.wp.com\/eltrabajo.cl\/portal\/wp-content\/uploads\/2014\/04\/Libros2.jpg?resize=150%2C92&amp;ssl=1 150w, https:\/\/i0.wp.com\/eltrabajo.cl\/portal\/wp-content\/uploads\/2014\/04\/Libros2.jpg?resize=400%2C247&amp;ssl=1 400w\" sizes=\"auto, (max-width: 300px) 100vw, 300px\" \/><\/a><\/p>\n<p>MUNDO DE FANTAS\u00cdA.- Unos dieciocho estudiantes de 1\u00ba y 2\u00ba B\u00e1sico de la Escuela Aurora Velasco en Las Cabras no quisieron quedarse atr\u00e1s durante la celebraci\u00f3n del D\u00eda Mundial del Libro 2014.<\/p>\n"},"caption":{"rendered":"<p>MUNDO DE FANTAS\u00cdA.- Unos dieciocho estudiantes de 1\u00ba y 2\u00ba B\u00e1sico de la Escuela Aurora Velasco en Las Cabras no quisieron quedarse atr\u00e1s durante la celebraci\u00f3n del D\u00eda Mundial del Libro 2014.<\/p>\n"},"alt_text":"MUNDO DE FANTAS\u00cdA.- Unos dieciocho estudiantes de 1\u00ba y 2\u00ba B\u00e1sico de la Escuela Aurora Velasco en Las Cabras no quisieron quedarse atr\u00e1s durante la celebraci\u00f3n del D\u00eda Mundial del Libro 2014.","media_type":"image","mime_type":"image\/jpeg","media_details":{"width":528,"height":327,"file":"2014\/04\/Libros2.jpg","sizes":{"thumbnail":{"file":"Libros2-200x123.jpg","width":200,"height":123,"mime_type":"image\/jpeg","source_url":"https:\/\/i0.wp.com\/eltrabajo.cl\/portal\/wp-content\/uploads\/2014\/04\/Libros2.jpg?fit=200%2C123&ssl=1"},"medium":{"file":"Libros2-300x185.jpg","width":300,"height":185,"mime_type":"image\/jpeg","source_url":"https:\/\/i0.wp.com\/eltrabajo.cl\/portal\/wp-content\/uploads\/2014\/04\/Libros2.jpg?fit=300%2C185&ssl=1"},"post-thumbnail":{"file":"Libros2-150x92.jpg","width":150,"height":92,"mime_type":"image\/jpeg","source_url":"https:\/\/i0.wp.com\/eltrabajo.cl\/portal\/wp-content\/uploads\/2014\/04\/Libros2.jpg?fit=150%2C92&ssl=1"},"single-post-thumbnail":{"file":"Libros2-400x247.jpg","width":400,"height":247,"mime_type":"image\/jpeg","source_url":"https:\/\/eltrabajo.cl\/portal\/wp-content\/uploads\/2014\/04\/Libros2-400x247.jpg"},"full":{"file":"Libros2.jpg?fit=528%2C327&ssl=1","width":528,"height":327,"mime_type":"image\/jpeg","source_url":"https:\/\/i0.wp.com\/eltrabajo.cl\/portal\/wp-content\/uploads\/2014\/04\/Libros2.jpg?fit=528%2C327&ssl=1"}},"image_meta":{"aperture":7.0999999999999996447286321199499070644378662109375,"credit":"","camera":"Canon EOS REBEL T1i","caption":"","created_timestamp":1398344929,"copyright":"","focal_length":"20","iso":"400","shutter_speed":"0.005","title":""}},"post":45856,"source_url":"https:\/\/eltrabajo.cl\/portal\/wp-content\/uploads\/2014\/04\/Libros2.jpg","_links":{"self":[{"href":"https:\/\/eltrabajo.cl\/portal\/wp-json\/wp\/v2\/media\/45859","targetHints":{"allow":["GET"]}}],"collection":[{"href":"https:\/\/eltrabajo.cl\/portal\/wp-json\/wp\/v2\/media"}],"about":[{"href":"https:\/\/eltrabajo.cl\/portal\/wp-json\/wp\/v2\/types\/attachment"}],"author":[{"embeddable":true,"href":"https:\/\/eltrabajo.cl\/portal\/wp-json\/wp\/v2\/users\/482"}],"replies":[{"embeddable":true,"href":"https:\/\/eltrabajo.cl\/portal\/wp-json\/wp\/v2\/comments?post=45859"}],"wp:attached-to":[{"embeddable":true,"post_type":"post","id":45856,"href":"https:\/\/eltrabajo.cl\/portal\/wp-json\/wp\/v2\/posts\/45856"}],"curies":[{"name":"wp","href":"https:\/\/api.w.org\/{rel}","templated":true}]}}

<p class="attachment"><a href="https://i0.wp.com/eltrabajo.cl/portal/wp-content/uploads/2014/04/Libros2.jpg?ssl=1"><img loading="lazy" decoding="async" width="300" height="185" src="https://i0.wp.com/eltrabajo.cl/portal/wp-content/uploads/2014/04/Libros2.jpg?fit=300%2C185&amp;ssl=1" class="attachment-medium size-medium" alt="MUNDO DE FANTASÍA.- Unos dieciocho estudiantes de 1º y 2º Básico de la Escuela Aurora Velasco en Las Cabras no quisieron quedarse atrás durante la celebración del Día Mundial del Libro 2014." srcset="https://i0.wp.com/eltrabajo.cl/portal/wp-content/uploads/2014/04/Libros2.jpg?w=528&amp;ssl=1 528w, https://i0.wp.com/eltrabajo.cl/portal/wp-content/uploads/2014/04/Libros2.jpg?resize=200%2C123&amp;ssl=1 200w, https://i0.wp.com/eltrabajo.cl/portal/wp-content/uploads/2014/04/Libros2.jpg?resize=300%2C185&amp;ssl=1 300w, https://i0.wp.com/eltrabajo.cl/portal/wp-content/uploads/2014/04/Libros2.jpg?resize=150%2C92&amp;ssl=1 150w, https://i0.wp.com/eltrabajo.cl/portal/wp-content/uploads/2014/04/Libros2.jpg?resize=400%2C247&amp;ssl=1 400w" sizes="auto, (max-width: 300px) 100vw, 300px" /></a></p>
<p>MUNDO DE FANTASÍA.- Unos dieciocho estudiantes de 1º y 2º Básico de la Escuela Aurora Velasco en Las Cabras no quisieron quedarse atrás durante la celebración del Día Mundial del Libro 2014.</p>

<p>MUNDO DE FANTASÍA.- Unos dieciocho estudiantes de 1º y 2º Básico de la Escuela Aurora Velasco en Las Cabras no quisieron quedarse atrás durante la celebración del Día Mundial del Libro 2014.</p>

MUNDO DE FANTASÍA.- Unos dieciocho estudiantes de 1º y 2º Básico de la Escuela Aurora Velasco en Las Cabras no quisieron quedarse atrás durante la celebración del Día Mundial del Libro 2014.
