{"id":45984,"date":"2014-04-29T09:29:10","date_gmt":"2014-04-29T13:29:10","guid":{"rendered":"http:\/\/www.eltrabajo.cl\/portal\/wp-content\/uploads\/2014\/04\/Eduardo-Leon.jpg"},"modified":"2014-04-29T09:29:10","modified_gmt":"2014-04-29T13:29:10","slug":"eduardo-leon-5","status":"inherit","type":"attachment","link":"https:\/\/eltrabajo.cl\/portal\/se-inicia-entrega-de-pase-adulto-mayor-en-aconcagua\/eduardo-leon-5\/","title":{"rendered":"Eduardo Leon"},"author":482,"featured_media":0,"comment_status":"open","ping_status":"closed","template":"","meta":{"advanced_seo_description":"","jetpack_seo_html_title":"","jetpack_seo_noindex":false},"class_list":["post-45984","attachment","type-attachment","status-inherit","hentry"],"jetpack_sharing_enabled":true,"jetpack_likes_enabled":true,"description":{"rendered":"<p class=\"attachment\"><a href=\"https:\/\/i0.wp.com\/eltrabajo.cl\/portal\/wp-content\/uploads\/2014\/04\/Eduardo-Leon.jpg?ssl=1\"><img loading=\"lazy\" decoding=\"async\" width=\"289\" height=\"300\" src=\"https:\/\/i0.wp.com\/eltrabajo.cl\/portal\/wp-content\/uploads\/2014\/04\/Eduardo-Leon.jpg?fit=289%2C300&amp;ssl=1\" class=\"attachment-medium size-medium\" alt=\"El Gobernador Eduardo Le\u00f3n manifest\u00f3 que esta iniciativa se desarrolla en la zona desde el a\u00f1o 2000.\" srcset=\"https:\/\/i0.wp.com\/eltrabajo.cl\/portal\/wp-content\/uploads\/2014\/04\/Eduardo-Leon.jpg?w=529&amp;ssl=1 529w, https:\/\/i0.wp.com\/eltrabajo.cl\/portal\/wp-content\/uploads\/2014\/04\/Eduardo-Leon.jpg?resize=144%2C150&amp;ssl=1 144w, https:\/\/i0.wp.com\/eltrabajo.cl\/portal\/wp-content\/uploads\/2014\/04\/Eduardo-Leon.jpg?resize=289%2C300&amp;ssl=1 289w, https:\/\/i0.wp.com\/eltrabajo.cl\/portal\/wp-content\/uploads\/2014\/04\/Eduardo-Leon.jpg?resize=400%2C415&amp;ssl=1 400w\" sizes=\"auto, (max-width: 289px) 100vw, 289px\" \/><\/a><\/p>\n<p>El Gobernador Eduardo Le\u00f3n manifest\u00f3 que esta iniciativa se desarrolla en la zona desde el a\u00f1o 2000.<\/p>\n"},"caption":{"rendered":"<p>El Gobernador Eduardo Le\u00f3n manifest\u00f3 que esta iniciativa se desarrolla en la zona desde el a\u00f1o 2000.<\/p>\n"},"alt_text":"El Gobernador Eduardo Le\u00f3n manifest\u00f3 que esta iniciativa se desarrolla en la zona desde el a\u00f1o 2000.","media_type":"image","mime_type":"image\/jpeg","media_details":{"width":529,"height":549,"file":"2014\/04\/Eduardo-Leon.jpg","sizes":{"thumbnail":{"file":"Eduardo-Leon-144x150.jpg","width":144,"height":150,"mime_type":"image\/jpeg","source_url":"https:\/\/i0.wp.com\/eltrabajo.cl\/portal\/wp-content\/uploads\/2014\/04\/Eduardo-Leon.jpg?fit=144%2C150&ssl=1"},"medium":{"file":"Eduardo-Leon-289x300.jpg","width":289,"height":300,"mime_type":"image\/jpeg","source_url":"https:\/\/i0.wp.com\/eltrabajo.cl\/portal\/wp-content\/uploads\/2014\/04\/Eduardo-Leon.jpg?fit=289%2C300&ssl=1"},"post-thumbnail":{"file":"Eduardo-Leon-144x150.jpg","width":144,"height":150,"mime_type":"image\/jpeg","source_url":"https:\/\/i0.wp.com\/eltrabajo.cl\/portal\/wp-content\/uploads\/2014\/04\/Eduardo-Leon.jpg?fit=144%2C150&ssl=1"},"single-post-thumbnail":{"file":"Eduardo-Leon-400x415.jpg","width":400,"height":415,"mime_type":"image\/jpeg","source_url":"https:\/\/eltrabajo.cl\/portal\/wp-content\/uploads\/2014\/04\/Eduardo-Leon-400x415.jpg"},"full":{"file":"Eduardo-Leon.jpg?fit=529%2C549&ssl=1","width":529,"height":549,"mime_type":"image\/jpeg","source_url":"https:\/\/i0.wp.com\/eltrabajo.cl\/portal\/wp-content\/uploads\/2014\/04\/Eduardo-Leon.jpg?fit=529%2C549&ssl=1"}},"image_meta":{"aperture":2.79999999999999982236431605997495353221893310546875,"credit":"","camera":"COOLPIX P90","caption":"","created_timestamp":1398342067,"copyright":"","focal_length":"4.6","iso":"400","shutter_speed":"0.04950495049505","title":""}},"post":45982,"source_url":"https:\/\/eltrabajo.cl\/portal\/wp-content\/uploads\/2014\/04\/Eduardo-Leon.jpg","_links":{"self":[{"href":"https:\/\/eltrabajo.cl\/portal\/wp-json\/wp\/v2\/media\/45984","targetHints":{"allow":["GET"]}}],"collection":[{"href":"https:\/\/eltrabajo.cl\/portal\/wp-json\/wp\/v2\/media"}],"about":[{"href":"https:\/\/eltrabajo.cl\/portal\/wp-json\/wp\/v2\/types\/attachment"}],"author":[{"embeddable":true,"href":"https:\/\/eltrabajo.cl\/portal\/wp-json\/wp\/v2\/users\/482"}],"replies":[{"embeddable":true,"href":"https:\/\/eltrabajo.cl\/portal\/wp-json\/wp\/v2\/comments?post=45984"}],"wp:attached-to":[{"embeddable":true,"post_type":"post","id":45982,"href":"https:\/\/eltrabajo.cl\/portal\/wp-json\/wp\/v2\/posts\/45982"}],"curies":[{"name":"wp","href":"https:\/\/api.w.org\/{rel}","templated":true}]}}

<p class="attachment"><a href="https://i0.wp.com/eltrabajo.cl/portal/wp-content/uploads/2014/04/Eduardo-Leon.jpg?ssl=1"><img loading="lazy" decoding="async" width="289" height="300" src="https://i0.wp.com/eltrabajo.cl/portal/wp-content/uploads/2014/04/Eduardo-Leon.jpg?fit=289%2C300&amp;ssl=1" class="attachment-medium size-medium" alt="El Gobernador Eduardo León manifestó que esta iniciativa se desarrolla en la zona desde el año 2000." srcset="https://i0.wp.com/eltrabajo.cl/portal/wp-content/uploads/2014/04/Eduardo-Leon.jpg?w=529&amp;ssl=1 529w, https://i0.wp.com/eltrabajo.cl/portal/wp-content/uploads/2014/04/Eduardo-Leon.jpg?resize=144%2C150&amp;ssl=1 144w, https://i0.wp.com/eltrabajo.cl/portal/wp-content/uploads/2014/04/Eduardo-Leon.jpg?resize=289%2C300&amp;ssl=1 289w, https://i0.wp.com/eltrabajo.cl/portal/wp-content/uploads/2014/04/Eduardo-Leon.jpg?resize=400%2C415&amp;ssl=1 400w" sizes="auto, (max-width: 289px) 100vw, 289px" /></a></p>
<p>El Gobernador Eduardo León manifestó que esta iniciativa se desarrolla en la zona desde el año 2000.</p>

<p>El Gobernador Eduardo León manifestó que esta iniciativa se desarrolla en la zona desde el año 2000.</p>

El Gobernador Eduardo León manifestó que esta iniciativa se desarrolla en la zona desde el año 2000.
