{"id":45994,"date":"2014-04-29T09:38:25","date_gmt":"2014-04-29T13:38:25","guid":{"rendered":"http:\/\/www.eltrabajo.cl\/portal\/wp-content\/uploads\/2014\/04\/campeonato-2.jpg"},"modified":"2014-04-29T09:38:25","modified_gmt":"2014-04-29T13:38:25","slug":"campeonato-2-2","status":"inherit","type":"attachment","link":"https:\/\/eltrabajo.cl\/portal\/sanfelipenos-ganan-campeonato-provincial-de-cueca\/campeonato-2-2\/","title":{"rendered":"campeonato (2)"},"author":482,"featured_media":0,"comment_status":"open","ping_status":"closed","template":"","meta":{"advanced_seo_description":"","jetpack_seo_html_title":"","jetpack_seo_noindex":false},"class_list":["post-45994","attachment","type-attachment","status-inherit","hentry"],"jetpack_sharing_enabled":true,"jetpack_likes_enabled":true,"description":{"rendered":"<p class=\"attachment\"><a href=\"https:\/\/i0.wp.com\/eltrabajo.cl\/portal\/wp-content\/uploads\/2014\/04\/campeonato-2.jpg?ssl=1\"><img loading=\"lazy\" decoding=\"async\" width=\"300\" height=\"227\" src=\"https:\/\/i0.wp.com\/eltrabajo.cl\/portal\/wp-content\/uploads\/2014\/04\/campeonato-2.jpg?fit=300%2C227&amp;ssl=1\" class=\"attachment-medium size-medium\" alt=\"MUCHA ASISTENCIA.- La actividad parti\u00f3 cerca de las 16:00 horas y cont\u00f3 con la participaci\u00f3n de seis parejas, provenientes de distintas comunas de la provincia, el p\u00fablico supo premiarlos con sus aplausos.\" srcset=\"https:\/\/i0.wp.com\/eltrabajo.cl\/portal\/wp-content\/uploads\/2014\/04\/campeonato-2.jpg?w=528&amp;ssl=1 528w, https:\/\/i0.wp.com\/eltrabajo.cl\/portal\/wp-content\/uploads\/2014\/04\/campeonato-2.jpg?resize=198%2C150&amp;ssl=1 198w, https:\/\/i0.wp.com\/eltrabajo.cl\/portal\/wp-content\/uploads\/2014\/04\/campeonato-2.jpg?resize=300%2C227&amp;ssl=1 300w, https:\/\/i0.wp.com\/eltrabajo.cl\/portal\/wp-content\/uploads\/2014\/04\/campeonato-2.jpg?resize=150%2C113&amp;ssl=1 150w, https:\/\/i0.wp.com\/eltrabajo.cl\/portal\/wp-content\/uploads\/2014\/04\/campeonato-2.jpg?resize=400%2C303&amp;ssl=1 400w\" sizes=\"auto, (max-width: 300px) 100vw, 300px\" \/><\/a><\/p>\n<p>MUCHA ASISTENCIA.- La actividad parti\u00f3 cerca de las 16:00 horas y cont\u00f3 con la participaci\u00f3n de seis parejas, provenientes de distintas comunas de la provincia, el p\u00fablico supo premiarlos con sus aplausos.<\/p>\n"},"caption":{"rendered":"<p>MUCHA ASISTENCIA.- La actividad parti\u00f3 cerca de las 16:00 horas y cont\u00f3 con la participaci\u00f3n de seis parejas, provenientes de distintas comunas de la provincia, el p\u00fablico supo premiarlos con sus aplausos.<\/p>\n"},"alt_text":"MUCHA ASISTENCIA.- La actividad parti\u00f3 cerca de las 16:00 horas y cont\u00f3 con la participaci\u00f3n de seis parejas, provenientes de distintas comunas de la provincia, el p\u00fablico supo premiarlos con sus aplausos.","media_type":"image","mime_type":"image\/jpeg","media_details":{"width":528,"height":400,"file":"2014\/04\/campeonato-2.jpg","sizes":{"thumbnail":{"file":"campeonato-2-198x150.jpg","width":198,"height":150,"mime_type":"image\/jpeg","source_url":"https:\/\/i0.wp.com\/eltrabajo.cl\/portal\/wp-content\/uploads\/2014\/04\/campeonato-2.jpg?fit=198%2C150&ssl=1"},"medium":{"file":"campeonato-2-300x227.jpg","width":300,"height":227,"mime_type":"image\/jpeg","source_url":"https:\/\/i0.wp.com\/eltrabajo.cl\/portal\/wp-content\/uploads\/2014\/04\/campeonato-2.jpg?fit=300%2C227&ssl=1"},"post-thumbnail":{"file":"campeonato-2-150x113.jpg","width":150,"height":113,"mime_type":"image\/jpeg","source_url":"https:\/\/i0.wp.com\/eltrabajo.cl\/portal\/wp-content\/uploads\/2014\/04\/campeonato-2.jpg?fit=150%2C113&ssl=1"},"single-post-thumbnail":{"file":"campeonato-2-400x303.jpg","width":400,"height":303,"mime_type":"image\/jpeg","source_url":"https:\/\/eltrabajo.cl\/portal\/wp-content\/uploads\/2014\/04\/campeonato-2-400x303.jpg"},"full":{"file":"campeonato-2.jpg?fit=528%2C400&ssl=1","width":528,"height":400,"mime_type":"image\/jpeg","source_url":"https:\/\/i0.wp.com\/eltrabajo.cl\/portal\/wp-content\/uploads\/2014\/04\/campeonato-2.jpg?fit=528%2C400&ssl=1"}},"image_meta":{"aperture":4,"credit":"","camera":"NIKON D3000","caption":"","created_timestamp":1398618511,"copyright":"","focal_length":"18","iso":"1600","shutter_speed":"0.002","title":""}},"post":45992,"source_url":"https:\/\/eltrabajo.cl\/portal\/wp-content\/uploads\/2014\/04\/campeonato-2.jpg","_links":{"self":[{"href":"https:\/\/eltrabajo.cl\/portal\/wp-json\/wp\/v2\/media\/45994","targetHints":{"allow":["GET"]}}],"collection":[{"href":"https:\/\/eltrabajo.cl\/portal\/wp-json\/wp\/v2\/media"}],"about":[{"href":"https:\/\/eltrabajo.cl\/portal\/wp-json\/wp\/v2\/types\/attachment"}],"author":[{"embeddable":true,"href":"https:\/\/eltrabajo.cl\/portal\/wp-json\/wp\/v2\/users\/482"}],"replies":[{"embeddable":true,"href":"https:\/\/eltrabajo.cl\/portal\/wp-json\/wp\/v2\/comments?post=45994"}],"wp:attached-to":[{"embeddable":true,"post_type":"post","id":45992,"href":"https:\/\/eltrabajo.cl\/portal\/wp-json\/wp\/v2\/posts\/45992"}],"curies":[{"name":"wp","href":"https:\/\/api.w.org\/{rel}","templated":true}]}}

<p class="attachment"><a href="https://i0.wp.com/eltrabajo.cl/portal/wp-content/uploads/2014/04/campeonato-2.jpg?ssl=1"><img loading="lazy" decoding="async" width="300" height="227" src="https://i0.wp.com/eltrabajo.cl/portal/wp-content/uploads/2014/04/campeonato-2.jpg?fit=300%2C227&amp;ssl=1" class="attachment-medium size-medium" alt="MUCHA ASISTENCIA.- La actividad partió cerca de las 16:00 horas y contó con la participación de seis parejas, provenientes de distintas comunas de la provincia, el público supo premiarlos con sus aplausos." srcset="https://i0.wp.com/eltrabajo.cl/portal/wp-content/uploads/2014/04/campeonato-2.jpg?w=528&amp;ssl=1 528w, https://i0.wp.com/eltrabajo.cl/portal/wp-content/uploads/2014/04/campeonato-2.jpg?resize=198%2C150&amp;ssl=1 198w, https://i0.wp.com/eltrabajo.cl/portal/wp-content/uploads/2014/04/campeonato-2.jpg?resize=300%2C227&amp;ssl=1 300w, https://i0.wp.com/eltrabajo.cl/portal/wp-content/uploads/2014/04/campeonato-2.jpg?resize=150%2C113&amp;ssl=1 150w, https://i0.wp.com/eltrabajo.cl/portal/wp-content/uploads/2014/04/campeonato-2.jpg?resize=400%2C303&amp;ssl=1 400w" sizes="auto, (max-width: 300px) 100vw, 300px" /></a></p>
<p>MUCHA ASISTENCIA.- La actividad partió cerca de las 16:00 horas y contó con la participación de seis parejas, provenientes de distintas comunas de la provincia, el público supo premiarlos con sus aplausos.</p>

<p>MUCHA ASISTENCIA.- La actividad partió cerca de las 16:00 horas y contó con la participación de seis parejas, provenientes de distintas comunas de la provincia, el público supo premiarlos con sus aplausos.</p>

MUCHA ASISTENCIA.- La actividad partió cerca de las 16:00 horas y contó con la participación de seis parejas, provenientes de distintas comunas de la provincia, el público supo premiarlos con sus aplausos.
