{"id":46141,"date":"2014-05-02T10:16:24","date_gmt":"2014-05-02T14:16:24","guid":{"rendered":"http:\/\/www.eltrabajo.cl\/portal\/wp-content\/uploads\/2014\/05\/Medios1.jpg"},"modified":"2014-05-02T10:16:24","modified_gmt":"2014-05-02T14:16:24","slug":"olympus-digital-camera-16","status":"inherit","type":"attachment","link":"https:\/\/eltrabajo.cl\/portal\/baterias-robadas-de-corazon-artificial-ya-fueron-devueltas-a-su-dueno\/olympus-digital-camera-16\/","title":{"rendered":"OLYMPUS DIGITAL CAMERA"},"author":482,"featured_media":0,"comment_status":"open","ping_status":"closed","template":"","meta":{"advanced_seo_description":"","jetpack_seo_html_title":"","jetpack_seo_noindex":false},"class_list":["post-46141","attachment","type-attachment","status-inherit","hentry"],"jetpack_sharing_enabled":true,"jetpack_likes_enabled":true,"description":{"rendered":"<p class=\"attachment\"><a href=\"https:\/\/i0.wp.com\/eltrabajo.cl\/portal\/wp-content\/uploads\/2014\/05\/Medios1.jpg?ssl=1\"><img loading=\"lazy\" decoding=\"async\" width=\"300\" height=\"227\" src=\"https:\/\/i0.wp.com\/eltrabajo.cl\/portal\/wp-content\/uploads\/2014\/05\/Medios1.jpg?fit=300%2C227&amp;ssl=1\" class=\"attachment-medium size-medium\" alt=\"COBERTURA NACIONAL.- Los medios regionales y nacionales tambi\u00e9n brindaron amplia cobertura a este caso, pues la vida de un sanfelipe\u00f1o correr\u00eda peligro inminente de muerte sin esas bater\u00edas.\" srcset=\"https:\/\/i0.wp.com\/eltrabajo.cl\/portal\/wp-content\/uploads\/2014\/05\/Medios1.jpg?w=529&amp;ssl=1 529w, https:\/\/i0.wp.com\/eltrabajo.cl\/portal\/wp-content\/uploads\/2014\/05\/Medios1.jpg?resize=197%2C150&amp;ssl=1 197w, https:\/\/i0.wp.com\/eltrabajo.cl\/portal\/wp-content\/uploads\/2014\/05\/Medios1.jpg?resize=300%2C227&amp;ssl=1 300w, https:\/\/i0.wp.com\/eltrabajo.cl\/portal\/wp-content\/uploads\/2014\/05\/Medios1.jpg?resize=150%2C113&amp;ssl=1 150w, https:\/\/i0.wp.com\/eltrabajo.cl\/portal\/wp-content\/uploads\/2014\/05\/Medios1.jpg?resize=400%2C303&amp;ssl=1 400w\" sizes=\"auto, (max-width: 300px) 100vw, 300px\" \/><\/a><\/p>\n<p>COBERTURA NACIONAL.- Los medios regionales y nacionales tambi\u00e9n brindaron amplia cobertura a este caso, pues la vida de un sanfelipe\u00f1o correr\u00eda peligro inminente de muerte sin esas bater\u00edas.<\/p>\n"},"caption":{"rendered":"<p>COBERTURA NACIONAL.- Los medios regionales y nacionales tambi\u00e9n brindaron amplia cobertura a este caso, pues la vida de un sanfelipe\u00f1o correr\u00eda peligro inminente de muerte sin esas bater\u00edas.<\/p>\n"},"alt_text":"COBERTURA NACIONAL.- Los medios regionales y nacionales tambi\u00e9n brindaron amplia cobertura a este caso, pues la vida de un sanfelipe\u00f1o correr\u00eda peligro inminente de muerte sin esas bater\u00edas.","media_type":"image","mime_type":"image\/jpeg","media_details":{"width":529,"height":401,"file":"2014\/05\/Medios1.jpg","sizes":{"thumbnail":{"file":"Medios1-197x150.jpg","width":197,"height":150,"mime_type":"image\/jpeg","source_url":"https:\/\/i0.wp.com\/eltrabajo.cl\/portal\/wp-content\/uploads\/2014\/05\/Medios1.jpg?fit=197%2C150&ssl=1"},"medium":{"file":"Medios1-300x227.jpg","width":300,"height":227,"mime_type":"image\/jpeg","source_url":"https:\/\/i0.wp.com\/eltrabajo.cl\/portal\/wp-content\/uploads\/2014\/05\/Medios1.jpg?fit=300%2C227&ssl=1"},"post-thumbnail":{"file":"Medios1-150x113.jpg","width":150,"height":113,"mime_type":"image\/jpeg","source_url":"https:\/\/i0.wp.com\/eltrabajo.cl\/portal\/wp-content\/uploads\/2014\/05\/Medios1.jpg?fit=150%2C113&ssl=1"},"single-post-thumbnail":{"file":"Medios1-400x303.jpg","width":400,"height":303,"mime_type":"image\/jpeg","source_url":"https:\/\/eltrabajo.cl\/portal\/wp-content\/uploads\/2014\/05\/Medios1-400x303.jpg"},"full":{"file":"Medios1.jpg?fit=529%2C401&ssl=1","width":529,"height":401,"mime_type":"image\/jpeg","source_url":"https:\/\/i0.wp.com\/eltrabajo.cl\/portal\/wp-content\/uploads\/2014\/05\/Medios1.jpg?fit=529%2C401&ssl=1"}},"image_meta":{"aperture":4.20000000000000017763568394002504646778106689453125,"credit":"","camera":"SP-620UZ","caption":"","created_timestamp":1398952875,"copyright":"","focal_length":"14.6","iso":"200","shutter_speed":"0.00625","title":"OLYMPUS DIGITAL CAMERA"}},"post":46137,"source_url":"https:\/\/eltrabajo.cl\/portal\/wp-content\/uploads\/2014\/05\/Medios1.jpg","_links":{"self":[{"href":"https:\/\/eltrabajo.cl\/portal\/wp-json\/wp\/v2\/media\/46141","targetHints":{"allow":["GET"]}}],"collection":[{"href":"https:\/\/eltrabajo.cl\/portal\/wp-json\/wp\/v2\/media"}],"about":[{"href":"https:\/\/eltrabajo.cl\/portal\/wp-json\/wp\/v2\/types\/attachment"}],"author":[{"embeddable":true,"href":"https:\/\/eltrabajo.cl\/portal\/wp-json\/wp\/v2\/users\/482"}],"replies":[{"embeddable":true,"href":"https:\/\/eltrabajo.cl\/portal\/wp-json\/wp\/v2\/comments?post=46141"}],"wp:attached-to":[{"embeddable":true,"post_type":"post","id":46137,"href":"https:\/\/eltrabajo.cl\/portal\/wp-json\/wp\/v2\/posts\/46137"}],"curies":[{"name":"wp","href":"https:\/\/api.w.org\/{rel}","templated":true}]}}

<p class="attachment"><a href="https://i0.wp.com/eltrabajo.cl/portal/wp-content/uploads/2014/05/Medios1.jpg?ssl=1"><img loading="lazy" decoding="async" width="300" height="227" src="https://i0.wp.com/eltrabajo.cl/portal/wp-content/uploads/2014/05/Medios1.jpg?fit=300%2C227&amp;ssl=1" class="attachment-medium size-medium" alt="COBERTURA NACIONAL.- Los medios regionales y nacionales también brindaron amplia cobertura a este caso, pues la vida de un sanfelipeño correría peligro inminente de muerte sin esas baterías." srcset="https://i0.wp.com/eltrabajo.cl/portal/wp-content/uploads/2014/05/Medios1.jpg?w=529&amp;ssl=1 529w, https://i0.wp.com/eltrabajo.cl/portal/wp-content/uploads/2014/05/Medios1.jpg?resize=197%2C150&amp;ssl=1 197w, https://i0.wp.com/eltrabajo.cl/portal/wp-content/uploads/2014/05/Medios1.jpg?resize=300%2C227&amp;ssl=1 300w, https://i0.wp.com/eltrabajo.cl/portal/wp-content/uploads/2014/05/Medios1.jpg?resize=150%2C113&amp;ssl=1 150w, https://i0.wp.com/eltrabajo.cl/portal/wp-content/uploads/2014/05/Medios1.jpg?resize=400%2C303&amp;ssl=1 400w" sizes="auto, (max-width: 300px) 100vw, 300px" /></a></p>
<p>COBERTURA NACIONAL.- Los medios regionales y nacionales también brindaron amplia cobertura a este caso, pues la vida de un sanfelipeño correría peligro inminente de muerte sin esas baterías.</p>

<p>COBERTURA NACIONAL.- Los medios regionales y nacionales también brindaron amplia cobertura a este caso, pues la vida de un sanfelipeño correría peligro inminente de muerte sin esas baterías.</p>

COBERTURA NACIONAL.- Los medios regionales y nacionales también brindaron amplia cobertura a este caso, pues la vida de un sanfelipeño correría peligro inminente de muerte sin esas baterías.
