{"id":46180,"date":"2014-05-05T09:35:11","date_gmt":"2014-05-05T13:35:11","guid":{"rendered":"http:\/\/www.eltrabajo.cl\/portal\/wp-content\/uploads\/2014\/05\/Morenada1.jpg"},"modified":"2014-05-05T09:35:11","modified_gmt":"2014-05-05T13:35:11","slug":"morenada1","status":"inherit","type":"attachment","link":"https:\/\/eltrabajo.cl\/portal\/miles-de-sanfelipenos-disfrutaron-la-vendimia-2014-en-el-almendral\/morenada1\/","title":{"rendered":"Morenada1"},"author":482,"featured_media":0,"comment_status":"open","ping_status":"closed","template":"","meta":{"advanced_seo_description":"","jetpack_seo_html_title":"","jetpack_seo_noindex":false},"class_list":["post-46180","attachment","type-attachment","status-inherit","hentry"],"jetpack_sharing_enabled":true,"jetpack_likes_enabled":true,"description":{"rendered":"<p class=\"attachment\"><a href=\"https:\/\/i0.wp.com\/eltrabajo.cl\/portal\/wp-content\/uploads\/2014\/05\/Morenada1.jpg?ssl=1\"><img loading=\"lazy\" decoding=\"async\" width=\"300\" height=\"204\" src=\"https:\/\/i0.wp.com\/eltrabajo.cl\/portal\/wp-content\/uploads\/2014\/05\/Morenada1.jpg?fit=300%2C204&amp;ssl=1\" class=\"attachment-medium size-medium\" alt=\"GRAN MORENADA.-M\u00e1s de 5.000 personas visitaron y disfrutaron con la Fiesta de la Vendimia 2014, que se desarroll\u00f3 este s\u00e1bado en el sector de El Almendral y que congreg\u00f3 adem\u00e1s a los artesanos y las vi\u00f1as de todo el Valle de Aconcagua.\" srcset=\"https:\/\/i0.wp.com\/eltrabajo.cl\/portal\/wp-content\/uploads\/2014\/05\/Morenada1.jpg?w=528&amp;ssl=1 528w, https:\/\/i0.wp.com\/eltrabajo.cl\/portal\/wp-content\/uploads\/2014\/05\/Morenada1.jpg?resize=200%2C136&amp;ssl=1 200w, https:\/\/i0.wp.com\/eltrabajo.cl\/portal\/wp-content\/uploads\/2014\/05\/Morenada1.jpg?resize=300%2C204&amp;ssl=1 300w, https:\/\/i0.wp.com\/eltrabajo.cl\/portal\/wp-content\/uploads\/2014\/05\/Morenada1.jpg?resize=150%2C102&amp;ssl=1 150w, https:\/\/i0.wp.com\/eltrabajo.cl\/portal\/wp-content\/uploads\/2014\/05\/Morenada1.jpg?resize=400%2C272&amp;ssl=1 400w\" sizes=\"auto, (max-width: 300px) 100vw, 300px\" \/><\/a><\/p>\n<p>GRAN MORENADA.-M\u00e1s de 5.000 personas visitaron y disfrutaron con la Fiesta de la Vendimia 2014, que se desarroll\u00f3 este s\u00e1bado en el sector de El Almendral y que congreg\u00f3 adem\u00e1s a los artesanos y las vi\u00f1as de todo el Valle de Aconcagua.<\/p>\n"},"caption":{"rendered":"<p>GRAN MORENADA.-M\u00e1s de 5.000 personas visitaron y disfrutaron con la Fiesta de la Vendimia 2014, que se desarroll\u00f3 este s\u00e1bado en el sector de El Almendral y que congreg\u00f3 adem\u00e1s a los artesanos y las vi\u00f1as de todo el Valle de Aconcagua.<\/p>\n"},"alt_text":"GRAN MORENADA.-M\u00e1s de 5.000 personas visitaron y disfrutaron con la Fiesta de la Vendimia 2014, que se desarroll\u00f3 este s\u00e1bado en el sector de El Almendral y que congreg\u00f3 adem\u00e1s a los artesanos y las vi\u00f1as de todo el Valle de Aconcagua.","media_type":"image","mime_type":"image\/jpeg","media_details":{"width":528,"height":360,"file":"2014\/05\/Morenada1.jpg","sizes":{"thumbnail":{"file":"Morenada1-200x136.jpg","width":200,"height":136,"mime_type":"image\/jpeg","source_url":"https:\/\/i0.wp.com\/eltrabajo.cl\/portal\/wp-content\/uploads\/2014\/05\/Morenada1.jpg?fit=200%2C136&ssl=1"},"medium":{"file":"Morenada1-300x204.jpg","width":300,"height":204,"mime_type":"image\/jpeg","source_url":"https:\/\/i0.wp.com\/eltrabajo.cl\/portal\/wp-content\/uploads\/2014\/05\/Morenada1.jpg?fit=300%2C204&ssl=1"},"post-thumbnail":{"file":"Morenada1-150x102.jpg","width":150,"height":102,"mime_type":"image\/jpeg","source_url":"https:\/\/i0.wp.com\/eltrabajo.cl\/portal\/wp-content\/uploads\/2014\/05\/Morenada1.jpg?fit=150%2C102&ssl=1"},"single-post-thumbnail":{"file":"Morenada1-400x272.jpg","width":400,"height":272,"mime_type":"image\/jpeg","source_url":"https:\/\/eltrabajo.cl\/portal\/wp-content\/uploads\/2014\/05\/Morenada1-400x272.jpg"},"full":{"file":"Morenada1.jpg?fit=528%2C360&ssl=1","width":528,"height":360,"mime_type":"image\/jpeg","source_url":"https:\/\/i0.wp.com\/eltrabajo.cl\/portal\/wp-content\/uploads\/2014\/05\/Morenada1.jpg?fit=528%2C360&ssl=1"}},"image_meta":{"aperture":10,"credit":"","camera":"NIKON D3000","caption":"","created_timestamp":1399125139,"copyright":"","focal_length":"18","iso":"1600","shutter_speed":"0.0025","title":""}},"post":46177,"source_url":"https:\/\/eltrabajo.cl\/portal\/wp-content\/uploads\/2014\/05\/Morenada1.jpg","_links":{"self":[{"href":"https:\/\/eltrabajo.cl\/portal\/wp-json\/wp\/v2\/media\/46180","targetHints":{"allow":["GET"]}}],"collection":[{"href":"https:\/\/eltrabajo.cl\/portal\/wp-json\/wp\/v2\/media"}],"about":[{"href":"https:\/\/eltrabajo.cl\/portal\/wp-json\/wp\/v2\/types\/attachment"}],"author":[{"embeddable":true,"href":"https:\/\/eltrabajo.cl\/portal\/wp-json\/wp\/v2\/users\/482"}],"replies":[{"embeddable":true,"href":"https:\/\/eltrabajo.cl\/portal\/wp-json\/wp\/v2\/comments?post=46180"}],"wp:attached-to":[{"embeddable":true,"post_type":"post","id":46177,"href":"https:\/\/eltrabajo.cl\/portal\/wp-json\/wp\/v2\/posts\/46177"}],"curies":[{"name":"wp","href":"https:\/\/api.w.org\/{rel}","templated":true}]}}

<p class="attachment"><a href="https://i0.wp.com/eltrabajo.cl/portal/wp-content/uploads/2014/05/Morenada1.jpg?ssl=1"><img loading="lazy" decoding="async" width="300" height="204" src="https://i0.wp.com/eltrabajo.cl/portal/wp-content/uploads/2014/05/Morenada1.jpg?fit=300%2C204&amp;ssl=1" class="attachment-medium size-medium" alt="GRAN MORENADA.-Más de 5.000 personas visitaron y disfrutaron con la Fiesta de la Vendimia 2014, que se desarrolló este sábado en el sector de El Almendral y que congregó además a los artesanos y las viñas de todo el Valle de Aconcagua." srcset="https://i0.wp.com/eltrabajo.cl/portal/wp-content/uploads/2014/05/Morenada1.jpg?w=528&amp;ssl=1 528w, https://i0.wp.com/eltrabajo.cl/portal/wp-content/uploads/2014/05/Morenada1.jpg?resize=200%2C136&amp;ssl=1 200w, https://i0.wp.com/eltrabajo.cl/portal/wp-content/uploads/2014/05/Morenada1.jpg?resize=300%2C204&amp;ssl=1 300w, https://i0.wp.com/eltrabajo.cl/portal/wp-content/uploads/2014/05/Morenada1.jpg?resize=150%2C102&amp;ssl=1 150w, https://i0.wp.com/eltrabajo.cl/portal/wp-content/uploads/2014/05/Morenada1.jpg?resize=400%2C272&amp;ssl=1 400w" sizes="auto, (max-width: 300px) 100vw, 300px" /></a></p>
<p>GRAN MORENADA.-Más de 5.000 personas visitaron y disfrutaron con la Fiesta de la Vendimia 2014, que se desarrolló este sábado en el sector de El Almendral y que congregó además a los artesanos y las viñas de todo el Valle de Aconcagua.</p>

<p>GRAN MORENADA.-Más de 5.000 personas visitaron y disfrutaron con la Fiesta de la Vendimia 2014, que se desarrolló este sábado en el sector de El Almendral y que congregó además a los artesanos y las viñas de todo el Valle de Aconcagua.</p>

GRAN MORENADA.-Más de 5.000 personas visitaron y disfrutaron con la Fiesta de la Vendimia 2014, que se desarrolló este sábado en el sector de El Almendral y que congregó además a los artesanos y las viñas de todo el Valle de Aconcagua.
