{"id":46182,"date":"2014-05-05T09:35:16","date_gmt":"2014-05-05T13:35:16","guid":{"rendered":"http:\/\/www.eltrabajo.cl\/portal\/wp-content\/uploads\/2014\/05\/Publico1.jpg"},"modified":"2014-05-05T09:35:16","modified_gmt":"2014-05-05T13:35:16","slug":"publico1-5","status":"inherit","type":"attachment","link":"https:\/\/eltrabajo.cl\/portal\/miles-de-sanfelipenos-disfrutaron-la-vendimia-2014-en-el-almendral\/publico1-5\/","title":{"rendered":"Publico1"},"author":482,"featured_media":0,"comment_status":"open","ping_status":"closed","template":"","meta":{"advanced_seo_description":"","jetpack_seo_html_title":"","jetpack_seo_noindex":false},"class_list":["post-46182","attachment","type-attachment","status-inherit","hentry"],"jetpack_sharing_enabled":true,"jetpack_likes_enabled":true,"description":{"rendered":"<p class=\"attachment\"><a href=\"https:\/\/i0.wp.com\/eltrabajo.cl\/portal\/wp-content\/uploads\/2014\/05\/Publico1.jpg?ssl=1\"><img loading=\"lazy\" decoding=\"async\" width=\"300\" height=\"233\" src=\"https:\/\/i0.wp.com\/eltrabajo.cl\/portal\/wp-content\/uploads\/2014\/05\/Publico1.jpg?fit=300%2C233&amp;ssl=1\" class=\"attachment-medium size-medium\" alt=\"GRAN ASISTENCIA.- Rescatando una tradici\u00f3n que por muchos a\u00f1os se mantuvo olvidada, el Departamento de Turismo de la Municipalidad de San Felipe organiz\u00f3 una nueva versi\u00f3n y este s\u00e1bado 3 de mayo dio vida a la Fiesta de la Vendimia.\" srcset=\"https:\/\/i0.wp.com\/eltrabajo.cl\/portal\/wp-content\/uploads\/2014\/05\/Publico1.jpg?w=529&amp;ssl=1 529w, https:\/\/i0.wp.com\/eltrabajo.cl\/portal\/wp-content\/uploads\/2014\/05\/Publico1.jpg?resize=193%2C150&amp;ssl=1 193w, https:\/\/i0.wp.com\/eltrabajo.cl\/portal\/wp-content\/uploads\/2014\/05\/Publico1.jpg?resize=300%2C233&amp;ssl=1 300w, https:\/\/i0.wp.com\/eltrabajo.cl\/portal\/wp-content\/uploads\/2014\/05\/Publico1.jpg?resize=150%2C116&amp;ssl=1 150w, https:\/\/i0.wp.com\/eltrabajo.cl\/portal\/wp-content\/uploads\/2014\/05\/Publico1.jpg?resize=400%2C310&amp;ssl=1 400w\" sizes=\"auto, (max-width: 300px) 100vw, 300px\" \/><\/a><\/p>\n<p>GRAN ASISTENCIA.- Rescatando una tradici\u00f3n que por muchos a\u00f1os se mantuvo olvidada, el Departamento de Turismo de la Municipalidad de San Felipe organiz\u00f3 una nueva versi\u00f3n y este s\u00e1bado 3 de mayo dio vida a la Fiesta de la Vendimia.<\/p>\n"},"caption":{"rendered":"<p>GRAN ASISTENCIA.- Rescatando una tradici\u00f3n que por muchos a\u00f1os se mantuvo olvidada, el Departamento de Turismo de la Municipalidad de San Felipe organiz\u00f3 una nueva versi\u00f3n y este s\u00e1bado 3 de mayo dio vida a la Fiesta de la Vendimia.<\/p>\n"},"alt_text":"GRAN ASISTENCIA.- Rescatando una tradici\u00f3n que por muchos a\u00f1os se mantuvo olvidada, el Departamento de Turismo de la Municipalidad de San Felipe organiz\u00f3 una nueva versi\u00f3n y este s\u00e1bado 3 de mayo dio vida a la Fiesta de la Vendimia.","media_type":"image","mime_type":"image\/jpeg","media_details":{"width":529,"height":411,"file":"2014\/05\/Publico1.jpg","sizes":{"thumbnail":{"file":"Publico1-193x150.jpg","width":193,"height":150,"mime_type":"image\/jpeg","source_url":"https:\/\/i0.wp.com\/eltrabajo.cl\/portal\/wp-content\/uploads\/2014\/05\/Publico1.jpg?fit=193%2C150&ssl=1"},"medium":{"file":"Publico1-300x233.jpg","width":300,"height":233,"mime_type":"image\/jpeg","source_url":"https:\/\/i0.wp.com\/eltrabajo.cl\/portal\/wp-content\/uploads\/2014\/05\/Publico1.jpg?fit=300%2C233&ssl=1"},"post-thumbnail":{"file":"Publico1-150x116.jpg","width":150,"height":116,"mime_type":"image\/jpeg","source_url":"https:\/\/i0.wp.com\/eltrabajo.cl\/portal\/wp-content\/uploads\/2014\/05\/Publico1.jpg?fit=150%2C116&ssl=1"},"single-post-thumbnail":{"file":"Publico1-400x310.jpg","width":400,"height":310,"mime_type":"image\/jpeg","source_url":"https:\/\/eltrabajo.cl\/portal\/wp-content\/uploads\/2014\/05\/Publico1-400x310.jpg"},"full":{"file":"Publico1.jpg?fit=529%2C411&ssl=1","width":529,"height":411,"mime_type":"image\/jpeg","source_url":"https:\/\/i0.wp.com\/eltrabajo.cl\/portal\/wp-content\/uploads\/2014\/05\/Publico1.jpg?fit=529%2C411&ssl=1"}},"image_meta":{"aperture":6.29999999999999982236431605997495353221893310546875,"credit":"","camera":"NIKON D3000","caption":"","created_timestamp":1399140207,"copyright":"","focal_length":"55","iso":"1600","shutter_speed":"0.005","title":""}},"post":46177,"source_url":"https:\/\/eltrabajo.cl\/portal\/wp-content\/uploads\/2014\/05\/Publico1.jpg","_links":{"self":[{"href":"https:\/\/eltrabajo.cl\/portal\/wp-json\/wp\/v2\/media\/46182","targetHints":{"allow":["GET"]}}],"collection":[{"href":"https:\/\/eltrabajo.cl\/portal\/wp-json\/wp\/v2\/media"}],"about":[{"href":"https:\/\/eltrabajo.cl\/portal\/wp-json\/wp\/v2\/types\/attachment"}],"author":[{"embeddable":true,"href":"https:\/\/eltrabajo.cl\/portal\/wp-json\/wp\/v2\/users\/482"}],"replies":[{"embeddable":true,"href":"https:\/\/eltrabajo.cl\/portal\/wp-json\/wp\/v2\/comments?post=46182"}],"wp:attached-to":[{"embeddable":true,"post_type":"post","id":46177,"href":"https:\/\/eltrabajo.cl\/portal\/wp-json\/wp\/v2\/posts\/46177"}],"curies":[{"name":"wp","href":"https:\/\/api.w.org\/{rel}","templated":true}]}}

<p class="attachment"><a href="https://i0.wp.com/eltrabajo.cl/portal/wp-content/uploads/2014/05/Publico1.jpg?ssl=1"><img loading="lazy" decoding="async" width="300" height="233" src="https://i0.wp.com/eltrabajo.cl/portal/wp-content/uploads/2014/05/Publico1.jpg?fit=300%2C233&amp;ssl=1" class="attachment-medium size-medium" alt="GRAN ASISTENCIA.- Rescatando una tradición que por muchos años se mantuvo olvidada, el Departamento de Turismo de la Municipalidad de San Felipe organizó una nueva versión y este sábado 3 de mayo dio vida a la Fiesta de la Vendimia." srcset="https://i0.wp.com/eltrabajo.cl/portal/wp-content/uploads/2014/05/Publico1.jpg?w=529&amp;ssl=1 529w, https://i0.wp.com/eltrabajo.cl/portal/wp-content/uploads/2014/05/Publico1.jpg?resize=193%2C150&amp;ssl=1 193w, https://i0.wp.com/eltrabajo.cl/portal/wp-content/uploads/2014/05/Publico1.jpg?resize=300%2C233&amp;ssl=1 300w, https://i0.wp.com/eltrabajo.cl/portal/wp-content/uploads/2014/05/Publico1.jpg?resize=150%2C116&amp;ssl=1 150w, https://i0.wp.com/eltrabajo.cl/portal/wp-content/uploads/2014/05/Publico1.jpg?resize=400%2C310&amp;ssl=1 400w" sizes="auto, (max-width: 300px) 100vw, 300px" /></a></p>
<p>GRAN ASISTENCIA.- Rescatando una tradición que por muchos años se mantuvo olvidada, el Departamento de Turismo de la Municipalidad de San Felipe organizó una nueva versión y este sábado 3 de mayo dio vida a la Fiesta de la Vendimia.</p>

<p>GRAN ASISTENCIA.- Rescatando una tradición que por muchos años se mantuvo olvidada, el Departamento de Turismo de la Municipalidad de San Felipe organizó una nueva versión y este sábado 3 de mayo dio vida a la Fiesta de la Vendimia.</p>

GRAN ASISTENCIA.- Rescatando una tradición que por muchos años se mantuvo olvidada, el Departamento de Turismo de la Municipalidad de San Felipe organizó una nueva versión y este sábado 3 de mayo dio vida a la Fiesta de la Vendimia.
