{"id":46190,"date":"2014-05-05T09:41:03","date_gmt":"2014-05-05T13:41:03","guid":{"rendered":"http:\/\/www.eltrabajo.cl\/portal\/wp-content\/uploads\/2014\/05\/jorge-jara-alcalde-subrogante.jpg"},"modified":"2014-05-05T09:41:03","modified_gmt":"2014-05-05T13:41:03","slug":"jorge-jara-alcalde-subrogante","status":"inherit","type":"attachment","link":"https:\/\/eltrabajo.cl\/portal\/auditores-amigos-y-autoridades-celebraron-primer-aniversario-de-radio-10\/jorge-jara-alcalde-subrogante\/","title":{"rendered":"jorge jara alcalde subrogante"},"author":482,"featured_media":0,"comment_status":"open","ping_status":"closed","template":"","meta":{"advanced_seo_description":"","jetpack_seo_html_title":"","jetpack_seo_noindex":false},"class_list":["post-46190","attachment","type-attachment","status-inherit","hentry"],"jetpack_sharing_enabled":true,"jetpack_likes_enabled":true,"description":{"rendered":"<p class=\"attachment\"><a href=\"https:\/\/i0.wp.com\/eltrabajo.cl\/portal\/wp-content\/uploads\/2014\/05\/jorge-jara-alcalde-subrogante.jpg?ssl=1\"><img loading=\"lazy\" decoding=\"async\" width=\"291\" height=\"300\" src=\"https:\/\/i0.wp.com\/eltrabajo.cl\/portal\/wp-content\/uploads\/2014\/05\/jorge-jara-alcalde-subrogante.jpg?fit=291%2C300&amp;ssl=1\" class=\"attachment-medium size-medium\" alt=\"AUTORIDADES.- Jorge Jara, en su calidad de Alcalde subrogante, nos visit\u00f3 en representaci\u00f3n de Alcalde Patricio Freire, compartiendo con nuestro panel cerca del medio d\u00eda.\" srcset=\"https:\/\/i0.wp.com\/eltrabajo.cl\/portal\/wp-content\/uploads\/2014\/05\/jorge-jara-alcalde-subrogante.jpg?w=529&amp;ssl=1 529w, https:\/\/i0.wp.com\/eltrabajo.cl\/portal\/wp-content\/uploads\/2014\/05\/jorge-jara-alcalde-subrogante.jpg?resize=145%2C150&amp;ssl=1 145w, https:\/\/i0.wp.com\/eltrabajo.cl\/portal\/wp-content\/uploads\/2014\/05\/jorge-jara-alcalde-subrogante.jpg?resize=291%2C300&amp;ssl=1 291w, https:\/\/i0.wp.com\/eltrabajo.cl\/portal\/wp-content\/uploads\/2014\/05\/jorge-jara-alcalde-subrogante.jpg?resize=400%2C412&amp;ssl=1 400w\" sizes=\"auto, (max-width: 291px) 100vw, 291px\" \/><\/a><\/p>\n<p>AUTORIDADES.- Jorge Jara, en su calidad de Alcalde subrogante, nos visit\u00f3 en representaci\u00f3n de Alcalde Patricio Freire, compartiendo con nuestro panel cerca del medio d\u00eda.<\/p>\n"},"caption":{"rendered":"<p>AUTORIDADES.- Jorge Jara, en su calidad de Alcalde subrogante, nos visit\u00f3 en representaci\u00f3n de Alcalde Patricio Freire, compartiendo con nuestro panel cerca del medio d\u00eda.<\/p>\n"},"alt_text":"AUTORIDADES.- Jorge Jara, en su calidad de Alcalde subrogante, nos visit\u00f3 en representaci\u00f3n de Alcalde Patricio Freire, compartiendo con nuestro panel cerca del medio d\u00eda.","media_type":"image","mime_type":"image\/jpeg","media_details":{"width":529,"height":545,"file":"2014\/05\/jorge-jara-alcalde-subrogante.jpg","sizes":{"thumbnail":{"file":"jorge-jara-alcalde-subrogante-145x150.jpg","width":145,"height":150,"mime_type":"image\/jpeg","source_url":"https:\/\/i0.wp.com\/eltrabajo.cl\/portal\/wp-content\/uploads\/2014\/05\/jorge-jara-alcalde-subrogante.jpg?fit=145%2C150&ssl=1"},"medium":{"file":"jorge-jara-alcalde-subrogante-291x300.jpg","width":291,"height":300,"mime_type":"image\/jpeg","source_url":"https:\/\/i0.wp.com\/eltrabajo.cl\/portal\/wp-content\/uploads\/2014\/05\/jorge-jara-alcalde-subrogante.jpg?fit=291%2C300&ssl=1"},"post-thumbnail":{"file":"jorge-jara-alcalde-subrogante-145x150.jpg","width":145,"height":150,"mime_type":"image\/jpeg","source_url":"https:\/\/i0.wp.com\/eltrabajo.cl\/portal\/wp-content\/uploads\/2014\/05\/jorge-jara-alcalde-subrogante.jpg?fit=145%2C150&ssl=1"},"single-post-thumbnail":{"file":"jorge-jara-alcalde-subrogante-400x412.jpg","width":400,"height":412,"mime_type":"image\/jpeg","source_url":"https:\/\/eltrabajo.cl\/portal\/wp-content\/uploads\/2014\/05\/jorge-jara-alcalde-subrogante-400x412.jpg"},"full":{"file":"jorge-jara-alcalde-subrogante.jpg?fit=529%2C545&ssl=1","width":529,"height":545,"mime_type":"image\/jpeg","source_url":"https:\/\/i0.wp.com\/eltrabajo.cl\/portal\/wp-content\/uploads\/2014\/05\/jorge-jara-alcalde-subrogante.jpg?fit=529%2C545&ssl=1"}},"image_meta":{"aperture":3.5,"credit":"","camera":"COOLPIX P90","caption":"","created_timestamp":1399037871,"copyright":"","focal_length":"9.2","iso":"400","shutter_speed":"0.028248587570621","title":""}},"post":46186,"source_url":"https:\/\/eltrabajo.cl\/portal\/wp-content\/uploads\/2014\/05\/jorge-jara-alcalde-subrogante.jpg","_links":{"self":[{"href":"https:\/\/eltrabajo.cl\/portal\/wp-json\/wp\/v2\/media\/46190","targetHints":{"allow":["GET"]}}],"collection":[{"href":"https:\/\/eltrabajo.cl\/portal\/wp-json\/wp\/v2\/media"}],"about":[{"href":"https:\/\/eltrabajo.cl\/portal\/wp-json\/wp\/v2\/types\/attachment"}],"author":[{"embeddable":true,"href":"https:\/\/eltrabajo.cl\/portal\/wp-json\/wp\/v2\/users\/482"}],"replies":[{"embeddable":true,"href":"https:\/\/eltrabajo.cl\/portal\/wp-json\/wp\/v2\/comments?post=46190"}],"wp:attached-to":[{"embeddable":true,"post_type":"post","id":46186,"href":"https:\/\/eltrabajo.cl\/portal\/wp-json\/wp\/v2\/posts\/46186"}],"curies":[{"name":"wp","href":"https:\/\/api.w.org\/{rel}","templated":true}]}}

<p class="attachment"><a href="https://i0.wp.com/eltrabajo.cl/portal/wp-content/uploads/2014/05/jorge-jara-alcalde-subrogante.jpg?ssl=1"><img loading="lazy" decoding="async" width="291" height="300" src="https://i0.wp.com/eltrabajo.cl/portal/wp-content/uploads/2014/05/jorge-jara-alcalde-subrogante.jpg?fit=291%2C300&amp;ssl=1" class="attachment-medium size-medium" alt="AUTORIDADES.- Jorge Jara, en su calidad de Alcalde subrogante, nos visitó en representación de Alcalde Patricio Freire, compartiendo con nuestro panel cerca del medio día." srcset="https://i0.wp.com/eltrabajo.cl/portal/wp-content/uploads/2014/05/jorge-jara-alcalde-subrogante.jpg?w=529&amp;ssl=1 529w, https://i0.wp.com/eltrabajo.cl/portal/wp-content/uploads/2014/05/jorge-jara-alcalde-subrogante.jpg?resize=145%2C150&amp;ssl=1 145w, https://i0.wp.com/eltrabajo.cl/portal/wp-content/uploads/2014/05/jorge-jara-alcalde-subrogante.jpg?resize=291%2C300&amp;ssl=1 291w, https://i0.wp.com/eltrabajo.cl/portal/wp-content/uploads/2014/05/jorge-jara-alcalde-subrogante.jpg?resize=400%2C412&amp;ssl=1 400w" sizes="auto, (max-width: 291px) 100vw, 291px" /></a></p>
<p>AUTORIDADES.- Jorge Jara, en su calidad de Alcalde subrogante, nos visitó en representación de Alcalde Patricio Freire, compartiendo con nuestro panel cerca del medio día.</p>

<p>AUTORIDADES.- Jorge Jara, en su calidad de Alcalde subrogante, nos visitó en representación de Alcalde Patricio Freire, compartiendo con nuestro panel cerca del medio día.</p>

AUTORIDADES.- Jorge Jara, en su calidad de Alcalde subrogante, nos visitó en representación de Alcalde Patricio Freire, compartiendo con nuestro panel cerca del medio día.
