{"id":46326,"date":"2014-05-08T09:31:51","date_gmt":"2014-05-08T13:31:51","guid":{"rendered":"http:\/\/www.eltrabajo.cl\/portal\/wp-content\/uploads\/2014\/05\/ANTES-Y-DESPUES.jpg"},"modified":"2014-05-08T09:31:51","modified_gmt":"2014-05-08T13:31:51","slug":"antes-y-despues","status":"inherit","type":"attachment","link":"https:\/\/eltrabajo.cl\/portal\/este-lunes-inicia-la-segunda-campana-de-implantes-en-porcelana-y-titanio\/antes-y-despues\/","title":{"rendered":"ANTES Y DESPUES"},"author":482,"featured_media":0,"comment_status":"open","ping_status":"closed","template":"","meta":{"advanced_seo_description":"","jetpack_seo_html_title":"","jetpack_seo_noindex":false},"class_list":["post-46326","attachment","type-attachment","status-inherit","hentry"],"jetpack_sharing_enabled":true,"jetpack_likes_enabled":true,"description":{"rendered":"<p class=\"attachment\"><a href=\"https:\/\/i0.wp.com\/eltrabajo.cl\/portal\/wp-content\/uploads\/2014\/05\/ANTES-Y-DESPUES.jpg?ssl=1\"><img loading=\"lazy\" decoding=\"async\" width=\"300\" height=\"171\" src=\"https:\/\/i0.wp.com\/eltrabajo.cl\/portal\/wp-content\/uploads\/2014\/05\/ANTES-Y-DESPUES.jpg?fit=300%2C171&amp;ssl=1\" class=\"attachment-medium size-medium\" alt=\"ANTES Y DESPU\u00c9S.- \u2018Pablo\u2019 mostr\u00f3 su sonrisa a nuestro medio, este usuario de los servicios m\u00e9dicos que Se-Dent ofrece, asegur\u00f3 que \u00e9l \u2018volvi\u00f3 a la vida\u2019 desde que se puso estos implantes.\" srcset=\"https:\/\/i0.wp.com\/eltrabajo.cl\/portal\/wp-content\/uploads\/2014\/05\/ANTES-Y-DESPUES.jpg?w=529&amp;ssl=1 529w, https:\/\/i0.wp.com\/eltrabajo.cl\/portal\/wp-content\/uploads\/2014\/05\/ANTES-Y-DESPUES.jpg?resize=200%2C114&amp;ssl=1 200w, https:\/\/i0.wp.com\/eltrabajo.cl\/portal\/wp-content\/uploads\/2014\/05\/ANTES-Y-DESPUES.jpg?resize=300%2C171&amp;ssl=1 300w, https:\/\/i0.wp.com\/eltrabajo.cl\/portal\/wp-content\/uploads\/2014\/05\/ANTES-Y-DESPUES.jpg?resize=150%2C85&amp;ssl=1 150w, https:\/\/i0.wp.com\/eltrabajo.cl\/portal\/wp-content\/uploads\/2014\/05\/ANTES-Y-DESPUES.jpg?resize=400%2C228&amp;ssl=1 400w\" sizes=\"auto, (max-width: 300px) 100vw, 300px\" \/><\/a><\/p>\n<p>ANTES Y DESPU\u00c9S.- \u2018Pablo\u2019 mostr\u00f3 su sonrisa a nuestro medio, este usuario de los servicios m\u00e9dicos que Se-Dent ofrece, asegur\u00f3 que \u00e9l \u2018volvi\u00f3 a la vida\u2019 desde que se puso estos implantes.<\/p>\n"},"caption":{"rendered":"<p>ANTES Y DESPU\u00c9S.- \u2018Pablo\u2019 mostr\u00f3 su sonrisa a nuestro medio, este usuario de los servicios m\u00e9dicos que Se-Dent ofrece, asegur\u00f3 que \u00e9l \u2018volvi\u00f3 a la vida\u2019 desde que se puso estos implantes.<\/p>\n"},"alt_text":"ANTES Y DESPU\u00c9S.- \u2018Pablo\u2019 mostr\u00f3 su sonrisa a nuestro medio, este usuario de los servicios m\u00e9dicos que Se-Dent ofrece, asegur\u00f3 que \u00e9l \u2018volvi\u00f3 a la vida\u2019 desde que se puso estos implantes.","media_type":"image","mime_type":"image\/jpeg","media_details":{"width":529,"height":302,"file":"2014\/05\/ANTES-Y-DESPUES.jpg","sizes":{"thumbnail":{"file":"ANTES-Y-DESPUES-200x114.jpg","width":200,"height":114,"mime_type":"image\/jpeg","source_url":"https:\/\/i0.wp.com\/eltrabajo.cl\/portal\/wp-content\/uploads\/2014\/05\/ANTES-Y-DESPUES.jpg?fit=200%2C114&ssl=1"},"medium":{"file":"ANTES-Y-DESPUES-300x171.jpg","width":300,"height":171,"mime_type":"image\/jpeg","source_url":"https:\/\/i0.wp.com\/eltrabajo.cl\/portal\/wp-content\/uploads\/2014\/05\/ANTES-Y-DESPUES.jpg?fit=300%2C171&ssl=1"},"post-thumbnail":{"file":"ANTES-Y-DESPUES-150x85.jpg","width":150,"height":85,"mime_type":"image\/jpeg","source_url":"https:\/\/i0.wp.com\/eltrabajo.cl\/portal\/wp-content\/uploads\/2014\/05\/ANTES-Y-DESPUES.jpg?fit=150%2C85&ssl=1"},"single-post-thumbnail":{"file":"ANTES-Y-DESPUES-400x228.jpg","width":400,"height":228,"mime_type":"image\/jpeg","source_url":"https:\/\/eltrabajo.cl\/portal\/wp-content\/uploads\/2014\/05\/ANTES-Y-DESPUES-400x228.jpg"},"full":{"file":"ANTES-Y-DESPUES.jpg?fit=529%2C302&ssl=1","width":529,"height":302,"mime_type":"image\/jpeg","source_url":"https:\/\/i0.wp.com\/eltrabajo.cl\/portal\/wp-content\/uploads\/2014\/05\/ANTES-Y-DESPUES.jpg?fit=529%2C302&ssl=1"}},"image_meta":{"aperture":0,"credit":"","camera":"","caption":"","created_timestamp":0,"copyright":"","focal_length":0,"iso":0,"shutter_speed":0,"title":""}},"post":46324,"source_url":"https:\/\/eltrabajo.cl\/portal\/wp-content\/uploads\/2014\/05\/ANTES-Y-DESPUES.jpg","_links":{"self":[{"href":"https:\/\/eltrabajo.cl\/portal\/wp-json\/wp\/v2\/media\/46326","targetHints":{"allow":["GET"]}}],"collection":[{"href":"https:\/\/eltrabajo.cl\/portal\/wp-json\/wp\/v2\/media"}],"about":[{"href":"https:\/\/eltrabajo.cl\/portal\/wp-json\/wp\/v2\/types\/attachment"}],"author":[{"embeddable":true,"href":"https:\/\/eltrabajo.cl\/portal\/wp-json\/wp\/v2\/users\/482"}],"replies":[{"embeddable":true,"href":"https:\/\/eltrabajo.cl\/portal\/wp-json\/wp\/v2\/comments?post=46326"}],"wp:attached-to":[{"embeddable":true,"post_type":"post","id":46324,"href":"https:\/\/eltrabajo.cl\/portal\/wp-json\/wp\/v2\/posts\/46324"}],"curies":[{"name":"wp","href":"https:\/\/api.w.org\/{rel}","templated":true}]}}

<p class="attachment"><a href="https://i0.wp.com/eltrabajo.cl/portal/wp-content/uploads/2014/05/ANTES-Y-DESPUES.jpg?ssl=1"><img loading="lazy" decoding="async" width="300" height="171" src="https://i0.wp.com/eltrabajo.cl/portal/wp-content/uploads/2014/05/ANTES-Y-DESPUES.jpg?fit=300%2C171&amp;ssl=1" class="attachment-medium size-medium" alt="ANTES Y DESPUÉS.- ‘Pablo’ mostró su sonrisa a nuestro medio, este usuario de los servicios médicos que Se-Dent ofrece, aseguró que él ‘volvió a la vida’ desde que se puso estos implantes." srcset="https://i0.wp.com/eltrabajo.cl/portal/wp-content/uploads/2014/05/ANTES-Y-DESPUES.jpg?w=529&amp;ssl=1 529w, https://i0.wp.com/eltrabajo.cl/portal/wp-content/uploads/2014/05/ANTES-Y-DESPUES.jpg?resize=200%2C114&amp;ssl=1 200w, https://i0.wp.com/eltrabajo.cl/portal/wp-content/uploads/2014/05/ANTES-Y-DESPUES.jpg?resize=300%2C171&amp;ssl=1 300w, https://i0.wp.com/eltrabajo.cl/portal/wp-content/uploads/2014/05/ANTES-Y-DESPUES.jpg?resize=150%2C85&amp;ssl=1 150w, https://i0.wp.com/eltrabajo.cl/portal/wp-content/uploads/2014/05/ANTES-Y-DESPUES.jpg?resize=400%2C228&amp;ssl=1 400w" sizes="auto, (max-width: 300px) 100vw, 300px" /></a></p>
<p>ANTES Y DESPUÉS.- ‘Pablo’ mostró su sonrisa a nuestro medio, este usuario de los servicios médicos que Se-Dent ofrece, aseguró que él ‘volvió a la vida’ desde que se puso estos implantes.</p>

<p>ANTES Y DESPUÉS.- ‘Pablo’ mostró su sonrisa a nuestro medio, este usuario de los servicios médicos que Se-Dent ofrece, aseguró que él ‘volvió a la vida’ desde que se puso estos implantes.</p>

ANTES Y DESPUÉS.- ‘Pablo’ mostró su sonrisa a nuestro medio, este usuario de los servicios médicos que Se-Dent ofrece, aseguró que él ‘volvió a la vida’ desde que se puso estos implantes.
