{"id":46400,"date":"2014-05-09T09:44:30","date_gmt":"2014-05-09T13:44:30","guid":{"rendered":"http:\/\/www.eltrabajo.cl\/portal\/wp-content\/uploads\/2014\/05\/Regalona2.jpg"},"modified":"2014-05-09T09:44:30","modified_gmt":"2014-05-09T13:44:30","slug":"regalona2","status":"inherit","type":"attachment","link":"https:\/\/eltrabajo.cl\/portal\/despampanante-sanfelipena-nos-representa-en-las-regiones-cantan-2014\/regalona2\/","title":{"rendered":"Regalona2"},"author":482,"featured_media":0,"comment_status":"open","ping_status":"closed","template":"","meta":{"advanced_seo_description":"","jetpack_seo_html_title":"","jetpack_seo_noindex":false},"class_list":["post-46400","attachment","type-attachment","status-inherit","hentry"],"jetpack_sharing_enabled":true,"jetpack_likes_enabled":true,"description":{"rendered":"<p class=\"attachment\"><a href=\"https:\/\/i0.wp.com\/eltrabajo.cl\/portal\/wp-content\/uploads\/2014\/05\/Regalona2.jpg?ssl=1\"><img loading=\"lazy\" decoding=\"async\" width=\"300\" height=\"203\" src=\"https:\/\/i0.wp.com\/eltrabajo.cl\/portal\/wp-content\/uploads\/2014\/05\/Regalona2.jpg?fit=300%2C203&amp;ssl=1\" class=\"attachment-medium size-medium\" alt=\"DE ARMAS TOMAR.- Paula Portal tiene 18 a\u00f1os; es soltera y sin compromisos; est\u00e1 dedicando su A\u00f1o sab\u00e1tico a estudiar y hacer m\u00fasica.\" srcset=\"https:\/\/i0.wp.com\/eltrabajo.cl\/portal\/wp-content\/uploads\/2014\/05\/Regalona2.jpg?w=529&amp;ssl=1 529w, https:\/\/i0.wp.com\/eltrabajo.cl\/portal\/wp-content\/uploads\/2014\/05\/Regalona2.jpg?resize=200%2C135&amp;ssl=1 200w, https:\/\/i0.wp.com\/eltrabajo.cl\/portal\/wp-content\/uploads\/2014\/05\/Regalona2.jpg?resize=300%2C203&amp;ssl=1 300w, https:\/\/i0.wp.com\/eltrabajo.cl\/portal\/wp-content\/uploads\/2014\/05\/Regalona2.jpg?resize=150%2C101&amp;ssl=1 150w, https:\/\/i0.wp.com\/eltrabajo.cl\/portal\/wp-content\/uploads\/2014\/05\/Regalona2.jpg?resize=400%2C270&amp;ssl=1 400w\" sizes=\"auto, (max-width: 300px) 100vw, 300px\" \/><\/a><\/p>\n<p>DE ARMAS TOMAR.- Paula Portal tiene 18 a\u00f1os; es soltera y sin compromisos; est\u00e1 dedicando su A\u00f1o sab\u00e1tico a estudiar y hacer m\u00fasica.<\/p>\n"},"caption":{"rendered":"<p>DE ARMAS TOMAR.- Paula Portal tiene 18 a\u00f1os; es soltera y sin compromisos; est\u00e1 dedicando su A\u00f1o sab\u00e1tico a estudiar y hacer m\u00fasica.<\/p>\n"},"alt_text":"DE ARMAS TOMAR.- Paula Portal tiene 18 a\u00f1os; es soltera y sin compromisos; est\u00e1 dedicando su A\u00f1o sab\u00e1tico a estudiar y hacer m\u00fasica.","media_type":"image","mime_type":"image\/jpeg","media_details":{"width":529,"height":358,"file":"2014\/05\/Regalona2.jpg","sizes":{"thumbnail":{"file":"Regalona2-200x135.jpg","width":200,"height":135,"mime_type":"image\/jpeg","source_url":"https:\/\/i0.wp.com\/eltrabajo.cl\/portal\/wp-content\/uploads\/2014\/05\/Regalona2.jpg?fit=200%2C135&ssl=1"},"medium":{"file":"Regalona2-300x203.jpg","width":300,"height":203,"mime_type":"image\/jpeg","source_url":"https:\/\/i0.wp.com\/eltrabajo.cl\/portal\/wp-content\/uploads\/2014\/05\/Regalona2.jpg?fit=300%2C203&ssl=1"},"post-thumbnail":{"file":"Regalona2-150x101.jpg","width":150,"height":101,"mime_type":"image\/jpeg","source_url":"https:\/\/i0.wp.com\/eltrabajo.cl\/portal\/wp-content\/uploads\/2014\/05\/Regalona2.jpg?fit=150%2C101&ssl=1"},"single-post-thumbnail":{"file":"Regalona2-400x270.jpg","width":400,"height":270,"mime_type":"image\/jpeg","source_url":"https:\/\/eltrabajo.cl\/portal\/wp-content\/uploads\/2014\/05\/Regalona2-400x270.jpg"},"full":{"file":"Regalona2.jpg?fit=529%2C358&ssl=1","width":529,"height":358,"mime_type":"image\/jpeg","source_url":"https:\/\/i0.wp.com\/eltrabajo.cl\/portal\/wp-content\/uploads\/2014\/05\/Regalona2.jpg?fit=529%2C358&ssl=1"}},"image_meta":{"aperture":4.5,"credit":"","camera":"Canon EOS REBEL T1i","caption":"","created_timestamp":1399553975,"copyright":"","focal_length":"32","iso":"400","shutter_speed":"0.016666666666667","title":""}},"post":46397,"source_url":"https:\/\/eltrabajo.cl\/portal\/wp-content\/uploads\/2014\/05\/Regalona2.jpg","_links":{"self":[{"href":"https:\/\/eltrabajo.cl\/portal\/wp-json\/wp\/v2\/media\/46400","targetHints":{"allow":["GET"]}}],"collection":[{"href":"https:\/\/eltrabajo.cl\/portal\/wp-json\/wp\/v2\/media"}],"about":[{"href":"https:\/\/eltrabajo.cl\/portal\/wp-json\/wp\/v2\/types\/attachment"}],"author":[{"embeddable":true,"href":"https:\/\/eltrabajo.cl\/portal\/wp-json\/wp\/v2\/users\/482"}],"replies":[{"embeddable":true,"href":"https:\/\/eltrabajo.cl\/portal\/wp-json\/wp\/v2\/comments?post=46400"}],"wp:attached-to":[{"embeddable":true,"post_type":"post","id":46397,"href":"https:\/\/eltrabajo.cl\/portal\/wp-json\/wp\/v2\/posts\/46397"}],"curies":[{"name":"wp","href":"https:\/\/api.w.org\/{rel}","templated":true}]}}

<p class="attachment"><a href="https://i0.wp.com/eltrabajo.cl/portal/wp-content/uploads/2014/05/Regalona2.jpg?ssl=1"><img loading="lazy" decoding="async" width="300" height="203" src="https://i0.wp.com/eltrabajo.cl/portal/wp-content/uploads/2014/05/Regalona2.jpg?fit=300%2C203&amp;ssl=1" class="attachment-medium size-medium" alt="DE ARMAS TOMAR.- Paula Portal tiene 18 años; es soltera y sin compromisos; está dedicando su Año sabático a estudiar y hacer música." srcset="https://i0.wp.com/eltrabajo.cl/portal/wp-content/uploads/2014/05/Regalona2.jpg?w=529&amp;ssl=1 529w, https://i0.wp.com/eltrabajo.cl/portal/wp-content/uploads/2014/05/Regalona2.jpg?resize=200%2C135&amp;ssl=1 200w, https://i0.wp.com/eltrabajo.cl/portal/wp-content/uploads/2014/05/Regalona2.jpg?resize=300%2C203&amp;ssl=1 300w, https://i0.wp.com/eltrabajo.cl/portal/wp-content/uploads/2014/05/Regalona2.jpg?resize=150%2C101&amp;ssl=1 150w, https://i0.wp.com/eltrabajo.cl/portal/wp-content/uploads/2014/05/Regalona2.jpg?resize=400%2C270&amp;ssl=1 400w" sizes="auto, (max-width: 300px) 100vw, 300px" /></a></p>
<p>DE ARMAS TOMAR.- Paula Portal tiene 18 años; es soltera y sin compromisos; está dedicando su Año sabático a estudiar y hacer música.</p>

<p>DE ARMAS TOMAR.- Paula Portal tiene 18 años; es soltera y sin compromisos; está dedicando su Año sabático a estudiar y hacer música.</p>

DE ARMAS TOMAR.- Paula Portal tiene 18 años; es soltera y sin compromisos; está dedicando su Año sabático a estudiar y hacer música.
