{"id":46438,"date":"2014-05-12T09:31:14","date_gmt":"2014-05-12T13:31:14","guid":{"rendered":"http:\/\/www.eltrabajo.cl\/portal\/wp-content\/uploads\/2014\/05\/Mmaitas3.jpg"},"modified":"2014-05-12T09:31:14","modified_gmt":"2014-05-12T13:31:14","slug":"mmaitas3","status":"inherit","type":"attachment","link":"https:\/\/eltrabajo.cl\/portal\/cientos-de-madres-sanfelipenas-disfrutaron-su-dia-alegremente\/mmaitas3\/","title":{"rendered":"Mmaitas3"},"author":482,"featured_media":0,"comment_status":"open","ping_status":"closed","template":"","meta":{"advanced_seo_description":"","jetpack_seo_html_title":"","jetpack_seo_noindex":false},"class_list":["post-46438","attachment","type-attachment","status-inherit","hentry"],"jetpack_sharing_enabled":true,"jetpack_likes_enabled":true,"description":{"rendered":"<p class=\"attachment\"><a href=\"https:\/\/i0.wp.com\/eltrabajo.cl\/portal\/wp-content\/uploads\/2014\/05\/Mmaitas3.jpg?ssl=1\"><img loading=\"lazy\" decoding=\"async\" width=\"300\" height=\"199\" src=\"https:\/\/i0.wp.com\/eltrabajo.cl\/portal\/wp-content\/uploads\/2014\/05\/Mmaitas3.jpg?fit=300%2C199&amp;ssl=1\" class=\"attachment-medium size-medium\" alt=\"M\u00e1s tarde el Alcalde Freire se traslad\u00f3 hasta La Troya, donde tambi\u00e9n se organiz\u00f3 un show para las madres de ese sector.\" srcset=\"https:\/\/i0.wp.com\/eltrabajo.cl\/portal\/wp-content\/uploads\/2014\/05\/Mmaitas3.jpg?w=529&amp;ssl=1 529w, https:\/\/i0.wp.com\/eltrabajo.cl\/portal\/wp-content\/uploads\/2014\/05\/Mmaitas3.jpg?resize=200%2C133&amp;ssl=1 200w, https:\/\/i0.wp.com\/eltrabajo.cl\/portal\/wp-content\/uploads\/2014\/05\/Mmaitas3.jpg?resize=300%2C199&amp;ssl=1 300w, https:\/\/i0.wp.com\/eltrabajo.cl\/portal\/wp-content\/uploads\/2014\/05\/Mmaitas3.jpg?resize=150%2C99&amp;ssl=1 150w, https:\/\/i0.wp.com\/eltrabajo.cl\/portal\/wp-content\/uploads\/2014\/05\/Mmaitas3.jpg?resize=400%2C266&amp;ssl=1 400w\" sizes=\"auto, (max-width: 300px) 100vw, 300px\" \/><\/a><\/p>\n<p>M\u00e1s tarde el Alcalde Freire se traslad\u00f3 hasta La Troya, donde tambi\u00e9n se organiz\u00f3 un show para las madres de ese sector.<\/p>\n"},"caption":{"rendered":"<p>M\u00e1s tarde el Alcalde Freire se traslad\u00f3 hasta La Troya, donde tambi\u00e9n se organiz\u00f3 un show para las madres de ese sector.<\/p>\n"},"alt_text":"M\u00e1s tarde el Alcalde Freire se traslad\u00f3 hasta La Troya, donde tambi\u00e9n se organiz\u00f3 un show para las madres de ese sector.","media_type":"image","mime_type":"image\/jpeg","media_details":{"width":529,"height":352,"file":"2014\/05\/Mmaitas3.jpg","sizes":{"thumbnail":{"file":"Mmaitas3-200x133.jpg","width":200,"height":133,"mime_type":"image\/jpeg","source_url":"https:\/\/i0.wp.com\/eltrabajo.cl\/portal\/wp-content\/uploads\/2014\/05\/Mmaitas3.jpg?fit=200%2C133&ssl=1"},"medium":{"file":"Mmaitas3-300x199.jpg","width":300,"height":199,"mime_type":"image\/jpeg","source_url":"https:\/\/i0.wp.com\/eltrabajo.cl\/portal\/wp-content\/uploads\/2014\/05\/Mmaitas3.jpg?fit=300%2C199&ssl=1"},"post-thumbnail":{"file":"Mmaitas3-150x99.jpg","width":150,"height":99,"mime_type":"image\/jpeg","source_url":"https:\/\/i0.wp.com\/eltrabajo.cl\/portal\/wp-content\/uploads\/2014\/05\/Mmaitas3.jpg?fit=150%2C99&ssl=1"},"single-post-thumbnail":{"file":"Mmaitas3-400x266.jpg","width":400,"height":266,"mime_type":"image\/jpeg","source_url":"https:\/\/eltrabajo.cl\/portal\/wp-content\/uploads\/2014\/05\/Mmaitas3-400x266.jpg"},"full":{"file":"Mmaitas3.jpg?fit=529%2C352&ssl=1","width":529,"height":352,"mime_type":"image\/jpeg","source_url":"https:\/\/i0.wp.com\/eltrabajo.cl\/portal\/wp-content\/uploads\/2014\/05\/Mmaitas3.jpg?fit=529%2C352&ssl=1"}},"image_meta":{"aperture":5,"credit":"","camera":"NIKON D3000","caption":"","created_timestamp":1399760692,"copyright":"","focal_length":"36","iso":"1600","shutter_speed":"0.02","title":""}},"post":46435,"source_url":"https:\/\/eltrabajo.cl\/portal\/wp-content\/uploads\/2014\/05\/Mmaitas3.jpg","_links":{"self":[{"href":"https:\/\/eltrabajo.cl\/portal\/wp-json\/wp\/v2\/media\/46438","targetHints":{"allow":["GET"]}}],"collection":[{"href":"https:\/\/eltrabajo.cl\/portal\/wp-json\/wp\/v2\/media"}],"about":[{"href":"https:\/\/eltrabajo.cl\/portal\/wp-json\/wp\/v2\/types\/attachment"}],"author":[{"embeddable":true,"href":"https:\/\/eltrabajo.cl\/portal\/wp-json\/wp\/v2\/users\/482"}],"replies":[{"embeddable":true,"href":"https:\/\/eltrabajo.cl\/portal\/wp-json\/wp\/v2\/comments?post=46438"}],"wp:attached-to":[{"embeddable":true,"post_type":"post","id":46435,"href":"https:\/\/eltrabajo.cl\/portal\/wp-json\/wp\/v2\/posts\/46435"}],"curies":[{"name":"wp","href":"https:\/\/api.w.org\/{rel}","templated":true}]}}

<p class="attachment"><a href="https://i0.wp.com/eltrabajo.cl/portal/wp-content/uploads/2014/05/Mmaitas3.jpg?ssl=1"><img loading="lazy" decoding="async" width="300" height="199" src="https://i0.wp.com/eltrabajo.cl/portal/wp-content/uploads/2014/05/Mmaitas3.jpg?fit=300%2C199&amp;ssl=1" class="attachment-medium size-medium" alt="Más tarde el Alcalde Freire se trasladó hasta La Troya, donde también se organizó un show para las madres de ese sector." srcset="https://i0.wp.com/eltrabajo.cl/portal/wp-content/uploads/2014/05/Mmaitas3.jpg?w=529&amp;ssl=1 529w, https://i0.wp.com/eltrabajo.cl/portal/wp-content/uploads/2014/05/Mmaitas3.jpg?resize=200%2C133&amp;ssl=1 200w, https://i0.wp.com/eltrabajo.cl/portal/wp-content/uploads/2014/05/Mmaitas3.jpg?resize=300%2C199&amp;ssl=1 300w, https://i0.wp.com/eltrabajo.cl/portal/wp-content/uploads/2014/05/Mmaitas3.jpg?resize=150%2C99&amp;ssl=1 150w, https://i0.wp.com/eltrabajo.cl/portal/wp-content/uploads/2014/05/Mmaitas3.jpg?resize=400%2C266&amp;ssl=1 400w" sizes="auto, (max-width: 300px) 100vw, 300px" /></a></p>
<p>Más tarde el Alcalde Freire se trasladó hasta La Troya, donde también se organizó un show para las madres de ese sector.</p>

<p>Más tarde el Alcalde Freire se trasladó hasta La Troya, donde también se organizó un show para las madres de ese sector.</p>

Más tarde el Alcalde Freire se trasladó hasta La Troya, donde también se organizó un show para las madres de ese sector.
