{"id":46727,"date":"2014-05-22T09:23:13","date_gmt":"2014-05-22T13:23:13","guid":{"rendered":"http:\/\/www.eltrabajo.cl\/portal\/wp-content\/uploads\/2014\/05\/Naval6.jpg"},"modified":"2014-05-22T09:23:13","modified_gmt":"2014-05-22T13:23:13","slug":"naval6","status":"inherit","type":"attachment","link":"https:\/\/eltrabajo.cl\/portal\/dia-de-las-glorias-navales-fue-celebrado-a-lo-grande-en-nuestra-provincia\/naval6\/","title":{"rendered":"Naval6"},"author":482,"featured_media":0,"comment_status":"open","ping_status":"closed","template":"","meta":{"advanced_seo_description":"","jetpack_seo_html_title":"","jetpack_seo_noindex":false},"class_list":["post-46727","attachment","type-attachment","status-inherit","hentry"],"jetpack_sharing_enabled":true,"jetpack_likes_enabled":true,"description":{"rendered":"<p class=\"attachment\"><a href=\"https:\/\/i0.wp.com\/eltrabajo.cl\/portal\/wp-content\/uploads\/2014\/05\/Naval6.jpg?ssl=1\"><img loading=\"lazy\" decoding=\"async\" width=\"300\" height=\"230\" src=\"https:\/\/i0.wp.com\/eltrabajo.cl\/portal\/wp-content\/uploads\/2014\/05\/Naval6.jpg?fit=300%2C230&amp;ssl=1\" class=\"attachment-medium size-medium\" alt=\"ALEGR\u00cdA SIN L\u00cdMITES.- Y las m\u00e1s peque\u00f1itas, tambi\u00e9n disfrutaron sus primeras experiencias en p\u00fablico, pues para alegrar a los presentes no hubo l\u00edmite de edades.\" srcset=\"https:\/\/i0.wp.com\/eltrabajo.cl\/portal\/wp-content\/uploads\/2014\/05\/Naval6.jpg?w=528&amp;ssl=1 528w, https:\/\/i0.wp.com\/eltrabajo.cl\/portal\/wp-content\/uploads\/2014\/05\/Naval6.jpg?resize=195%2C150&amp;ssl=1 195w, https:\/\/i0.wp.com\/eltrabajo.cl\/portal\/wp-content\/uploads\/2014\/05\/Naval6.jpg?resize=300%2C230&amp;ssl=1 300w, https:\/\/i0.wp.com\/eltrabajo.cl\/portal\/wp-content\/uploads\/2014\/05\/Naval6.jpg?resize=150%2C115&amp;ssl=1 150w, https:\/\/i0.wp.com\/eltrabajo.cl\/portal\/wp-content\/uploads\/2014\/05\/Naval6.jpg?resize=400%2C306&amp;ssl=1 400w\" sizes=\"auto, (max-width: 300px) 100vw, 300px\" \/><\/a><\/p>\n<p>ALEGR\u00cdA SIN L\u00cdMITES.- Y las m\u00e1s peque\u00f1itas, tambi\u00e9n disfrutaron sus primeras experiencias en p\u00fablico, pues para alegrar a los presentes no hubo l\u00edmite de edades.<\/p>\n"},"caption":{"rendered":"<p>ALEGR\u00cdA SIN L\u00cdMITES.- Y las m\u00e1s peque\u00f1itas, tambi\u00e9n disfrutaron sus primeras experiencias en p\u00fablico, pues para alegrar a los presentes no hubo l\u00edmite de edades.<\/p>\n"},"alt_text":"ALEGR\u00cdA SIN L\u00cdMITES.- Y las m\u00e1s peque\u00f1itas, tambi\u00e9n disfrutaron sus primeras experiencias en p\u00fablico, pues para alegrar a los presentes no hubo l\u00edmite de edades.","media_type":"image","mime_type":"image\/jpeg","media_details":{"width":528,"height":405,"file":"2014\/05\/Naval6.jpg","sizes":{"thumbnail":{"file":"Naval6-195x150.jpg","width":195,"height":150,"mime_type":"image\/jpeg","source_url":"https:\/\/i0.wp.com\/eltrabajo.cl\/portal\/wp-content\/uploads\/2014\/05\/Naval6.jpg?fit=195%2C150&ssl=1"},"medium":{"file":"Naval6-300x230.jpg","width":300,"height":230,"mime_type":"image\/jpeg","source_url":"https:\/\/i0.wp.com\/eltrabajo.cl\/portal\/wp-content\/uploads\/2014\/05\/Naval6.jpg?fit=300%2C230&ssl=1"},"post-thumbnail":{"file":"Naval6-150x115.jpg","width":150,"height":115,"mime_type":"image\/jpeg","source_url":"https:\/\/i0.wp.com\/eltrabajo.cl\/portal\/wp-content\/uploads\/2014\/05\/Naval6.jpg?fit=150%2C115&ssl=1"},"single-post-thumbnail":{"file":"Naval6-400x306.jpg","width":400,"height":306,"mime_type":"image\/jpeg","source_url":"https:\/\/eltrabajo.cl\/portal\/wp-content\/uploads\/2014\/05\/Naval6-400x306.jpg"},"full":{"file":"Naval6.jpg?fit=528%2C405&ssl=1","width":528,"height":405,"mime_type":"image\/jpeg","source_url":"https:\/\/i0.wp.com\/eltrabajo.cl\/portal\/wp-content\/uploads\/2014\/05\/Naval6.jpg?fit=528%2C405&ssl=1"}},"image_meta":{"aperture":14,"credit":"","camera":"Canon EOS REBEL T1i","caption":"","created_timestamp":1400593244,"copyright":"","focal_length":"27","iso":"400","shutter_speed":"0.005","title":""}},"post":46716,"source_url":"https:\/\/eltrabajo.cl\/portal\/wp-content\/uploads\/2014\/05\/Naval6.jpg","_links":{"self":[{"href":"https:\/\/eltrabajo.cl\/portal\/wp-json\/wp\/v2\/media\/46727","targetHints":{"allow":["GET"]}}],"collection":[{"href":"https:\/\/eltrabajo.cl\/portal\/wp-json\/wp\/v2\/media"}],"about":[{"href":"https:\/\/eltrabajo.cl\/portal\/wp-json\/wp\/v2\/types\/attachment"}],"author":[{"embeddable":true,"href":"https:\/\/eltrabajo.cl\/portal\/wp-json\/wp\/v2\/users\/482"}],"replies":[{"embeddable":true,"href":"https:\/\/eltrabajo.cl\/portal\/wp-json\/wp\/v2\/comments?post=46727"}],"wp:attached-to":[{"embeddable":true,"post_type":"post","id":46716,"href":"https:\/\/eltrabajo.cl\/portal\/wp-json\/wp\/v2\/posts\/46716"}],"curies":[{"name":"wp","href":"https:\/\/api.w.org\/{rel}","templated":true}]}}

<p class="attachment"><a href="https://i0.wp.com/eltrabajo.cl/portal/wp-content/uploads/2014/05/Naval6.jpg?ssl=1"><img loading="lazy" decoding="async" width="300" height="230" src="https://i0.wp.com/eltrabajo.cl/portal/wp-content/uploads/2014/05/Naval6.jpg?fit=300%2C230&amp;ssl=1" class="attachment-medium size-medium" alt="ALEGRÍA SIN LÍMITES.- Y las más pequeñitas, también disfrutaron sus primeras experiencias en público, pues para alegrar a los presentes no hubo límite de edades." srcset="https://i0.wp.com/eltrabajo.cl/portal/wp-content/uploads/2014/05/Naval6.jpg?w=528&amp;ssl=1 528w, https://i0.wp.com/eltrabajo.cl/portal/wp-content/uploads/2014/05/Naval6.jpg?resize=195%2C150&amp;ssl=1 195w, https://i0.wp.com/eltrabajo.cl/portal/wp-content/uploads/2014/05/Naval6.jpg?resize=300%2C230&amp;ssl=1 300w, https://i0.wp.com/eltrabajo.cl/portal/wp-content/uploads/2014/05/Naval6.jpg?resize=150%2C115&amp;ssl=1 150w, https://i0.wp.com/eltrabajo.cl/portal/wp-content/uploads/2014/05/Naval6.jpg?resize=400%2C306&amp;ssl=1 400w" sizes="auto, (max-width: 300px) 100vw, 300px" /></a></p>
<p>ALEGRÍA SIN LÍMITES.- Y las más pequeñitas, también disfrutaron sus primeras experiencias en público, pues para alegrar a los presentes no hubo límite de edades.</p>

<p>ALEGRÍA SIN LÍMITES.- Y las más pequeñitas, también disfrutaron sus primeras experiencias en público, pues para alegrar a los presentes no hubo límite de edades.</p>

ALEGRÍA SIN LÍMITES.- Y las más pequeñitas, también disfrutaron sus primeras experiencias en público, pues para alegrar a los presentes no hubo límite de edades.
