{"id":46729,"date":"2014-05-22T09:31:48","date_gmt":"2014-05-22T13:31:48","guid":{"rendered":"http:\/\/www.eltrabajo.cl\/portal\/wp-content\/uploads\/2014\/05\/Orfeon1.jpg"},"modified":"2014-05-22T09:31:48","modified_gmt":"2014-05-22T13:31:48","slug":"orfeon1-2","status":"inherit","type":"attachment","link":"https:\/\/eltrabajo.cl\/portal\/dia-de-las-glorias-navales-fue-celebrado-a-lo-grande-en-nuestra-provincia\/orfeon1-2\/","title":{"rendered":"Orfeon1"},"author":482,"featured_media":0,"comment_status":"open","ping_status":"closed","template":"","meta":{"advanced_seo_description":"","jetpack_seo_html_title":"","jetpack_seo_noindex":false},"class_list":["post-46729","attachment","type-attachment","status-inherit","hentry"],"jetpack_sharing_enabled":true,"jetpack_likes_enabled":true,"description":{"rendered":"<p class=\"attachment\"><a href=\"https:\/\/i0.wp.com\/eltrabajo.cl\/portal\/wp-content\/uploads\/2014\/05\/Orfeon1.jpg?ssl=1\"><img loading=\"lazy\" decoding=\"async\" width=\"300\" height=\"175\" src=\"https:\/\/i0.wp.com\/eltrabajo.cl\/portal\/wp-content\/uploads\/2014\/05\/Orfeon1.jpg?fit=300%2C175&amp;ssl=1\" class=\"attachment-medium size-medium\" alt=\"NUESTRO ORFE\u00d3N.- El Orfe\u00f3n Municipal de San Felipe tambi\u00e9n se llev\u00f3 los aplausos de los presentes, cuando desfilaron y alegraron las calles de la Poblaci\u00f3n 21 de Mayo.\" srcset=\"https:\/\/i0.wp.com\/eltrabajo.cl\/portal\/wp-content\/uploads\/2014\/05\/Orfeon1.jpg?w=528&amp;ssl=1 528w, https:\/\/i0.wp.com\/eltrabajo.cl\/portal\/wp-content\/uploads\/2014\/05\/Orfeon1.jpg?resize=200%2C116&amp;ssl=1 200w, https:\/\/i0.wp.com\/eltrabajo.cl\/portal\/wp-content\/uploads\/2014\/05\/Orfeon1.jpg?resize=300%2C175&amp;ssl=1 300w, https:\/\/i0.wp.com\/eltrabajo.cl\/portal\/wp-content\/uploads\/2014\/05\/Orfeon1.jpg?resize=150%2C87&amp;ssl=1 150w, https:\/\/i0.wp.com\/eltrabajo.cl\/portal\/wp-content\/uploads\/2014\/05\/Orfeon1.jpg?resize=400%2C233&amp;ssl=1 400w\" sizes=\"auto, (max-width: 300px) 100vw, 300px\" \/><\/a><\/p>\n<p>NUESTRO ORFE\u00d3N.- El Orfe\u00f3n Municipal de San Felipe tambi\u00e9n se llev\u00f3 los aplausos de los presentes, cuando desfilaron y alegraron las calles de la Poblaci\u00f3n 21 de Mayo.<\/p>\n"},"caption":{"rendered":"<p>NUESTRO ORFE\u00d3N.- El Orfe\u00f3n Municipal de San Felipe tambi\u00e9n se llev\u00f3 los aplausos de los presentes, cuando desfilaron y alegraron las calles de la Poblaci\u00f3n 21 de Mayo.<\/p>\n"},"alt_text":"NUESTRO ORFE\u00d3N.- El Orfe\u00f3n Municipal de San Felipe tambi\u00e9n se llev\u00f3 los aplausos de los presentes, cuando desfilaron y alegraron las calles de la Poblaci\u00f3n 21 de Mayo.","media_type":"image","mime_type":"image\/jpeg","media_details":{"width":528,"height":308,"file":"2014\/05\/Orfeon1.jpg","sizes":{"thumbnail":{"file":"Orfeon1-200x116.jpg","width":200,"height":116,"mime_type":"image\/jpeg","source_url":"https:\/\/i0.wp.com\/eltrabajo.cl\/portal\/wp-content\/uploads\/2014\/05\/Orfeon1.jpg?fit=200%2C116&ssl=1"},"medium":{"file":"Orfeon1-300x175.jpg","width":300,"height":175,"mime_type":"image\/jpeg","source_url":"https:\/\/i0.wp.com\/eltrabajo.cl\/portal\/wp-content\/uploads\/2014\/05\/Orfeon1.jpg?fit=300%2C175&ssl=1"},"post-thumbnail":{"file":"Orfeon1-150x87.jpg","width":150,"height":87,"mime_type":"image\/jpeg","source_url":"https:\/\/i0.wp.com\/eltrabajo.cl\/portal\/wp-content\/uploads\/2014\/05\/Orfeon1.jpg?fit=150%2C87&ssl=1"},"single-post-thumbnail":{"file":"Orfeon1-400x233.jpg","width":400,"height":233,"mime_type":"image\/jpeg","source_url":"https:\/\/eltrabajo.cl\/portal\/wp-content\/uploads\/2014\/05\/Orfeon1-400x233.jpg"},"full":{"file":"Orfeon1.jpg?fit=528%2C308&ssl=1","width":528,"height":308,"mime_type":"image\/jpeg","source_url":"https:\/\/i0.wp.com\/eltrabajo.cl\/portal\/wp-content\/uploads\/2014\/05\/Orfeon1.jpg?fit=528%2C308&ssl=1"}},"image_meta":{"aperture":14,"credit":"","camera":"Canon EOS REBEL T1i","caption":"","created_timestamp":1400593299,"copyright":"","focal_length":"35","iso":"400","shutter_speed":"0.005","title":""}},"post":46716,"source_url":"https:\/\/eltrabajo.cl\/portal\/wp-content\/uploads\/2014\/05\/Orfeon1.jpg","_links":{"self":[{"href":"https:\/\/eltrabajo.cl\/portal\/wp-json\/wp\/v2\/media\/46729","targetHints":{"allow":["GET"]}}],"collection":[{"href":"https:\/\/eltrabajo.cl\/portal\/wp-json\/wp\/v2\/media"}],"about":[{"href":"https:\/\/eltrabajo.cl\/portal\/wp-json\/wp\/v2\/types\/attachment"}],"author":[{"embeddable":true,"href":"https:\/\/eltrabajo.cl\/portal\/wp-json\/wp\/v2\/users\/482"}],"replies":[{"embeddable":true,"href":"https:\/\/eltrabajo.cl\/portal\/wp-json\/wp\/v2\/comments?post=46729"}],"wp:attached-to":[{"embeddable":true,"post_type":"post","id":46716,"href":"https:\/\/eltrabajo.cl\/portal\/wp-json\/wp\/v2\/posts\/46716"}],"curies":[{"name":"wp","href":"https:\/\/api.w.org\/{rel}","templated":true}]}}

<p class="attachment"><a href="https://i0.wp.com/eltrabajo.cl/portal/wp-content/uploads/2014/05/Orfeon1.jpg?ssl=1"><img loading="lazy" decoding="async" width="300" height="175" src="https://i0.wp.com/eltrabajo.cl/portal/wp-content/uploads/2014/05/Orfeon1.jpg?fit=300%2C175&amp;ssl=1" class="attachment-medium size-medium" alt="NUESTRO ORFEÓN.- El Orfeón Municipal de San Felipe también se llevó los aplausos de los presentes, cuando desfilaron y alegraron las calles de la Población 21 de Mayo." srcset="https://i0.wp.com/eltrabajo.cl/portal/wp-content/uploads/2014/05/Orfeon1.jpg?w=528&amp;ssl=1 528w, https://i0.wp.com/eltrabajo.cl/portal/wp-content/uploads/2014/05/Orfeon1.jpg?resize=200%2C116&amp;ssl=1 200w, https://i0.wp.com/eltrabajo.cl/portal/wp-content/uploads/2014/05/Orfeon1.jpg?resize=300%2C175&amp;ssl=1 300w, https://i0.wp.com/eltrabajo.cl/portal/wp-content/uploads/2014/05/Orfeon1.jpg?resize=150%2C87&amp;ssl=1 150w, https://i0.wp.com/eltrabajo.cl/portal/wp-content/uploads/2014/05/Orfeon1.jpg?resize=400%2C233&amp;ssl=1 400w" sizes="auto, (max-width: 300px) 100vw, 300px" /></a></p>
<p>NUESTRO ORFEÓN.- El Orfeón Municipal de San Felipe también se llevó los aplausos de los presentes, cuando desfilaron y alegraron las calles de la Población 21 de Mayo.</p>

<p>NUESTRO ORFEÓN.- El Orfeón Municipal de San Felipe también se llevó los aplausos de los presentes, cuando desfilaron y alegraron las calles de la Población 21 de Mayo.</p>

NUESTRO ORFEÓN.- El Orfeón Municipal de San Felipe también se llevó los aplausos de los presentes, cuando desfilaron y alegraron las calles de la Población 21 de Mayo.
