{"id":46870,"date":"2014-05-26T09:53:24","date_gmt":"2014-05-26T13:53:24","guid":{"rendered":"http:\/\/www.eltrabajo.cl\/portal\/wp-content\/uploads\/2014\/05\/El-Trabajo1.jpg"},"modified":"2014-05-26T09:53:24","modified_gmt":"2014-05-26T13:53:24","slug":"el-trabajo1-2","status":"inherit","type":"attachment","link":"https:\/\/eltrabajo.cl\/portal\/como-nunca-antes-sanfelipenos-vibraron-en-el-dia-del-patrimonio\/el-trabajo1-2\/","title":{"rendered":"El Trabajo1"},"author":482,"featured_media":0,"comment_status":"open","ping_status":"closed","template":"","meta":{"advanced_seo_description":"","jetpack_seo_html_title":"","jetpack_seo_noindex":false},"class_list":["post-46870","attachment","type-attachment","status-inherit","hentry"],"jetpack_sharing_enabled":true,"jetpack_likes_enabled":true,"description":{"rendered":"<p class=\"attachment\"><a href=\"https:\/\/i0.wp.com\/eltrabajo.cl\/portal\/wp-content\/uploads\/2014\/05\/El-Trabajo1.jpg?ssl=1\"><img loading=\"lazy\" decoding=\"async\" width=\"230\" height=\"300\" src=\"https:\/\/i0.wp.com\/eltrabajo.cl\/portal\/wp-content\/uploads\/2014\/05\/El-Trabajo1.jpg?fit=230%2C300&amp;ssl=1\" class=\"attachment-medium size-medium\" alt=\"DIARIO EL TRABAJO.- Luis Quiruca, fiel colaborador de Diario El Trabajo y tambi\u00e9n ex-columnista de nuestro medio, ofreci\u00f3 a los presentes una colecci\u00f3n de art\u00edculos de nuestro medio.\" srcset=\"https:\/\/i0.wp.com\/eltrabajo.cl\/portal\/wp-content\/uploads\/2014\/05\/El-Trabajo1.jpg?w=529&amp;ssl=1 529w, https:\/\/i0.wp.com\/eltrabajo.cl\/portal\/wp-content\/uploads\/2014\/05\/El-Trabajo1.jpg?resize=115%2C150&amp;ssl=1 115w, https:\/\/i0.wp.com\/eltrabajo.cl\/portal\/wp-content\/uploads\/2014\/05\/El-Trabajo1.jpg?resize=230%2C300&amp;ssl=1 230w, https:\/\/i0.wp.com\/eltrabajo.cl\/portal\/wp-content\/uploads\/2014\/05\/El-Trabajo1.jpg?resize=400%2C521&amp;ssl=1 400w\" sizes=\"auto, (max-width: 230px) 100vw, 230px\" \/><\/a><\/p>\n<p>DIARIO EL TRABAJO.- Luis Quiruca, fiel colaborador de Diario El Trabajo y tambi\u00e9n ex-columnista de nuestro medio, ofreci\u00f3 a los presentes una colecci\u00f3n de art\u00edculos de nuestro medio.<\/p>\n"},"caption":{"rendered":"<p>DIARIO EL TRABAJO.- Luis Quiruca, fiel colaborador de Diario El Trabajo y tambi\u00e9n ex-columnista de nuestro medio, ofreci\u00f3 a los presentes una colecci\u00f3n de art\u00edculos de nuestro medio.<\/p>\n"},"alt_text":"DIARIO EL TRABAJO.- Luis Quiruca, fiel colaborador de Diario El Trabajo y tambi\u00e9n ex-columnista de nuestro medio, ofreci\u00f3 a los presentes una colecci\u00f3n de art\u00edculos de nuestro medio.","media_type":"image","mime_type":"image\/jpeg","media_details":{"width":529,"height":690,"file":"2014\/05\/El-Trabajo1.jpg","sizes":{"thumbnail":{"file":"El-Trabajo1-115x150.jpg","width":115,"height":150,"mime_type":"image\/jpeg","source_url":"https:\/\/i0.wp.com\/eltrabajo.cl\/portal\/wp-content\/uploads\/2014\/05\/El-Trabajo1.jpg?fit=115%2C150&ssl=1"},"medium":{"file":"El-Trabajo1-230x300.jpg","width":230,"height":300,"mime_type":"image\/jpeg","source_url":"https:\/\/i0.wp.com\/eltrabajo.cl\/portal\/wp-content\/uploads\/2014\/05\/El-Trabajo1.jpg?fit=230%2C300&ssl=1"},"post-thumbnail":{"file":"El-Trabajo1-115x150.jpg","width":115,"height":150,"mime_type":"image\/jpeg","source_url":"https:\/\/i0.wp.com\/eltrabajo.cl\/portal\/wp-content\/uploads\/2014\/05\/El-Trabajo1.jpg?fit=115%2C150&ssl=1"},"single-post-thumbnail":{"file":"El-Trabajo1-400x521.jpg","width":400,"height":521,"mime_type":"image\/jpeg","source_url":"https:\/\/eltrabajo.cl\/portal\/wp-content\/uploads\/2014\/05\/El-Trabajo1-400x521.jpg"},"full":{"file":"El-Trabajo1.jpg?fit=529%2C690&ssl=1","width":529,"height":690,"mime_type":"image\/jpeg","source_url":"https:\/\/i0.wp.com\/eltrabajo.cl\/portal\/wp-content\/uploads\/2014\/05\/El-Trabajo1.jpg?fit=529%2C690&ssl=1"}},"image_meta":{"aperture":25,"credit":"","camera":"Canon EOS REBEL T1i","caption":"","created_timestamp":1401022358,"copyright":"","focal_length":"24","iso":"400","shutter_speed":"0.008","title":""}},"post":46863,"source_url":"https:\/\/eltrabajo.cl\/portal\/wp-content\/uploads\/2014\/05\/El-Trabajo1.jpg","_links":{"self":[{"href":"https:\/\/eltrabajo.cl\/portal\/wp-json\/wp\/v2\/media\/46870","targetHints":{"allow":["GET"]}}],"collection":[{"href":"https:\/\/eltrabajo.cl\/portal\/wp-json\/wp\/v2\/media"}],"about":[{"href":"https:\/\/eltrabajo.cl\/portal\/wp-json\/wp\/v2\/types\/attachment"}],"author":[{"embeddable":true,"href":"https:\/\/eltrabajo.cl\/portal\/wp-json\/wp\/v2\/users\/482"}],"replies":[{"embeddable":true,"href":"https:\/\/eltrabajo.cl\/portal\/wp-json\/wp\/v2\/comments?post=46870"}],"wp:attached-to":[{"embeddable":true,"post_type":"post","id":46863,"href":"https:\/\/eltrabajo.cl\/portal\/wp-json\/wp\/v2\/posts\/46863"}],"curies":[{"name":"wp","href":"https:\/\/api.w.org\/{rel}","templated":true}]}}

<p class="attachment"><a href="https://i0.wp.com/eltrabajo.cl/portal/wp-content/uploads/2014/05/El-Trabajo1.jpg?ssl=1"><img loading="lazy" decoding="async" width="230" height="300" src="https://i0.wp.com/eltrabajo.cl/portal/wp-content/uploads/2014/05/El-Trabajo1.jpg?fit=230%2C300&amp;ssl=1" class="attachment-medium size-medium" alt="DIARIO EL TRABAJO.- Luis Quiruca, fiel colaborador de Diario El Trabajo y también ex-columnista de nuestro medio, ofreció a los presentes una colección de artículos de nuestro medio." srcset="https://i0.wp.com/eltrabajo.cl/portal/wp-content/uploads/2014/05/El-Trabajo1.jpg?w=529&amp;ssl=1 529w, https://i0.wp.com/eltrabajo.cl/portal/wp-content/uploads/2014/05/El-Trabajo1.jpg?resize=115%2C150&amp;ssl=1 115w, https://i0.wp.com/eltrabajo.cl/portal/wp-content/uploads/2014/05/El-Trabajo1.jpg?resize=230%2C300&amp;ssl=1 230w, https://i0.wp.com/eltrabajo.cl/portal/wp-content/uploads/2014/05/El-Trabajo1.jpg?resize=400%2C521&amp;ssl=1 400w" sizes="auto, (max-width: 230px) 100vw, 230px" /></a></p>
<p>DIARIO EL TRABAJO.- Luis Quiruca, fiel colaborador de Diario El Trabajo y también ex-columnista de nuestro medio, ofreció a los presentes una colección de artículos de nuestro medio.</p>

<p>DIARIO EL TRABAJO.- Luis Quiruca, fiel colaborador de Diario El Trabajo y también ex-columnista de nuestro medio, ofreció a los presentes una colección de artículos de nuestro medio.</p>

DIARIO EL TRABAJO.- Luis Quiruca, fiel colaborador de Diario El Trabajo y también ex-columnista de nuestro medio, ofreció a los presentes una colección de artículos de nuestro medio.
