{"id":47019,"date":"2014-05-30T09:32:17","date_gmt":"2014-05-30T13:32:17","guid":{"rendered":"http:\/\/www.eltrabajo.cl\/portal\/wp-content\/uploads\/2014\/05\/MONICA-FERNANDEZ-PROF-JEFE-4TO-A-CAE.jpg"},"modified":"2014-05-30T09:32:17","modified_gmt":"2014-05-30T13:32:17","slug":"monica-fernandez-prof-jefe-4to-a-cae","status":"inherit","type":"attachment","link":"https:\/\/eltrabajo.cl\/portal\/alumnos-del-alonso-de-ercilla-de-san-felipe-realizan-recorrido-patrimonial\/monica-fernandez-prof-jefe-4to-a-cae\/","title":{"rendered":"MONICA FERNANDEZ PROF JEFE 4TO A CAE"},"author":482,"featured_media":0,"comment_status":"open","ping_status":"closed","template":"","meta":{"advanced_seo_description":"","jetpack_seo_html_title":"","jetpack_seo_noindex":false},"class_list":["post-47019","attachment","type-attachment","status-inherit","hentry"],"jetpack_sharing_enabled":true,"jetpack_likes_enabled":true,"description":{"rendered":"<p class=\"attachment\"><a href=\"https:\/\/i0.wp.com\/eltrabajo.cl\/portal\/wp-content\/uploads\/2014\/05\/MONICA-FERNANDEZ-PROF-JEFE-4TO-A-CAE.jpg?ssl=1\"><img loading=\"lazy\" decoding=\"async\" width=\"300\" height=\"203\" src=\"https:\/\/i0.wp.com\/eltrabajo.cl\/portal\/wp-content\/uploads\/2014\/05\/MONICA-FERNANDEZ-PROF-JEFE-4TO-A-CAE.jpg?fit=300%2C203&amp;ssl=1\" class=\"attachment-medium size-medium\" alt=\"Profesora Jefe del 4\u00ba B\u00e1sico A, M\u00f3nica Fern\u00e1ndez.\" srcset=\"https:\/\/i0.wp.com\/eltrabajo.cl\/portal\/wp-content\/uploads\/2014\/05\/MONICA-FERNANDEZ-PROF-JEFE-4TO-A-CAE.jpg?w=529&amp;ssl=1 529w, https:\/\/i0.wp.com\/eltrabajo.cl\/portal\/wp-content\/uploads\/2014\/05\/MONICA-FERNANDEZ-PROF-JEFE-4TO-A-CAE.jpg?resize=200%2C135&amp;ssl=1 200w, https:\/\/i0.wp.com\/eltrabajo.cl\/portal\/wp-content\/uploads\/2014\/05\/MONICA-FERNANDEZ-PROF-JEFE-4TO-A-CAE.jpg?resize=300%2C203&amp;ssl=1 300w, https:\/\/i0.wp.com\/eltrabajo.cl\/portal\/wp-content\/uploads\/2014\/05\/MONICA-FERNANDEZ-PROF-JEFE-4TO-A-CAE.jpg?resize=150%2C101&amp;ssl=1 150w, https:\/\/i0.wp.com\/eltrabajo.cl\/portal\/wp-content\/uploads\/2014\/05\/MONICA-FERNANDEZ-PROF-JEFE-4TO-A-CAE.jpg?resize=400%2C270&amp;ssl=1 400w\" sizes=\"auto, (max-width: 300px) 100vw, 300px\" \/><\/a><\/p>\n<p>Profesora Jefe del 4\u00ba B\u00e1sico A, M\u00f3nica Fern\u00e1ndez.<\/p>\n"},"caption":{"rendered":"<p>Profesora Jefe del 4\u00ba B\u00e1sico A, M\u00f3nica Fern\u00e1ndez.<\/p>\n"},"alt_text":"Profesora Jefe del 4\u00ba B\u00e1sico A, M\u00f3nica Fern\u00e1ndez.","media_type":"image","mime_type":"image\/jpeg","media_details":{"width":529,"height":358,"file":"2014\/05\/MONICA-FERNANDEZ-PROF-JEFE-4TO-A-CAE.jpg","sizes":{"thumbnail":{"file":"MONICA-FERNANDEZ-PROF-JEFE-4TO-A-CAE-200x135.jpg","width":200,"height":135,"mime_type":"image\/jpeg","source_url":"https:\/\/i0.wp.com\/eltrabajo.cl\/portal\/wp-content\/uploads\/2014\/05\/MONICA-FERNANDEZ-PROF-JEFE-4TO-A-CAE.jpg?fit=200%2C135&ssl=1"},"medium":{"file":"MONICA-FERNANDEZ-PROF-JEFE-4TO-A-CAE-300x203.jpg","width":300,"height":203,"mime_type":"image\/jpeg","source_url":"https:\/\/i0.wp.com\/eltrabajo.cl\/portal\/wp-content\/uploads\/2014\/05\/MONICA-FERNANDEZ-PROF-JEFE-4TO-A-CAE.jpg?fit=300%2C203&ssl=1"},"post-thumbnail":{"file":"MONICA-FERNANDEZ-PROF-JEFE-4TO-A-CAE-150x101.jpg","width":150,"height":101,"mime_type":"image\/jpeg","source_url":"https:\/\/i0.wp.com\/eltrabajo.cl\/portal\/wp-content\/uploads\/2014\/05\/MONICA-FERNANDEZ-PROF-JEFE-4TO-A-CAE.jpg?fit=150%2C101&ssl=1"},"single-post-thumbnail":{"file":"MONICA-FERNANDEZ-PROF-JEFE-4TO-A-CAE-400x270.jpg","width":400,"height":270,"mime_type":"image\/jpeg","source_url":"https:\/\/eltrabajo.cl\/portal\/wp-content\/uploads\/2014\/05\/MONICA-FERNANDEZ-PROF-JEFE-4TO-A-CAE-400x270.jpg"},"full":{"file":"MONICA-FERNANDEZ-PROF-JEFE-4TO-A-CAE.jpg?fit=529%2C358&ssl=1","width":529,"height":358,"mime_type":"image\/jpeg","source_url":"https:\/\/i0.wp.com\/eltrabajo.cl\/portal\/wp-content\/uploads\/2014\/05\/MONICA-FERNANDEZ-PROF-JEFE-4TO-A-CAE.jpg?fit=529%2C358&ssl=1"}},"image_meta":{"aperture":3.5,"credit":"","camera":"Canon EOS REBEL T3","caption":"","created_timestamp":1388580136,"copyright":"","focal_length":"28","iso":"100","shutter_speed":"0.0004","title":""}},"post":47016,"source_url":"https:\/\/eltrabajo.cl\/portal\/wp-content\/uploads\/2014\/05\/MONICA-FERNANDEZ-PROF-JEFE-4TO-A-CAE.jpg","_links":{"self":[{"href":"https:\/\/eltrabajo.cl\/portal\/wp-json\/wp\/v2\/media\/47019","targetHints":{"allow":["GET"]}}],"collection":[{"href":"https:\/\/eltrabajo.cl\/portal\/wp-json\/wp\/v2\/media"}],"about":[{"href":"https:\/\/eltrabajo.cl\/portal\/wp-json\/wp\/v2\/types\/attachment"}],"author":[{"embeddable":true,"href":"https:\/\/eltrabajo.cl\/portal\/wp-json\/wp\/v2\/users\/482"}],"replies":[{"embeddable":true,"href":"https:\/\/eltrabajo.cl\/portal\/wp-json\/wp\/v2\/comments?post=47019"}],"wp:attached-to":[{"embeddable":true,"post_type":"post","id":47016,"href":"https:\/\/eltrabajo.cl\/portal\/wp-json\/wp\/v2\/posts\/47016"}],"curies":[{"name":"wp","href":"https:\/\/api.w.org\/{rel}","templated":true}]}}

<p class="attachment"><a href="https://i0.wp.com/eltrabajo.cl/portal/wp-content/uploads/2014/05/MONICA-FERNANDEZ-PROF-JEFE-4TO-A-CAE.jpg?ssl=1"><img loading="lazy" decoding="async" width="300" height="203" src="https://i0.wp.com/eltrabajo.cl/portal/wp-content/uploads/2014/05/MONICA-FERNANDEZ-PROF-JEFE-4TO-A-CAE.jpg?fit=300%2C203&amp;ssl=1" class="attachment-medium size-medium" alt="Profesora Jefe del 4º Básico A, Mónica Fernández." srcset="https://i0.wp.com/eltrabajo.cl/portal/wp-content/uploads/2014/05/MONICA-FERNANDEZ-PROF-JEFE-4TO-A-CAE.jpg?w=529&amp;ssl=1 529w, https://i0.wp.com/eltrabajo.cl/portal/wp-content/uploads/2014/05/MONICA-FERNANDEZ-PROF-JEFE-4TO-A-CAE.jpg?resize=200%2C135&amp;ssl=1 200w, https://i0.wp.com/eltrabajo.cl/portal/wp-content/uploads/2014/05/MONICA-FERNANDEZ-PROF-JEFE-4TO-A-CAE.jpg?resize=300%2C203&amp;ssl=1 300w, https://i0.wp.com/eltrabajo.cl/portal/wp-content/uploads/2014/05/MONICA-FERNANDEZ-PROF-JEFE-4TO-A-CAE.jpg?resize=150%2C101&amp;ssl=1 150w, https://i0.wp.com/eltrabajo.cl/portal/wp-content/uploads/2014/05/MONICA-FERNANDEZ-PROF-JEFE-4TO-A-CAE.jpg?resize=400%2C270&amp;ssl=1 400w" sizes="auto, (max-width: 300px) 100vw, 300px" /></a></p>
<p>Profesora Jefe del 4º Básico A, Mónica Fernández.</p>

<p>Profesora Jefe del 4º Básico A, Mónica Fernández.</p>

Profesora Jefe del 4º Básico A, Mónica Fernández.
