{"id":47070,"date":"2014-06-02T09:25:55","date_gmt":"2014-06-02T13:25:55","guid":{"rendered":"http:\/\/www.eltrabajo.cl\/portal\/wp-content\/uploads\/2014\/06\/Cura1.jpg"},"modified":"2014-06-02T09:25:55","modified_gmt":"2014-06-02T13:25:55","slug":"cura1-3","status":"inherit","type":"attachment","link":"https:\/\/eltrabajo.cl\/portal\/sacerdote-pedro-salinas-celebro-16-anos-de-sacerdocio\/cura1-3\/","title":{"rendered":"Cura1"},"author":482,"featured_media":0,"comment_status":"open","ping_status":"closed","template":"","meta":{"advanced_seo_description":"","jetpack_seo_html_title":"","jetpack_seo_noindex":false},"class_list":["post-47070","attachment","type-attachment","status-inherit","hentry"],"jetpack_sharing_enabled":true,"jetpack_likes_enabled":true,"description":{"rendered":"<p class=\"attachment\"><a href=\"https:\/\/i0.wp.com\/eltrabajo.cl\/portal\/wp-content\/uploads\/2014\/06\/Cura1.jpg?ssl=1\"><img loading=\"lazy\" decoding=\"async\" width=\"300\" height=\"191\" src=\"https:\/\/i0.wp.com\/eltrabajo.cl\/portal\/wp-content\/uploads\/2014\/06\/Cura1.jpg?fit=300%2C191&amp;ssl=1\" class=\"attachment-medium size-medium\" alt=\"RELIGIOSO REGAL\u00d3N.- El Cura Pedro Fabi\u00e1n Salinas Ortiz celebr\u00f3 16 a\u00f1os desde que fuese ordenado sacerdote.\" srcset=\"https:\/\/i0.wp.com\/eltrabajo.cl\/portal\/wp-content\/uploads\/2014\/06\/Cura1.jpg?w=529&amp;ssl=1 529w, https:\/\/i0.wp.com\/eltrabajo.cl\/portal\/wp-content\/uploads\/2014\/06\/Cura1.jpg?resize=200%2C127&amp;ssl=1 200w, https:\/\/i0.wp.com\/eltrabajo.cl\/portal\/wp-content\/uploads\/2014\/06\/Cura1.jpg?resize=300%2C191&amp;ssl=1 300w, https:\/\/i0.wp.com\/eltrabajo.cl\/portal\/wp-content\/uploads\/2014\/06\/Cura1.jpg?resize=150%2C95&amp;ssl=1 150w, https:\/\/i0.wp.com\/eltrabajo.cl\/portal\/wp-content\/uploads\/2014\/06\/Cura1.jpg?resize=400%2C254&amp;ssl=1 400w\" sizes=\"auto, (max-width: 300px) 100vw, 300px\" \/><\/a><\/p>\n<p>RELIGIOSO REGAL\u00d3N.- El Cura Pedro Fabi\u00e1n Salinas Ortiz celebr\u00f3 16 a\u00f1os desde que fuese ordenado sacerdote.<\/p>\n"},"caption":{"rendered":"<p>RELIGIOSO REGAL\u00d3N.- El Cura Pedro Fabi\u00e1n Salinas Ortiz celebr\u00f3 16 a\u00f1os desde que fuese ordenado sacerdote.<\/p>\n"},"alt_text":"RELIGIOSO REGAL\u00d3N.- El Cura Pedro Fabi\u00e1n Salinas Ortiz celebr\u00f3 16 a\u00f1os desde que fuese ordenado sacerdote.","media_type":"image","mime_type":"image\/jpeg","media_details":{"width":529,"height":337,"file":"2014\/06\/Cura1.jpg","sizes":{"thumbnail":{"file":"Cura1-200x127.jpg","width":200,"height":127,"mime_type":"image\/jpeg","source_url":"https:\/\/i0.wp.com\/eltrabajo.cl\/portal\/wp-content\/uploads\/2014\/06\/Cura1.jpg?fit=200%2C127&ssl=1"},"medium":{"file":"Cura1-300x191.jpg","width":300,"height":191,"mime_type":"image\/jpeg","source_url":"https:\/\/i0.wp.com\/eltrabajo.cl\/portal\/wp-content\/uploads\/2014\/06\/Cura1.jpg?fit=300%2C191&ssl=1"},"post-thumbnail":{"file":"Cura1-150x95.jpg","width":150,"height":95,"mime_type":"image\/jpeg","source_url":"https:\/\/i0.wp.com\/eltrabajo.cl\/portal\/wp-content\/uploads\/2014\/06\/Cura1.jpg?fit=150%2C95&ssl=1"},"single-post-thumbnail":{"file":"Cura1-400x254.jpg","width":400,"height":254,"mime_type":"image\/jpeg","source_url":"https:\/\/eltrabajo.cl\/portal\/wp-content\/uploads\/2014\/06\/Cura1-400x254.jpg"},"full":{"file":"Cura1.jpg?fit=529%2C337&ssl=1","width":529,"height":337,"mime_type":"image\/jpeg","source_url":"https:\/\/i0.wp.com\/eltrabajo.cl\/portal\/wp-content\/uploads\/2014\/06\/Cura1.jpg?fit=529%2C337&ssl=1"}},"image_meta":{"aperture":5.5999999999999996447286321199499070644378662109375,"credit":"","camera":"Canon EOS REBEL T3i","caption":"","created_timestamp":1401564101,"copyright":"[wopmind]","focal_length":"61","iso":"6400","shutter_speed":"0.02","title":""}},"post":47068,"source_url":"https:\/\/eltrabajo.cl\/portal\/wp-content\/uploads\/2014\/06\/Cura1.jpg","_links":{"self":[{"href":"https:\/\/eltrabajo.cl\/portal\/wp-json\/wp\/v2\/media\/47070","targetHints":{"allow":["GET"]}}],"collection":[{"href":"https:\/\/eltrabajo.cl\/portal\/wp-json\/wp\/v2\/media"}],"about":[{"href":"https:\/\/eltrabajo.cl\/portal\/wp-json\/wp\/v2\/types\/attachment"}],"author":[{"embeddable":true,"href":"https:\/\/eltrabajo.cl\/portal\/wp-json\/wp\/v2\/users\/482"}],"replies":[{"embeddable":true,"href":"https:\/\/eltrabajo.cl\/portal\/wp-json\/wp\/v2\/comments?post=47070"}],"wp:attached-to":[{"embeddable":true,"post_type":"post","id":47068,"href":"https:\/\/eltrabajo.cl\/portal\/wp-json\/wp\/v2\/posts\/47068"}],"curies":[{"name":"wp","href":"https:\/\/api.w.org\/{rel}","templated":true}]}}

<p class="attachment"><a href="https://i0.wp.com/eltrabajo.cl/portal/wp-content/uploads/2014/06/Cura1.jpg?ssl=1"><img loading="lazy" decoding="async" width="300" height="191" src="https://i0.wp.com/eltrabajo.cl/portal/wp-content/uploads/2014/06/Cura1.jpg?fit=300%2C191&amp;ssl=1" class="attachment-medium size-medium" alt="RELIGIOSO REGALÓN.- El Cura Pedro Fabián Salinas Ortiz celebró 16 años desde que fuese ordenado sacerdote." srcset="https://i0.wp.com/eltrabajo.cl/portal/wp-content/uploads/2014/06/Cura1.jpg?w=529&amp;ssl=1 529w, https://i0.wp.com/eltrabajo.cl/portal/wp-content/uploads/2014/06/Cura1.jpg?resize=200%2C127&amp;ssl=1 200w, https://i0.wp.com/eltrabajo.cl/portal/wp-content/uploads/2014/06/Cura1.jpg?resize=300%2C191&amp;ssl=1 300w, https://i0.wp.com/eltrabajo.cl/portal/wp-content/uploads/2014/06/Cura1.jpg?resize=150%2C95&amp;ssl=1 150w, https://i0.wp.com/eltrabajo.cl/portal/wp-content/uploads/2014/06/Cura1.jpg?resize=400%2C254&amp;ssl=1 400w" sizes="auto, (max-width: 300px) 100vw, 300px" /></a></p>
<p>RELIGIOSO REGALÓN.- El Cura Pedro Fabián Salinas Ortiz celebró 16 años desde que fuese ordenado sacerdote.</p>

<p>RELIGIOSO REGALÓN.- El Cura Pedro Fabián Salinas Ortiz celebró 16 años desde que fuese ordenado sacerdote.</p>

RELIGIOSO REGALÓN.- El Cura Pedro Fabián Salinas Ortiz celebró 16 años desde que fuese ordenado sacerdote.
