{"id":47071,"date":"2014-06-02T09:25:58","date_gmt":"2014-06-02T13:25:58","guid":{"rendered":"http:\/\/www.eltrabajo.cl\/portal\/wp-content\/uploads\/2014\/06\/Rosa-Ortiz.jpg"},"modified":"2014-06-02T09:25:58","modified_gmt":"2014-06-02T13:25:58","slug":"rosa-ortiz","status":"inherit","type":"attachment","link":"https:\/\/eltrabajo.cl\/portal\/sacerdote-pedro-salinas-celebro-16-anos-de-sacerdocio\/rosa-ortiz\/","title":{"rendered":"Rosa Ortiz"},"author":482,"featured_media":0,"comment_status":"open","ping_status":"closed","template":"","meta":{"advanced_seo_description":"","jetpack_seo_html_title":"","jetpack_seo_noindex":false},"class_list":["post-47071","attachment","type-attachment","status-inherit","hentry"],"jetpack_sharing_enabled":true,"jetpack_likes_enabled":true,"description":{"rendered":"<p class=\"attachment\"><a href=\"https:\/\/i0.wp.com\/eltrabajo.cl\/portal\/wp-content\/uploads\/2014\/06\/Rosa-Ortiz.jpg?ssl=1\"><img loading=\"lazy\" decoding=\"async\" width=\"247\" height=\"300\" src=\"https:\/\/i0.wp.com\/eltrabajo.cl\/portal\/wp-content\/uploads\/2014\/06\/Rosa-Ortiz.jpg?fit=247%2C300&amp;ssl=1\" class=\"attachment-medium size-medium\" alt=\"MADRE ORGULLOSA.- La se\u00f1ora Rosa Ortiz, madre del Cura Pedro, orgullosa se ubic\u00f3 en las primeras filas del templo para acompa\u00f1ar a su hijo en tan importante momento.\" srcset=\"https:\/\/i0.wp.com\/eltrabajo.cl\/portal\/wp-content\/uploads\/2014\/06\/Rosa-Ortiz.jpg?w=529&amp;ssl=1 529w, https:\/\/i0.wp.com\/eltrabajo.cl\/portal\/wp-content\/uploads\/2014\/06\/Rosa-Ortiz.jpg?resize=123%2C150&amp;ssl=1 123w, https:\/\/i0.wp.com\/eltrabajo.cl\/portal\/wp-content\/uploads\/2014\/06\/Rosa-Ortiz.jpg?resize=247%2C300&amp;ssl=1 247w, https:\/\/i0.wp.com\/eltrabajo.cl\/portal\/wp-content\/uploads\/2014\/06\/Rosa-Ortiz.jpg?resize=400%2C484&amp;ssl=1 400w\" sizes=\"auto, (max-width: 247px) 100vw, 247px\" \/><\/a><\/p>\n<p>MADRE ORGULLOSA.- La se\u00f1ora Rosa Ortiz, madre del Cura Pedro, orgullosa se ubic\u00f3 en las primeras filas del templo para acompa\u00f1ar a su hijo en tan importante momento.<\/p>\n"},"caption":{"rendered":"<p>MADRE ORGULLOSA.- La se\u00f1ora Rosa Ortiz, madre del Cura Pedro, orgullosa se ubic\u00f3 en las primeras filas del templo para acompa\u00f1ar a su hijo en tan importante momento.<\/p>\n"},"alt_text":"MADRE ORGULLOSA.- La se\u00f1ora Rosa Ortiz, madre del Cura Pedro, orgullosa se ubic\u00f3 en las primeras filas del templo para acompa\u00f1ar a su hijo en tan importante momento.","media_type":"image","mime_type":"image\/jpeg","media_details":{"width":529,"height":641,"file":"2014\/06\/Rosa-Ortiz.jpg","sizes":{"thumbnail":{"file":"Rosa-Ortiz-123x150.jpg","width":123,"height":150,"mime_type":"image\/jpeg","source_url":"https:\/\/i0.wp.com\/eltrabajo.cl\/portal\/wp-content\/uploads\/2014\/06\/Rosa-Ortiz.jpg?fit=123%2C150&ssl=1"},"medium":{"file":"Rosa-Ortiz-247x300.jpg","width":247,"height":300,"mime_type":"image\/jpeg","source_url":"https:\/\/i0.wp.com\/eltrabajo.cl\/portal\/wp-content\/uploads\/2014\/06\/Rosa-Ortiz.jpg?fit=247%2C300&ssl=1"},"post-thumbnail":{"file":"Rosa-Ortiz-123x150.jpg","width":123,"height":150,"mime_type":"image\/jpeg","source_url":"https:\/\/i0.wp.com\/eltrabajo.cl\/portal\/wp-content\/uploads\/2014\/06\/Rosa-Ortiz.jpg?fit=123%2C150&ssl=1"},"single-post-thumbnail":{"file":"Rosa-Ortiz-400x484.jpg","width":400,"height":484,"mime_type":"image\/jpeg","source_url":"https:\/\/eltrabajo.cl\/portal\/wp-content\/uploads\/2014\/06\/Rosa-Ortiz-400x484.jpg"},"full":{"file":"Rosa-Ortiz.jpg?fit=529%2C641&ssl=1","width":529,"height":641,"mime_type":"image\/jpeg","source_url":"https:\/\/i0.wp.com\/eltrabajo.cl\/portal\/wp-content\/uploads\/2014\/06\/Rosa-Ortiz.jpg?fit=529%2C641&ssl=1"}},"image_meta":{"aperture":4,"credit":"","camera":"Canon EOS REBEL T3i","caption":"","created_timestamp":1401563322,"copyright":"[wopmind]","focal_length":"31","iso":"400","shutter_speed":"0.016666666666667","title":""}},"post":47068,"source_url":"https:\/\/eltrabajo.cl\/portal\/wp-content\/uploads\/2014\/06\/Rosa-Ortiz.jpg","_links":{"self":[{"href":"https:\/\/eltrabajo.cl\/portal\/wp-json\/wp\/v2\/media\/47071","targetHints":{"allow":["GET"]}}],"collection":[{"href":"https:\/\/eltrabajo.cl\/portal\/wp-json\/wp\/v2\/media"}],"about":[{"href":"https:\/\/eltrabajo.cl\/portal\/wp-json\/wp\/v2\/types\/attachment"}],"author":[{"embeddable":true,"href":"https:\/\/eltrabajo.cl\/portal\/wp-json\/wp\/v2\/users\/482"}],"replies":[{"embeddable":true,"href":"https:\/\/eltrabajo.cl\/portal\/wp-json\/wp\/v2\/comments?post=47071"}],"wp:attached-to":[{"embeddable":true,"post_type":"post","id":47068,"href":"https:\/\/eltrabajo.cl\/portal\/wp-json\/wp\/v2\/posts\/47068"}],"curies":[{"name":"wp","href":"https:\/\/api.w.org\/{rel}","templated":true}]}}

<p class="attachment"><a href="https://i0.wp.com/eltrabajo.cl/portal/wp-content/uploads/2014/06/Rosa-Ortiz.jpg?ssl=1"><img loading="lazy" decoding="async" width="247" height="300" src="https://i0.wp.com/eltrabajo.cl/portal/wp-content/uploads/2014/06/Rosa-Ortiz.jpg?fit=247%2C300&amp;ssl=1" class="attachment-medium size-medium" alt="MADRE ORGULLOSA.- La señora Rosa Ortiz, madre del Cura Pedro, orgullosa se ubicó en las primeras filas del templo para acompañar a su hijo en tan importante momento." srcset="https://i0.wp.com/eltrabajo.cl/portal/wp-content/uploads/2014/06/Rosa-Ortiz.jpg?w=529&amp;ssl=1 529w, https://i0.wp.com/eltrabajo.cl/portal/wp-content/uploads/2014/06/Rosa-Ortiz.jpg?resize=123%2C150&amp;ssl=1 123w, https://i0.wp.com/eltrabajo.cl/portal/wp-content/uploads/2014/06/Rosa-Ortiz.jpg?resize=247%2C300&amp;ssl=1 247w, https://i0.wp.com/eltrabajo.cl/portal/wp-content/uploads/2014/06/Rosa-Ortiz.jpg?resize=400%2C484&amp;ssl=1 400w" sizes="auto, (max-width: 247px) 100vw, 247px" /></a></p>
<p>MADRE ORGULLOSA.- La señora Rosa Ortiz, madre del Cura Pedro, orgullosa se ubicó en las primeras filas del templo para acompañar a su hijo en tan importante momento.</p>

<p>MADRE ORGULLOSA.- La señora Rosa Ortiz, madre del Cura Pedro, orgullosa se ubicó en las primeras filas del templo para acompañar a su hijo en tan importante momento.</p>

MADRE ORGULLOSA.- La señora Rosa Ortiz, madre del Cura Pedro, orgullosa se ubicó en las primeras filas del templo para acompañar a su hijo en tan importante momento.
