{"id":47076,"date":"2014-06-02T09:32:50","date_gmt":"2014-06-02T13:32:50","guid":{"rendered":"http:\/\/www.eltrabajo.cl\/portal\/wp-content\/uploads\/2014\/06\/Alcaldes1.jpg"},"modified":"2014-06-02T09:32:50","modified_gmt":"2014-06-02T13:32:50","slug":"alcaldes1","status":"inherit","type":"attachment","link":"https:\/\/eltrabajo.cl\/portal\/libro-renace-el-condor-fue-lanzado-en-san-felipe\/alcaldes1\/","title":{"rendered":"Alcaldes1"},"author":482,"featured_media":0,"comment_status":"open","ping_status":"closed","template":"","meta":{"advanced_seo_description":"","jetpack_seo_html_title":"","jetpack_seo_noindex":false},"class_list":["post-47076","attachment","type-attachment","status-inherit","hentry"],"jetpack_sharing_enabled":true,"jetpack_likes_enabled":true,"description":{"rendered":"<p class=\"attachment\"><a href=\"https:\/\/i0.wp.com\/eltrabajo.cl\/portal\/wp-content\/uploads\/2014\/06\/Alcaldes1.jpg?ssl=1\"><img loading=\"lazy\" decoding=\"async\" width=\"300\" height=\"229\" src=\"https:\/\/i0.wp.com\/eltrabajo.cl\/portal\/wp-content\/uploads\/2014\/06\/Alcaldes1.jpg?fit=300%2C229&amp;ssl=1\" class=\"attachment-medium size-medium\" alt=\"SU PRIMER LIBRO.- La escritora Selfa Antim\u00e1n present\u00f3 su libro a nuestras c\u00e1maras en compa\u00f1\u00eda de los alcaldes de Santa Mar\u00eda Y Putaendo, Claudio Zurita y Guillermo Reyes.\" srcset=\"https:\/\/i0.wp.com\/eltrabajo.cl\/portal\/wp-content\/uploads\/2014\/06\/Alcaldes1.jpg?w=528&amp;ssl=1 528w, https:\/\/i0.wp.com\/eltrabajo.cl\/portal\/wp-content\/uploads\/2014\/06\/Alcaldes1.jpg?resize=196%2C150&amp;ssl=1 196w, https:\/\/i0.wp.com\/eltrabajo.cl\/portal\/wp-content\/uploads\/2014\/06\/Alcaldes1.jpg?resize=300%2C229&amp;ssl=1 300w, https:\/\/i0.wp.com\/eltrabajo.cl\/portal\/wp-content\/uploads\/2014\/06\/Alcaldes1.jpg?resize=150%2C114&amp;ssl=1 150w, https:\/\/i0.wp.com\/eltrabajo.cl\/portal\/wp-content\/uploads\/2014\/06\/Alcaldes1.jpg?resize=400%2C306&amp;ssl=1 400w\" sizes=\"auto, (max-width: 300px) 100vw, 300px\" \/><\/a><\/p>\n<p>SU PRIMER LIBRO.- La escritora Selfa Antim\u00e1n present\u00f3 su libro a nuestras c\u00e1maras en compa\u00f1\u00eda de los alcaldes de Santa Mar\u00eda Y Putaendo, Claudio Zurita y Guillermo Reyes.<\/p>\n"},"caption":{"rendered":"<p>SU PRIMER LIBRO.- La escritora Selfa Antim\u00e1n present\u00f3 su libro a nuestras c\u00e1maras en compa\u00f1\u00eda de los alcaldes de Santa Mar\u00eda Y Putaendo, Claudio Zurita y Guillermo Reyes.<\/p>\n"},"alt_text":"SU PRIMER LIBRO.- La escritora Selfa Antim\u00e1n present\u00f3 su libro a nuestras c\u00e1maras en compa\u00f1\u00eda de los alcaldes de Santa Mar\u00eda Y Putaendo, Claudio Zurita y Guillermo Reyes.","media_type":"image","mime_type":"image\/jpeg","media_details":{"width":528,"height":404,"file":"2014\/06\/Alcaldes1.jpg","sizes":{"thumbnail":{"file":"Alcaldes1-196x150.jpg","width":196,"height":150,"mime_type":"image\/jpeg","source_url":"https:\/\/i0.wp.com\/eltrabajo.cl\/portal\/wp-content\/uploads\/2014\/06\/Alcaldes1.jpg?fit=196%2C150&ssl=1"},"medium":{"file":"Alcaldes1-300x229.jpg","width":300,"height":229,"mime_type":"image\/jpeg","source_url":"https:\/\/i0.wp.com\/eltrabajo.cl\/portal\/wp-content\/uploads\/2014\/06\/Alcaldes1.jpg?fit=300%2C229&ssl=1"},"post-thumbnail":{"file":"Alcaldes1-150x114.jpg","width":150,"height":114,"mime_type":"image\/jpeg","source_url":"https:\/\/i0.wp.com\/eltrabajo.cl\/portal\/wp-content\/uploads\/2014\/06\/Alcaldes1.jpg?fit=150%2C114&ssl=1"},"single-post-thumbnail":{"file":"Alcaldes1-400x306.jpg","width":400,"height":306,"mime_type":"image\/jpeg","source_url":"https:\/\/eltrabajo.cl\/portal\/wp-content\/uploads\/2014\/06\/Alcaldes1-400x306.jpg"},"full":{"file":"Alcaldes1.jpg?fit=528%2C404&ssl=1","width":528,"height":404,"mime_type":"image\/jpeg","source_url":"https:\/\/i0.wp.com\/eltrabajo.cl\/portal\/wp-content\/uploads\/2014\/06\/Alcaldes1.jpg?fit=528%2C404&ssl=1"}},"image_meta":{"aperture":4,"credit":"","camera":"Canon EOS REBEL T1i","caption":"","created_timestamp":1401480866,"copyright":"","focal_length":"24","iso":"400","shutter_speed":"0.016666666666667","title":""}},"post":47074,"source_url":"https:\/\/eltrabajo.cl\/portal\/wp-content\/uploads\/2014\/06\/Alcaldes1.jpg","_links":{"self":[{"href":"https:\/\/eltrabajo.cl\/portal\/wp-json\/wp\/v2\/media\/47076","targetHints":{"allow":["GET"]}}],"collection":[{"href":"https:\/\/eltrabajo.cl\/portal\/wp-json\/wp\/v2\/media"}],"about":[{"href":"https:\/\/eltrabajo.cl\/portal\/wp-json\/wp\/v2\/types\/attachment"}],"author":[{"embeddable":true,"href":"https:\/\/eltrabajo.cl\/portal\/wp-json\/wp\/v2\/users\/482"}],"replies":[{"embeddable":true,"href":"https:\/\/eltrabajo.cl\/portal\/wp-json\/wp\/v2\/comments?post=47076"}],"wp:attached-to":[{"embeddable":true,"post_type":"post","id":47074,"href":"https:\/\/eltrabajo.cl\/portal\/wp-json\/wp\/v2\/posts\/47074"}],"curies":[{"name":"wp","href":"https:\/\/api.w.org\/{rel}","templated":true}]}}

<p class="attachment"><a href="https://i0.wp.com/eltrabajo.cl/portal/wp-content/uploads/2014/06/Alcaldes1.jpg?ssl=1"><img loading="lazy" decoding="async" width="300" height="229" src="https://i0.wp.com/eltrabajo.cl/portal/wp-content/uploads/2014/06/Alcaldes1.jpg?fit=300%2C229&amp;ssl=1" class="attachment-medium size-medium" alt="SU PRIMER LIBRO.- La escritora Selfa Antimán presentó su libro a nuestras cámaras en compañía de los alcaldes de Santa María Y Putaendo, Claudio Zurita y Guillermo Reyes." srcset="https://i0.wp.com/eltrabajo.cl/portal/wp-content/uploads/2014/06/Alcaldes1.jpg?w=528&amp;ssl=1 528w, https://i0.wp.com/eltrabajo.cl/portal/wp-content/uploads/2014/06/Alcaldes1.jpg?resize=196%2C150&amp;ssl=1 196w, https://i0.wp.com/eltrabajo.cl/portal/wp-content/uploads/2014/06/Alcaldes1.jpg?resize=300%2C229&amp;ssl=1 300w, https://i0.wp.com/eltrabajo.cl/portal/wp-content/uploads/2014/06/Alcaldes1.jpg?resize=150%2C114&amp;ssl=1 150w, https://i0.wp.com/eltrabajo.cl/portal/wp-content/uploads/2014/06/Alcaldes1.jpg?resize=400%2C306&amp;ssl=1 400w" sizes="auto, (max-width: 300px) 100vw, 300px" /></a></p>
<p>SU PRIMER LIBRO.- La escritora Selfa Antimán presentó su libro a nuestras cámaras en compañía de los alcaldes de Santa María Y Putaendo, Claudio Zurita y Guillermo Reyes.</p>

<p>SU PRIMER LIBRO.- La escritora Selfa Antimán presentó su libro a nuestras cámaras en compañía de los alcaldes de Santa María Y Putaendo, Claudio Zurita y Guillermo Reyes.</p>

SU PRIMER LIBRO.- La escritora Selfa Antimán presentó su libro a nuestras cámaras en compañía de los alcaldes de Santa María Y Putaendo, Claudio Zurita y Guillermo Reyes.
