{"id":47368,"date":"2014-06-09T11:38:49","date_gmt":"2014-06-09T15:38:49","guid":{"rendered":"http:\/\/www.eltrabajo.cl\/portal\/wp-content\/uploads\/2014\/06\/Carabineros2.jpg"},"modified":"2014-06-09T11:38:49","modified_gmt":"2014-06-09T15:38:49","slug":"carabineros2-2","status":"inherit","type":"attachment","link":"https:\/\/eltrabajo.cl\/portal\/cientos-de-estudiantes-ya-valoran-hacer-carrera-en-carabineros\/carabineros2-2\/","title":{"rendered":"Carabineros2"},"author":482,"featured_media":0,"comment_status":"open","ping_status":"closed","template":"","meta":{"advanced_seo_description":"","jetpack_seo_html_title":"","jetpack_seo_noindex":false},"class_list":["post-47368","attachment","type-attachment","status-inherit","hentry"],"jetpack_sharing_enabled":true,"jetpack_likes_enabled":true,"description":{"rendered":"<p class=\"attachment\"><a href=\"https:\/\/i0.wp.com\/eltrabajo.cl\/portal\/wp-content\/uploads\/2014\/06\/Carabineros2.jpg?ssl=1\"><img loading=\"lazy\" decoding=\"async\" width=\"300\" height=\"172\" src=\"https:\/\/i0.wp.com\/eltrabajo.cl\/portal\/wp-content\/uploads\/2014\/06\/Carabineros2.jpg?fit=300%2C172&amp;ssl=1\" class=\"attachment-medium size-medium\" alt=\"OPCIONES DE CRECER.- Cerca de 400 estudiantes de colegios p\u00fablicos, subvencionados y privados del Valle de Aconcagua, visitaron este viernes una exposici\u00f3n que mont\u00f3 la Oficina de Postulaciones de la Prefectura Aconcagua.\" srcset=\"https:\/\/i0.wp.com\/eltrabajo.cl\/portal\/wp-content\/uploads\/2014\/06\/Carabineros2.jpg?w=529&amp;ssl=1 529w, https:\/\/i0.wp.com\/eltrabajo.cl\/portal\/wp-content\/uploads\/2014\/06\/Carabineros2.jpg?resize=200%2C115&amp;ssl=1 200w, https:\/\/i0.wp.com\/eltrabajo.cl\/portal\/wp-content\/uploads\/2014\/06\/Carabineros2.jpg?resize=300%2C172&amp;ssl=1 300w, https:\/\/i0.wp.com\/eltrabajo.cl\/portal\/wp-content\/uploads\/2014\/06\/Carabineros2.jpg?resize=150%2C86&amp;ssl=1 150w, https:\/\/i0.wp.com\/eltrabajo.cl\/portal\/wp-content\/uploads\/2014\/06\/Carabineros2.jpg?resize=400%2C230&amp;ssl=1 400w\" sizes=\"auto, (max-width: 300px) 100vw, 300px\" \/><\/a><\/p>\n<p>OPCIONES DE CRECER.- Cerca de 400 estudiantes de colegios p\u00fablicos, subvencionados y privados del Valle de Aconcagua, visitaron este viernes una exposici\u00f3n que mont\u00f3 la Oficina de Postulaciones de la Prefectura Aconcagua.<\/p>\n"},"caption":{"rendered":"<p>OPCIONES DE CRECER.- Cerca de 400 estudiantes de colegios p\u00fablicos, subvencionados y privados del Valle de Aconcagua, visitaron este viernes una exposici\u00f3n que mont\u00f3 la Oficina de Postulaciones de la Prefectura Aconcagua.<\/p>\n"},"alt_text":"OPCIONES DE CRECER.- Cerca de 400 estudiantes de colegios p\u00fablicos, subvencionados y privados del Valle de Aconcagua, visitaron este viernes una exposici\u00f3n que mont\u00f3 la Oficina de Postulaciones de la Prefectura Aconcagua.","media_type":"image","mime_type":"image\/jpeg","media_details":{"width":529,"height":305,"file":"2014\/06\/Carabineros2.jpg","sizes":{"thumbnail":{"file":"Carabineros2-200x115.jpg","width":200,"height":115,"mime_type":"image\/jpeg","source_url":"https:\/\/i0.wp.com\/eltrabajo.cl\/portal\/wp-content\/uploads\/2014\/06\/Carabineros2.jpg?fit=200%2C115&ssl=1"},"medium":{"file":"Carabineros2-300x172.jpg","width":300,"height":172,"mime_type":"image\/jpeg","source_url":"https:\/\/i0.wp.com\/eltrabajo.cl\/portal\/wp-content\/uploads\/2014\/06\/Carabineros2.jpg?fit=300%2C172&ssl=1"},"post-thumbnail":{"file":"Carabineros2-150x86.jpg","width":150,"height":86,"mime_type":"image\/jpeg","source_url":"https:\/\/i0.wp.com\/eltrabajo.cl\/portal\/wp-content\/uploads\/2014\/06\/Carabineros2.jpg?fit=150%2C86&ssl=1"},"single-post-thumbnail":{"file":"Carabineros2-400x230.jpg","width":400,"height":230,"mime_type":"image\/jpeg","source_url":"https:\/\/eltrabajo.cl\/portal\/wp-content\/uploads\/2014\/06\/Carabineros2-400x230.jpg"},"full":{"file":"Carabineros2.jpg?fit=529%2C305&ssl=1","width":529,"height":305,"mime_type":"image\/jpeg","source_url":"https:\/\/i0.wp.com\/eltrabajo.cl\/portal\/wp-content\/uploads\/2014\/06\/Carabineros2.jpg?fit=529%2C305&ssl=1"}},"image_meta":{"aperture":2.399999999999999911182158029987476766109466552734375,"credit":"","camera":"XT1058","caption":"","created_timestamp":1402050403,"copyright":"","focal_length":"4.499","iso":"400","shutter_speed":"0.01999","title":""}},"post":47365,"source_url":"https:\/\/eltrabajo.cl\/portal\/wp-content\/uploads\/2014\/06\/Carabineros2.jpg","_links":{"self":[{"href":"https:\/\/eltrabajo.cl\/portal\/wp-json\/wp\/v2\/media\/47368","targetHints":{"allow":["GET"]}}],"collection":[{"href":"https:\/\/eltrabajo.cl\/portal\/wp-json\/wp\/v2\/media"}],"about":[{"href":"https:\/\/eltrabajo.cl\/portal\/wp-json\/wp\/v2\/types\/attachment"}],"author":[{"embeddable":true,"href":"https:\/\/eltrabajo.cl\/portal\/wp-json\/wp\/v2\/users\/482"}],"replies":[{"embeddable":true,"href":"https:\/\/eltrabajo.cl\/portal\/wp-json\/wp\/v2\/comments?post=47368"}],"wp:attached-to":[{"embeddable":true,"post_type":"post","id":47365,"href":"https:\/\/eltrabajo.cl\/portal\/wp-json\/wp\/v2\/posts\/47365"}],"curies":[{"name":"wp","href":"https:\/\/api.w.org\/{rel}","templated":true}]}}

<p class="attachment"><a href="https://i0.wp.com/eltrabajo.cl/portal/wp-content/uploads/2014/06/Carabineros2.jpg?ssl=1"><img loading="lazy" decoding="async" width="300" height="172" src="https://i0.wp.com/eltrabajo.cl/portal/wp-content/uploads/2014/06/Carabineros2.jpg?fit=300%2C172&amp;ssl=1" class="attachment-medium size-medium" alt="OPCIONES DE CRECER.- Cerca de 400 estudiantes de colegios públicos, subvencionados y privados del Valle de Aconcagua, visitaron este viernes una exposición que montó la Oficina de Postulaciones de la Prefectura Aconcagua." srcset="https://i0.wp.com/eltrabajo.cl/portal/wp-content/uploads/2014/06/Carabineros2.jpg?w=529&amp;ssl=1 529w, https://i0.wp.com/eltrabajo.cl/portal/wp-content/uploads/2014/06/Carabineros2.jpg?resize=200%2C115&amp;ssl=1 200w, https://i0.wp.com/eltrabajo.cl/portal/wp-content/uploads/2014/06/Carabineros2.jpg?resize=300%2C172&amp;ssl=1 300w, https://i0.wp.com/eltrabajo.cl/portal/wp-content/uploads/2014/06/Carabineros2.jpg?resize=150%2C86&amp;ssl=1 150w, https://i0.wp.com/eltrabajo.cl/portal/wp-content/uploads/2014/06/Carabineros2.jpg?resize=400%2C230&amp;ssl=1 400w" sizes="auto, (max-width: 300px) 100vw, 300px" /></a></p>
<p>OPCIONES DE CRECER.- Cerca de 400 estudiantes de colegios públicos, subvencionados y privados del Valle de Aconcagua, visitaron este viernes una exposición que montó la Oficina de Postulaciones de la Prefectura Aconcagua.</p>

<p>OPCIONES DE CRECER.- Cerca de 400 estudiantes de colegios públicos, subvencionados y privados del Valle de Aconcagua, visitaron este viernes una exposición que montó la Oficina de Postulaciones de la Prefectura Aconcagua.</p>

OPCIONES DE CRECER.- Cerca de 400 estudiantes de colegios públicos, subvencionados y privados del Valle de Aconcagua, visitaron este viernes una exposición que montó la Oficina de Postulaciones de la Prefectura Aconcagua.
