{"id":47867,"date":"2014-06-19T09:50:33","date_gmt":"2014-06-19T13:50:33","guid":{"rendered":"http:\/\/www.eltrabajo.cl\/portal\/wp-content\/uploads\/2014\/06\/Locura6.jpg"},"modified":"2014-06-19T09:50:33","modified_gmt":"2014-06-19T13:50:33","slug":"locura6","status":"inherit","type":"attachment","link":"https:\/\/eltrabajo.cl\/portal\/locura-de-la-clasificacion-a-octavos-de-final-tambien-se-vive-en-san-felipe\/locura6\/","title":{"rendered":"Locura6"},"author":482,"featured_media":0,"comment_status":"open","ping_status":"closed","template":"","meta":{"advanced_seo_description":"","jetpack_seo_html_title":"","jetpack_seo_noindex":false},"class_list":["post-47867","attachment","type-attachment","status-inherit","hentry"],"jetpack_sharing_enabled":true,"jetpack_likes_enabled":true,"description":{"rendered":"<p class=\"attachment\"><a href=\"https:\/\/i0.wp.com\/eltrabajo.cl\/portal\/wp-content\/uploads\/2014\/06\/Locura6.jpg?ssl=1\"><img loading=\"lazy\" decoding=\"async\" width=\"300\" height=\"203\" src=\"https:\/\/i0.wp.com\/eltrabajo.cl\/portal\/wp-content\/uploads\/2014\/06\/Locura6.jpg?fit=300%2C203&amp;ssl=1\" class=\"attachment-medium size-medium\" alt=\"LOS PEQUES TAMBI\u00c9N.- Por las ventanas de los autos y bajo la supervisi\u00f3n de sus padres, los m\u00e1s peques tambi\u00e9n sacaron sus banderas para apoyar el ambiente mundialista que se vive en todo nuestro pa\u00eds.\" srcset=\"https:\/\/i0.wp.com\/eltrabajo.cl\/portal\/wp-content\/uploads\/2014\/06\/Locura6.jpg?w=529&amp;ssl=1 529w, https:\/\/i0.wp.com\/eltrabajo.cl\/portal\/wp-content\/uploads\/2014\/06\/Locura6.jpg?resize=200%2C135&amp;ssl=1 200w, https:\/\/i0.wp.com\/eltrabajo.cl\/portal\/wp-content\/uploads\/2014\/06\/Locura6.jpg?resize=300%2C203&amp;ssl=1 300w, https:\/\/i0.wp.com\/eltrabajo.cl\/portal\/wp-content\/uploads\/2014\/06\/Locura6.jpg?resize=150%2C101&amp;ssl=1 150w, https:\/\/i0.wp.com\/eltrabajo.cl\/portal\/wp-content\/uploads\/2014\/06\/Locura6.jpg?resize=400%2C270&amp;ssl=1 400w\" sizes=\"auto, (max-width: 300px) 100vw, 300px\" \/><\/a><\/p>\n<p>LOS PEQUES TAMBI\u00c9N.- Por las ventanas de los autos y bajo la supervisi\u00f3n de sus padres, los m\u00e1s peques tambi\u00e9n sacaron sus banderas para apoyar el ambiente mundialista que se vive en todo nuestro pa\u00eds.<\/p>\n"},"caption":{"rendered":"<p>LOS PEQUES TAMBI\u00c9N.- Por las ventanas de los autos y bajo la supervisi\u00f3n de sus padres, los m\u00e1s peques tambi\u00e9n sacaron sus banderas para apoyar el ambiente mundialista que se vive en todo nuestro pa\u00eds.<\/p>\n"},"alt_text":"LOS PEQUES TAMBI\u00c9N.- Por las ventanas de los autos y bajo la supervisi\u00f3n de sus padres, los m\u00e1s peques tambi\u00e9n sacaron sus banderas para apoyar el ambiente mundialista que se vive en todo nuestro pa\u00eds.","media_type":"image","mime_type":"image\/jpeg","media_details":{"width":529,"height":358,"file":"2014\/06\/Locura6.jpg","sizes":{"thumbnail":{"file":"Locura6-200x135.jpg","width":200,"height":135,"mime_type":"image\/jpeg","source_url":"https:\/\/i0.wp.com\/eltrabajo.cl\/portal\/wp-content\/uploads\/2014\/06\/Locura6.jpg?fit=200%2C135&ssl=1"},"medium":{"file":"Locura6-300x203.jpg","width":300,"height":203,"mime_type":"image\/jpeg","source_url":"https:\/\/i0.wp.com\/eltrabajo.cl\/portal\/wp-content\/uploads\/2014\/06\/Locura6.jpg?fit=300%2C203&ssl=1"},"post-thumbnail":{"file":"Locura6-150x101.jpg","width":150,"height":101,"mime_type":"image\/jpeg","source_url":"https:\/\/i0.wp.com\/eltrabajo.cl\/portal\/wp-content\/uploads\/2014\/06\/Locura6.jpg?fit=150%2C101&ssl=1"},"single-post-thumbnail":{"file":"Locura6-400x270.jpg","width":400,"height":270,"mime_type":"image\/jpeg","source_url":"https:\/\/eltrabajo.cl\/portal\/wp-content\/uploads\/2014\/06\/Locura6-400x270.jpg"},"full":{"file":"Locura6.jpg?fit=529%2C358&ssl=1","width":529,"height":358,"mime_type":"image\/jpeg","source_url":"https:\/\/i0.wp.com\/eltrabajo.cl\/portal\/wp-content\/uploads\/2014\/06\/Locura6.jpg?fit=529%2C358&ssl=1"}},"image_meta":{"aperture":4.5,"credit":"","camera":"Canon EOS REBEL T1i","caption":"","created_timestamp":1403116864,"copyright":"","focal_length":"32","iso":"400","shutter_speed":"0.016666666666667","title":""}},"post":47861,"source_url":"https:\/\/eltrabajo.cl\/portal\/wp-content\/uploads\/2014\/06\/Locura6.jpg","_links":{"self":[{"href":"https:\/\/eltrabajo.cl\/portal\/wp-json\/wp\/v2\/media\/47867","targetHints":{"allow":["GET"]}}],"collection":[{"href":"https:\/\/eltrabajo.cl\/portal\/wp-json\/wp\/v2\/media"}],"about":[{"href":"https:\/\/eltrabajo.cl\/portal\/wp-json\/wp\/v2\/types\/attachment"}],"author":[{"embeddable":true,"href":"https:\/\/eltrabajo.cl\/portal\/wp-json\/wp\/v2\/users\/482"}],"replies":[{"embeddable":true,"href":"https:\/\/eltrabajo.cl\/portal\/wp-json\/wp\/v2\/comments?post=47867"}],"wp:attached-to":[{"embeddable":true,"post_type":"post","id":47861,"href":"https:\/\/eltrabajo.cl\/portal\/wp-json\/wp\/v2\/posts\/47861"}],"curies":[{"name":"wp","href":"https:\/\/api.w.org\/{rel}","templated":true}]}}

<p class="attachment"><a href="https://i0.wp.com/eltrabajo.cl/portal/wp-content/uploads/2014/06/Locura6.jpg?ssl=1"><img loading="lazy" decoding="async" width="300" height="203" src="https://i0.wp.com/eltrabajo.cl/portal/wp-content/uploads/2014/06/Locura6.jpg?fit=300%2C203&amp;ssl=1" class="attachment-medium size-medium" alt="LOS PEQUES TAMBIÉN.- Por las ventanas de los autos y bajo la supervisión de sus padres, los más peques también sacaron sus banderas para apoyar el ambiente mundialista que se vive en todo nuestro país." srcset="https://i0.wp.com/eltrabajo.cl/portal/wp-content/uploads/2014/06/Locura6.jpg?w=529&amp;ssl=1 529w, https://i0.wp.com/eltrabajo.cl/portal/wp-content/uploads/2014/06/Locura6.jpg?resize=200%2C135&amp;ssl=1 200w, https://i0.wp.com/eltrabajo.cl/portal/wp-content/uploads/2014/06/Locura6.jpg?resize=300%2C203&amp;ssl=1 300w, https://i0.wp.com/eltrabajo.cl/portal/wp-content/uploads/2014/06/Locura6.jpg?resize=150%2C101&amp;ssl=1 150w, https://i0.wp.com/eltrabajo.cl/portal/wp-content/uploads/2014/06/Locura6.jpg?resize=400%2C270&amp;ssl=1 400w" sizes="auto, (max-width: 300px) 100vw, 300px" /></a></p>
<p>LOS PEQUES TAMBIÉN.- Por las ventanas de los autos y bajo la supervisión de sus padres, los más peques también sacaron sus banderas para apoyar el ambiente mundialista que se vive en todo nuestro país.</p>

<p>LOS PEQUES TAMBIÉN.- Por las ventanas de los autos y bajo la supervisión de sus padres, los más peques también sacaron sus banderas para apoyar el ambiente mundialista que se vive en todo nuestro país.</p>

LOS PEQUES TAMBIÉN.- Por las ventanas de los autos y bajo la supervisión de sus padres, los más peques también sacaron sus banderas para apoyar el ambiente mundialista que se vive en todo nuestro país.
