{"id":47942,"date":"2014-06-23T09:41:16","date_gmt":"2014-06-23T13:41:16","guid":{"rendered":"http:\/\/www.eltrabajo.cl\/portal\/wp-content\/uploads\/2014\/06\/Expo1.jpg"},"modified":"2014-06-23T09:41:16","modified_gmt":"2014-06-23T13:41:16","slug":"expo1-3","status":"inherit","type":"attachment","link":"https:\/\/eltrabajo.cl\/portal\/artista-putaendina-brilla-con-su-trabajo-suenos-en-colores\/expo1-3\/","title":{"rendered":"Expo1"},"author":482,"featured_media":0,"comment_status":"open","ping_status":"closed","template":"","meta":{"advanced_seo_description":"","jetpack_seo_html_title":"","jetpack_seo_noindex":false},"class_list":["post-47942","attachment","type-attachment","status-inherit","hentry"],"jetpack_sharing_enabled":true,"jetpack_likes_enabled":true,"description":{"rendered":"<p class=\"attachment\"><a href=\"https:\/\/i0.wp.com\/eltrabajo.cl\/portal\/wp-content\/uploads\/2014\/06\/Expo1.jpg?ssl=1\"><img loading=\"lazy\" decoding=\"async\" width=\"300\" height=\"169\" src=\"https:\/\/i0.wp.com\/eltrabajo.cl\/portal\/wp-content\/uploads\/2014\/06\/Expo1.jpg?fit=300%2C169&amp;ssl=1\" class=\"attachment-medium size-medium\" alt=\"La tarde de este viernes la artesana Mar\u00eda Luisa Varas Arancibia inaugur\u00f3 una hermosa exposici\u00f3n denominada Sue\u00f1os en colores.\" srcset=\"https:\/\/i0.wp.com\/eltrabajo.cl\/portal\/wp-content\/uploads\/2014\/06\/Expo1.jpg?w=528&amp;ssl=1 528w, https:\/\/i0.wp.com\/eltrabajo.cl\/portal\/wp-content\/uploads\/2014\/06\/Expo1.jpg?resize=200%2C112&amp;ssl=1 200w, https:\/\/i0.wp.com\/eltrabajo.cl\/portal\/wp-content\/uploads\/2014\/06\/Expo1.jpg?resize=300%2C169&amp;ssl=1 300w, https:\/\/i0.wp.com\/eltrabajo.cl\/portal\/wp-content\/uploads\/2014\/06\/Expo1.jpg?resize=150%2C84&amp;ssl=1 150w, https:\/\/i0.wp.com\/eltrabajo.cl\/portal\/wp-content\/uploads\/2014\/06\/Expo1.jpg?resize=400%2C225&amp;ssl=1 400w\" sizes=\"auto, (max-width: 300px) 100vw, 300px\" \/><\/a><\/p>\n<p>La tarde de este viernes la artesana Mar\u00eda Luisa Varas Arancibia inaugur\u00f3 una hermosa exposici\u00f3n denominada Sue\u00f1os en colores.<\/p>\n"},"caption":{"rendered":"<p>La tarde de este viernes la artesana Mar\u00eda Luisa Varas Arancibia inaugur\u00f3 una hermosa exposici\u00f3n denominada Sue\u00f1os en colores.<\/p>\n"},"alt_text":"La tarde de este viernes la artesana Mar\u00eda Luisa Varas Arancibia inaugur\u00f3 una hermosa exposici\u00f3n denominada Sue\u00f1os en colores.","media_type":"image","mime_type":"image\/jpeg","media_details":{"width":528,"height":298,"file":"2014\/06\/Expo1.jpg","sizes":{"thumbnail":{"file":"Expo1-200x112.jpg","width":200,"height":112,"mime_type":"image\/jpeg","source_url":"https:\/\/i0.wp.com\/eltrabajo.cl\/portal\/wp-content\/uploads\/2014\/06\/Expo1.jpg?fit=200%2C112&ssl=1"},"medium":{"file":"Expo1-300x169.jpg","width":300,"height":169,"mime_type":"image\/jpeg","source_url":"https:\/\/i0.wp.com\/eltrabajo.cl\/portal\/wp-content\/uploads\/2014\/06\/Expo1.jpg?fit=300%2C169&ssl=1"},"post-thumbnail":{"file":"Expo1-150x84.jpg","width":150,"height":84,"mime_type":"image\/jpeg","source_url":"https:\/\/i0.wp.com\/eltrabajo.cl\/portal\/wp-content\/uploads\/2014\/06\/Expo1.jpg?fit=150%2C84&ssl=1"},"single-post-thumbnail":{"file":"Expo1-400x225.jpg","width":400,"height":225,"mime_type":"image\/jpeg","source_url":"https:\/\/eltrabajo.cl\/portal\/wp-content\/uploads\/2014\/06\/Expo1-400x225.jpg"},"full":{"file":"Expo1.jpg?fit=528%2C298&ssl=1","width":528,"height":298,"mime_type":"image\/jpeg","source_url":"https:\/\/i0.wp.com\/eltrabajo.cl\/portal\/wp-content\/uploads\/2014\/06\/Expo1.jpg?fit=528%2C298&ssl=1"}},"image_meta":{"aperture":5,"credit":"","camera":"Canon EOS REBEL T3i","caption":"","created_timestamp":1403289606,"copyright":"[wopmind]","focal_length":"18","iso":"6400","shutter_speed":"0.016666666666667","title":""}},"post":47940,"source_url":"https:\/\/eltrabajo.cl\/portal\/wp-content\/uploads\/2014\/06\/Expo1.jpg","_links":{"self":[{"href":"https:\/\/eltrabajo.cl\/portal\/wp-json\/wp\/v2\/media\/47942","targetHints":{"allow":["GET"]}}],"collection":[{"href":"https:\/\/eltrabajo.cl\/portal\/wp-json\/wp\/v2\/media"}],"about":[{"href":"https:\/\/eltrabajo.cl\/portal\/wp-json\/wp\/v2\/types\/attachment"}],"author":[{"embeddable":true,"href":"https:\/\/eltrabajo.cl\/portal\/wp-json\/wp\/v2\/users\/482"}],"replies":[{"embeddable":true,"href":"https:\/\/eltrabajo.cl\/portal\/wp-json\/wp\/v2\/comments?post=47942"}],"wp:attached-to":[{"embeddable":true,"post_type":"post","id":47940,"href":"https:\/\/eltrabajo.cl\/portal\/wp-json\/wp\/v2\/posts\/47940"}],"curies":[{"name":"wp","href":"https:\/\/api.w.org\/{rel}","templated":true}]}}

<p class="attachment"><a href="https://i0.wp.com/eltrabajo.cl/portal/wp-content/uploads/2014/06/Expo1.jpg?ssl=1"><img loading="lazy" decoding="async" width="300" height="169" src="https://i0.wp.com/eltrabajo.cl/portal/wp-content/uploads/2014/06/Expo1.jpg?fit=300%2C169&amp;ssl=1" class="attachment-medium size-medium" alt="La tarde de este viernes la artesana María Luisa Varas Arancibia inauguró una hermosa exposición denominada Sueños en colores." srcset="https://i0.wp.com/eltrabajo.cl/portal/wp-content/uploads/2014/06/Expo1.jpg?w=528&amp;ssl=1 528w, https://i0.wp.com/eltrabajo.cl/portal/wp-content/uploads/2014/06/Expo1.jpg?resize=200%2C112&amp;ssl=1 200w, https://i0.wp.com/eltrabajo.cl/portal/wp-content/uploads/2014/06/Expo1.jpg?resize=300%2C169&amp;ssl=1 300w, https://i0.wp.com/eltrabajo.cl/portal/wp-content/uploads/2014/06/Expo1.jpg?resize=150%2C84&amp;ssl=1 150w, https://i0.wp.com/eltrabajo.cl/portal/wp-content/uploads/2014/06/Expo1.jpg?resize=400%2C225&amp;ssl=1 400w" sizes="auto, (max-width: 300px) 100vw, 300px" /></a></p>
<p>La tarde de este viernes la artesana María Luisa Varas Arancibia inauguró una hermosa exposición denominada Sueños en colores.</p>

<p>La tarde de este viernes la artesana María Luisa Varas Arancibia inauguró una hermosa exposición denominada Sueños en colores.</p>

La tarde de este viernes la artesana María Luisa Varas Arancibia inauguró una hermosa exposición denominada Sueños en colores.
