{"id":47943,"date":"2014-06-23T09:41:18","date_gmt":"2014-06-23T13:41:18","guid":{"rendered":"http:\/\/www.eltrabajo.cl\/portal\/wp-content\/uploads\/2014\/06\/Virgen1.jpg"},"modified":"2014-06-23T09:41:18","modified_gmt":"2014-06-23T13:41:18","slug":"virgen1","status":"inherit","type":"attachment","link":"https:\/\/eltrabajo.cl\/portal\/artista-putaendina-brilla-con-su-trabajo-suenos-en-colores\/virgen1\/","title":{"rendered":"Virgen1"},"author":482,"featured_media":0,"comment_status":"open","ping_status":"closed","template":"","meta":{"advanced_seo_description":"","jetpack_seo_html_title":"","jetpack_seo_noindex":false},"class_list":["post-47943","attachment","type-attachment","status-inherit","hentry"],"jetpack_sharing_enabled":true,"jetpack_likes_enabled":true,"description":{"rendered":"<p class=\"attachment\"><a href=\"https:\/\/i0.wp.com\/eltrabajo.cl\/portal\/wp-content\/uploads\/2014\/06\/Virgen1.jpg?ssl=1\"><img loading=\"lazy\" decoding=\"async\" width=\"201\" height=\"300\" src=\"https:\/\/i0.wp.com\/eltrabajo.cl\/portal\/wp-content\/uploads\/2014\/06\/Virgen1.jpg?fit=201%2C300&amp;ssl=1\" class=\"attachment-medium size-medium\" alt=\"SU OBRA.- Esta es una de las obras expuestas por esta artista putaendina, Mar\u00eda Luisa Varas sorprendi\u00f3 a propios y a extra\u00f1os con su propuesta.\" srcset=\"https:\/\/i0.wp.com\/eltrabajo.cl\/portal\/wp-content\/uploads\/2014\/06\/Virgen1.jpg?w=529&amp;ssl=1 529w, https:\/\/i0.wp.com\/eltrabajo.cl\/portal\/wp-content\/uploads\/2014\/06\/Virgen1.jpg?resize=100%2C150&amp;ssl=1 100w, https:\/\/i0.wp.com\/eltrabajo.cl\/portal\/wp-content\/uploads\/2014\/06\/Virgen1.jpg?resize=201%2C300&amp;ssl=1 201w\" sizes=\"auto, (max-width: 201px) 100vw, 201px\" \/><\/a><\/p>\n<p>SU OBRA.- Esta es una de las obras expuestas por esta artista putaendina, Mar\u00eda Luisa Varas sorprendi\u00f3 a propios y a extra\u00f1os con su propuesta.<\/p>\n"},"caption":{"rendered":"<p>SU OBRA.- Esta es una de las obras expuestas por esta artista putaendina, Mar\u00eda Luisa Varas sorprendi\u00f3 a propios y a extra\u00f1os con su propuesta.<\/p>\n"},"alt_text":"SU OBRA.- Esta es una de las obras expuestas por esta artista putaendina, Mar\u00eda Luisa Varas sorprendi\u00f3 a propios y a extra\u00f1os con su propuesta.","media_type":"image","mime_type":"image\/jpeg","media_details":{"width":529,"height":786,"file":"2014\/06\/Virgen1.jpg","sizes":{"thumbnail":{"file":"Virgen1-100x150.jpg","width":100,"height":150,"mime_type":"image\/jpeg","source_url":"https:\/\/i0.wp.com\/eltrabajo.cl\/portal\/wp-content\/uploads\/2014\/06\/Virgen1.jpg?fit=100%2C150&ssl=1"},"medium":{"file":"Virgen1-201x300.jpg","width":201,"height":300,"mime_type":"image\/jpeg","source_url":"https:\/\/i0.wp.com\/eltrabajo.cl\/portal\/wp-content\/uploads\/2014\/06\/Virgen1.jpg?fit=201%2C300&ssl=1"},"post-thumbnail":{"file":"Virgen1-100x150.jpg","width":100,"height":150,"mime_type":"image\/jpeg","source_url":"https:\/\/i0.wp.com\/eltrabajo.cl\/portal\/wp-content\/uploads\/2014\/06\/Virgen1.jpg?fit=100%2C150&ssl=1"},"single-post-thumbnail":{"file":"Virgen1-400x594.jpg","width":400,"height":594,"mime_type":"image\/jpeg","source_url":"https:\/\/eltrabajo.cl\/portal\/wp-content\/uploads\/2014\/06\/Virgen1-400x594.jpg"},"full":{"file":"Virgen1.jpg?fit=529%2C786&ssl=1","width":529,"height":786,"mime_type":"image\/jpeg","source_url":"https:\/\/i0.wp.com\/eltrabajo.cl\/portal\/wp-content\/uploads\/2014\/06\/Virgen1.jpg?fit=529%2C786&ssl=1"}},"image_meta":{"aperture":5.5999999999999996447286321199499070644378662109375,"credit":"","camera":"Canon EOS REBEL T3i","caption":"","created_timestamp":1403289480,"copyright":"[wopmind]","focal_length":"43","iso":"6400","shutter_speed":"0.02","title":""}},"post":47940,"source_url":"https:\/\/eltrabajo.cl\/portal\/wp-content\/uploads\/2014\/06\/Virgen1.jpg","_links":{"self":[{"href":"https:\/\/eltrabajo.cl\/portal\/wp-json\/wp\/v2\/media\/47943","targetHints":{"allow":["GET"]}}],"collection":[{"href":"https:\/\/eltrabajo.cl\/portal\/wp-json\/wp\/v2\/media"}],"about":[{"href":"https:\/\/eltrabajo.cl\/portal\/wp-json\/wp\/v2\/types\/attachment"}],"author":[{"embeddable":true,"href":"https:\/\/eltrabajo.cl\/portal\/wp-json\/wp\/v2\/users\/482"}],"replies":[{"embeddable":true,"href":"https:\/\/eltrabajo.cl\/portal\/wp-json\/wp\/v2\/comments?post=47943"}],"wp:attached-to":[{"embeddable":true,"post_type":"post","id":47940,"href":"https:\/\/eltrabajo.cl\/portal\/wp-json\/wp\/v2\/posts\/47940"}],"curies":[{"name":"wp","href":"https:\/\/api.w.org\/{rel}","templated":true}]}}

<p class="attachment"><a href="https://i0.wp.com/eltrabajo.cl/portal/wp-content/uploads/2014/06/Virgen1.jpg?ssl=1"><img loading="lazy" decoding="async" width="201" height="300" src="https://i0.wp.com/eltrabajo.cl/portal/wp-content/uploads/2014/06/Virgen1.jpg?fit=201%2C300&amp;ssl=1" class="attachment-medium size-medium" alt="SU OBRA.- Esta es una de las obras expuestas por esta artista putaendina, María Luisa Varas sorprendió a propios y a extraños con su propuesta." srcset="https://i0.wp.com/eltrabajo.cl/portal/wp-content/uploads/2014/06/Virgen1.jpg?w=529&amp;ssl=1 529w, https://i0.wp.com/eltrabajo.cl/portal/wp-content/uploads/2014/06/Virgen1.jpg?resize=100%2C150&amp;ssl=1 100w, https://i0.wp.com/eltrabajo.cl/portal/wp-content/uploads/2014/06/Virgen1.jpg?resize=201%2C300&amp;ssl=1 201w" sizes="auto, (max-width: 201px) 100vw, 201px" /></a></p>
<p>SU OBRA.- Esta es una de las obras expuestas por esta artista putaendina, María Luisa Varas sorprendió a propios y a extraños con su propuesta.</p>

<p>SU OBRA.- Esta es una de las obras expuestas por esta artista putaendina, María Luisa Varas sorprendió a propios y a extraños con su propuesta.</p>

SU OBRA.- Esta es una de las obras expuestas por esta artista putaendina, María Luisa Varas sorprendió a propios y a extraños con su propuesta.
