{"id":48075,"date":"2014-06-25T09:39:00","date_gmt":"2014-06-25T13:39:00","guid":{"rendered":"http:\/\/www.eltrabajo.cl\/portal\/wp-content\/uploads\/2014\/06\/Higuera2.jpg"},"modified":"2014-06-25T09:39:00","modified_gmt":"2014-06-25T13:39:00","slug":"higuera2-2","status":"inherit","type":"attachment","link":"https:\/\/eltrabajo.cl\/portal\/estudiantes-y-autoridades-reciben-el-ano-nuevo-mapuche-en-la-higuera\/higuera2-2\/","title":{"rendered":"Higuera2"},"author":482,"featured_media":0,"comment_status":"open","ping_status":"closed","template":"","meta":{"advanced_seo_description":"","jetpack_seo_html_title":"","jetpack_seo_noindex":false},"class_list":["post-48075","attachment","type-attachment","status-inherit","hentry"],"jetpack_sharing_enabled":true,"jetpack_likes_enabled":true,"description":{"rendered":"<p class=\"attachment\"><a href=\"https:\/\/i0.wp.com\/eltrabajo.cl\/portal\/wp-content\/uploads\/2014\/06\/Higuera2.jpg?ssl=1\"><img loading=\"lazy\" decoding=\"async\" width=\"300\" height=\"200\" src=\"https:\/\/i0.wp.com\/eltrabajo.cl\/portal\/wp-content\/uploads\/2014\/06\/Higuera2.jpg?fit=300%2C200&amp;ssl=1\" class=\"attachment-medium size-medium\" alt=\"\u00daNICA EN LA PROVINCIA.- Esta es la \u00fanica escuelita a nivel provincial en donde opera el Proyecto Educativo Intercultural Biling\u00fce (Peib),con apoyo de la Seremi de Educaci\u00f3n y autoridades provinciales y comunales, implementado desde marzo.\" srcset=\"https:\/\/i0.wp.com\/eltrabajo.cl\/portal\/wp-content\/uploads\/2014\/06\/Higuera2.jpg?w=528&amp;ssl=1 528w, https:\/\/i0.wp.com\/eltrabajo.cl\/portal\/wp-content\/uploads\/2014\/06\/Higuera2.jpg?resize=200%2C133&amp;ssl=1 200w, https:\/\/i0.wp.com\/eltrabajo.cl\/portal\/wp-content\/uploads\/2014\/06\/Higuera2.jpg?resize=300%2C200&amp;ssl=1 300w, https:\/\/i0.wp.com\/eltrabajo.cl\/portal\/wp-content\/uploads\/2014\/06\/Higuera2.jpg?resize=150%2C100&amp;ssl=1 150w, https:\/\/i0.wp.com\/eltrabajo.cl\/portal\/wp-content\/uploads\/2014\/06\/Higuera2.jpg?resize=400%2C267&amp;ssl=1 400w\" sizes=\"auto, (max-width: 300px) 100vw, 300px\" \/><\/a><\/p>\n<p>\u00daNICA EN LA PROVINCIA.- Esta es la \u00fanica escuelita a nivel provincial en donde opera el Proyecto Educativo Intercultural Biling\u00fce (Peib),con apoyo de la Seremi de Educaci\u00f3n y autoridades provinciales y comunales, implementado desde marzo.<\/p>\n"},"caption":{"rendered":"<p>\u00daNICA EN LA PROVINCIA.- Esta es la \u00fanica escuelita a nivel provincial en donde opera el Proyecto Educativo Intercultural Biling\u00fce (Peib),con apoyo de la Seremi de Educaci\u00f3n y autoridades provinciales y comunales, implementado desde marzo.<\/p>\n"},"alt_text":"\u00daNICA EN LA PROVINCIA.- Esta es la \u00fanica escuelita a nivel provincial en donde opera el Proyecto Educativo Intercultural Biling\u00fce (Peib),con apoyo de la Seremi de Educaci\u00f3n y autoridades provinciales y comunales, implementado desde marzo.","media_type":"image","mime_type":"image\/jpeg","media_details":{"width":528,"height":353,"file":"2014\/06\/Higuera2.jpg","sizes":{"thumbnail":{"file":"Higuera2-200x133.jpg","width":200,"height":133,"mime_type":"image\/jpeg","source_url":"https:\/\/i0.wp.com\/eltrabajo.cl\/portal\/wp-content\/uploads\/2014\/06\/Higuera2.jpg?fit=200%2C133&ssl=1"},"medium":{"file":"Higuera2-300x200.jpg","width":300,"height":200,"mime_type":"image\/jpeg","source_url":"https:\/\/i0.wp.com\/eltrabajo.cl\/portal\/wp-content\/uploads\/2014\/06\/Higuera2.jpg?fit=300%2C200&ssl=1"},"post-thumbnail":{"file":"Higuera2-150x100.jpg","width":150,"height":100,"mime_type":"image\/jpeg","source_url":"https:\/\/i0.wp.com\/eltrabajo.cl\/portal\/wp-content\/uploads\/2014\/06\/Higuera2.jpg?fit=150%2C100&ssl=1"},"single-post-thumbnail":{"file":"Higuera2-400x267.jpg","width":400,"height":267,"mime_type":"image\/jpeg","source_url":"https:\/\/eltrabajo.cl\/portal\/wp-content\/uploads\/2014\/06\/Higuera2-400x267.jpg"},"full":{"file":"Higuera2.jpg?fit=528%2C353&ssl=1","width":528,"height":353,"mime_type":"image\/jpeg","source_url":"https:\/\/i0.wp.com\/eltrabajo.cl\/portal\/wp-content\/uploads\/2014\/06\/Higuera2.jpg?fit=528%2C353&ssl=1"}},"image_meta":{"aperture":4.29999999999999982236431605997495353221893310546875,"credit":"","camera":"DSC-W310","caption":"","created_timestamp":1403256795,"copyright":"","focal_length":"5.2","iso":"100","shutter_speed":"0.01","title":""}},"post":48071,"source_url":"https:\/\/eltrabajo.cl\/portal\/wp-content\/uploads\/2014\/06\/Higuera2.jpg","_links":{"self":[{"href":"https:\/\/eltrabajo.cl\/portal\/wp-json\/wp\/v2\/media\/48075","targetHints":{"allow":["GET"]}}],"collection":[{"href":"https:\/\/eltrabajo.cl\/portal\/wp-json\/wp\/v2\/media"}],"about":[{"href":"https:\/\/eltrabajo.cl\/portal\/wp-json\/wp\/v2\/types\/attachment"}],"author":[{"embeddable":true,"href":"https:\/\/eltrabajo.cl\/portal\/wp-json\/wp\/v2\/users\/482"}],"replies":[{"embeddable":true,"href":"https:\/\/eltrabajo.cl\/portal\/wp-json\/wp\/v2\/comments?post=48075"}],"wp:attached-to":[{"embeddable":true,"post_type":"post","id":48071,"href":"https:\/\/eltrabajo.cl\/portal\/wp-json\/wp\/v2\/posts\/48071"}],"curies":[{"name":"wp","href":"https:\/\/api.w.org\/{rel}","templated":true}]}}

<p class="attachment"><a href="https://i0.wp.com/eltrabajo.cl/portal/wp-content/uploads/2014/06/Higuera2.jpg?ssl=1"><img loading="lazy" decoding="async" width="300" height="200" src="https://i0.wp.com/eltrabajo.cl/portal/wp-content/uploads/2014/06/Higuera2.jpg?fit=300%2C200&amp;ssl=1" class="attachment-medium size-medium" alt="ÚNICA EN LA PROVINCIA.- Esta es la única escuelita a nivel provincial en donde opera el Proyecto Educativo Intercultural Bilingüe (Peib),con apoyo de la Seremi de Educación y autoridades provinciales y comunales, implementado desde marzo." srcset="https://i0.wp.com/eltrabajo.cl/portal/wp-content/uploads/2014/06/Higuera2.jpg?w=528&amp;ssl=1 528w, https://i0.wp.com/eltrabajo.cl/portal/wp-content/uploads/2014/06/Higuera2.jpg?resize=200%2C133&amp;ssl=1 200w, https://i0.wp.com/eltrabajo.cl/portal/wp-content/uploads/2014/06/Higuera2.jpg?resize=300%2C200&amp;ssl=1 300w, https://i0.wp.com/eltrabajo.cl/portal/wp-content/uploads/2014/06/Higuera2.jpg?resize=150%2C100&amp;ssl=1 150w, https://i0.wp.com/eltrabajo.cl/portal/wp-content/uploads/2014/06/Higuera2.jpg?resize=400%2C267&amp;ssl=1 400w" sizes="auto, (max-width: 300px) 100vw, 300px" /></a></p>
<p>ÚNICA EN LA PROVINCIA.- Esta es la única escuelita a nivel provincial en donde opera el Proyecto Educativo Intercultural Bilingüe (Peib),con apoyo de la Seremi de Educación y autoridades provinciales y comunales, implementado desde marzo.</p>

<p>ÚNICA EN LA PROVINCIA.- Esta es la única escuelita a nivel provincial en donde opera el Proyecto Educativo Intercultural Bilingüe (Peib),con apoyo de la Seremi de Educación y autoridades provinciales y comunales, implementado desde marzo.</p>

ÚNICA EN LA PROVINCIA.- Esta es la única escuelita a nivel provincial en donde opera el Proyecto Educativo Intercultural Bilingüe (Peib),con apoyo de la Seremi de Educación y autoridades provinciales y comunales, implementado desde marzo.
