{"id":48207,"date":"2014-06-27T09:33:36","date_gmt":"2014-06-27T13:33:36","guid":{"rendered":"http:\/\/www.eltrabajo.cl\/portal\/wp-content\/uploads\/2014\/06\/Milito2.jpg"},"modified":"2014-06-27T09:33:36","modified_gmt":"2014-06-27T13:33:36","slug":"milito2","status":"inherit","type":"attachment","link":"https:\/\/eltrabajo.cl\/portal\/a-sus-92-anos-muere-milito-lerroy-fundador-de-la-barra-del-uni\/milito2\/","title":{"rendered":"Milito2"},"author":482,"featured_media":0,"comment_status":"open","ping_status":"closed","template":"","meta":{"advanced_seo_description":"","jetpack_seo_html_title":"","jetpack_seo_noindex":false},"class_list":["post-48207","attachment","type-attachment","status-inherit","hentry"],"jetpack_sharing_enabled":true,"jetpack_likes_enabled":true,"description":{"rendered":"<p class=\"attachment\"><a href=\"https:\/\/i0.wp.com\/eltrabajo.cl\/portal\/wp-content\/uploads\/2014\/06\/Milito2.jpg?ssl=1\"><img loading=\"lazy\" decoding=\"async\" width=\"300\" height=\"210\" src=\"https:\/\/i0.wp.com\/eltrabajo.cl\/portal\/wp-content\/uploads\/2014\/06\/Milito2.jpg?fit=300%2C210&amp;ssl=1\" class=\"attachment-medium size-medium\" alt=\"LA GRAN HINCHADA.- La hinchada del Un\u00ed no volver\u00e1 a ser la misma sin Milito, como lo muestra esta gr\u00e1fica.\" srcset=\"https:\/\/i0.wp.com\/eltrabajo.cl\/portal\/wp-content\/uploads\/2014\/06\/Milito2.jpg?w=529&amp;ssl=1 529w, https:\/\/i0.wp.com\/eltrabajo.cl\/portal\/wp-content\/uploads\/2014\/06\/Milito2.jpg?resize=200%2C140&amp;ssl=1 200w, https:\/\/i0.wp.com\/eltrabajo.cl\/portal\/wp-content\/uploads\/2014\/06\/Milito2.jpg?resize=300%2C210&amp;ssl=1 300w, https:\/\/i0.wp.com\/eltrabajo.cl\/portal\/wp-content\/uploads\/2014\/06\/Milito2.jpg?resize=150%2C105&amp;ssl=1 150w, https:\/\/i0.wp.com\/eltrabajo.cl\/portal\/wp-content\/uploads\/2014\/06\/Milito2.jpg?resize=400%2C281&amp;ssl=1 400w\" sizes=\"auto, (max-width: 300px) 100vw, 300px\" \/><\/a><\/p>\n<p>LA GRAN HINCHADA.- La hinchada del Un\u00ed no volver\u00e1 a ser la misma sin Milito, como lo muestra esta gr\u00e1fica.<\/p>\n"},"caption":{"rendered":"<p>LA GRAN HINCHADA.- La hinchada del Un\u00ed no volver\u00e1 a ser la misma sin Milito, como lo muestra esta gr\u00e1fica.<\/p>\n"},"alt_text":"LA GRAN HINCHADA.- La hinchada del Un\u00ed no volver\u00e1 a ser la misma sin Milito, como lo muestra esta gr\u00e1fica.","media_type":"image","mime_type":"image\/jpeg","media_details":{"width":529,"height":372,"file":"2014\/06\/Milito2.jpg","sizes":{"thumbnail":{"file":"Milito2-200x140.jpg","width":200,"height":140,"mime_type":"image\/jpeg","source_url":"https:\/\/i0.wp.com\/eltrabajo.cl\/portal\/wp-content\/uploads\/2014\/06\/Milito2.jpg?fit=200%2C140&ssl=1"},"medium":{"file":"Milito2-300x210.jpg","width":300,"height":210,"mime_type":"image\/jpeg","source_url":"https:\/\/i0.wp.com\/eltrabajo.cl\/portal\/wp-content\/uploads\/2014\/06\/Milito2.jpg?fit=300%2C210&ssl=1"},"post-thumbnail":{"file":"Milito2-150x105.jpg","width":150,"height":105,"mime_type":"image\/jpeg","source_url":"https:\/\/i0.wp.com\/eltrabajo.cl\/portal\/wp-content\/uploads\/2014\/06\/Milito2.jpg?fit=150%2C105&ssl=1"},"single-post-thumbnail":{"file":"Milito2-400x281.jpg","width":400,"height":281,"mime_type":"image\/jpeg","source_url":"https:\/\/eltrabajo.cl\/portal\/wp-content\/uploads\/2014\/06\/Milito2-400x281.jpg"},"full":{"file":"Milito2.jpg?fit=529%2C372&ssl=1","width":529,"height":372,"mime_type":"image\/jpeg","source_url":"https:\/\/i0.wp.com\/eltrabajo.cl\/portal\/wp-content\/uploads\/2014\/06\/Milito2.jpg?fit=529%2C372&ssl=1"}},"image_meta":{"aperture":0,"credit":"","camera":"","caption":"","created_timestamp":0,"copyright":"","focal_length":0,"iso":0,"shutter_speed":0,"title":""}},"post":48205,"source_url":"https:\/\/eltrabajo.cl\/portal\/wp-content\/uploads\/2014\/06\/Milito2.jpg","_links":{"self":[{"href":"https:\/\/eltrabajo.cl\/portal\/wp-json\/wp\/v2\/media\/48207","targetHints":{"allow":["GET"]}}],"collection":[{"href":"https:\/\/eltrabajo.cl\/portal\/wp-json\/wp\/v2\/media"}],"about":[{"href":"https:\/\/eltrabajo.cl\/portal\/wp-json\/wp\/v2\/types\/attachment"}],"author":[{"embeddable":true,"href":"https:\/\/eltrabajo.cl\/portal\/wp-json\/wp\/v2\/users\/482"}],"replies":[{"embeddable":true,"href":"https:\/\/eltrabajo.cl\/portal\/wp-json\/wp\/v2\/comments?post=48207"}],"wp:attached-to":[{"embeddable":true,"post_type":"post","id":48205,"href":"https:\/\/eltrabajo.cl\/portal\/wp-json\/wp\/v2\/posts\/48205"}],"curies":[{"name":"wp","href":"https:\/\/api.w.org\/{rel}","templated":true}]}}

<p class="attachment"><a href="https://i0.wp.com/eltrabajo.cl/portal/wp-content/uploads/2014/06/Milito2.jpg?ssl=1"><img loading="lazy" decoding="async" width="300" height="210" src="https://i0.wp.com/eltrabajo.cl/portal/wp-content/uploads/2014/06/Milito2.jpg?fit=300%2C210&amp;ssl=1" class="attachment-medium size-medium" alt="LA GRAN HINCHADA.- La hinchada del Uní no volverá a ser la misma sin Milito, como lo muestra esta gráfica." srcset="https://i0.wp.com/eltrabajo.cl/portal/wp-content/uploads/2014/06/Milito2.jpg?w=529&amp;ssl=1 529w, https://i0.wp.com/eltrabajo.cl/portal/wp-content/uploads/2014/06/Milito2.jpg?resize=200%2C140&amp;ssl=1 200w, https://i0.wp.com/eltrabajo.cl/portal/wp-content/uploads/2014/06/Milito2.jpg?resize=300%2C210&amp;ssl=1 300w, https://i0.wp.com/eltrabajo.cl/portal/wp-content/uploads/2014/06/Milito2.jpg?resize=150%2C105&amp;ssl=1 150w, https://i0.wp.com/eltrabajo.cl/portal/wp-content/uploads/2014/06/Milito2.jpg?resize=400%2C281&amp;ssl=1 400w" sizes="auto, (max-width: 300px) 100vw, 300px" /></a></p>
<p>LA GRAN HINCHADA.- La hinchada del Uní no volverá a ser la misma sin Milito, como lo muestra esta gráfica.</p>

<p>LA GRAN HINCHADA.- La hinchada del Uní no volverá a ser la misma sin Milito, como lo muestra esta gráfica.</p>

LA GRAN HINCHADA.- La hinchada del Uní no volverá a ser la misma sin Milito, como lo muestra esta gráfica.
