{"id":48316,"date":"2014-07-01T09:26:44","date_gmt":"2014-07-01T13:26:44","guid":{"rendered":"http:\/\/www.eltrabajo.cl\/portal\/wp-content\/uploads\/2014\/07\/Ensamble-Latinoamericano.jpg"},"modified":"2014-07-01T09:26:44","modified_gmt":"2014-07-01T13:26:44","slug":"ensamble-latinoamericano","status":"inherit","type":"attachment","link":"https:\/\/eltrabajo.cl\/portal\/casa-de-residencia-pablo-vi-celebro-su-onomastico\/ensamble-latinoamericano\/","title":{"rendered":"Ensamble Latinoamericano"},"author":482,"featured_media":0,"comment_status":"open","ping_status":"closed","template":"","meta":{"advanced_seo_description":"","jetpack_seo_html_title":"","jetpack_seo_noindex":false},"class_list":["post-48316","attachment","type-attachment","status-inherit","hentry"],"jetpack_sharing_enabled":true,"jetpack_likes_enabled":true,"description":{"rendered":"<p class=\"attachment\"><a href=\"https:\/\/i0.wp.com\/eltrabajo.cl\/portal\/wp-content\/uploads\/2014\/07\/Ensamble-Latinoamericano.jpg?ssl=1\"><img loading=\"lazy\" decoding=\"async\" width=\"300\" height=\"227\" src=\"https:\/\/i0.wp.com\/eltrabajo.cl\/portal\/wp-content\/uploads\/2014\/07\/Ensamble-Latinoamericano.jpg?fit=300%2C227&amp;ssl=1\" class=\"attachment-medium size-medium\" alt=\"ENSAMBLANDO ALEGR\u00cdAS.- La conocida agrupaci\u00f3n musical de Santa Mar\u00eda, Ensamble latinoamericano, hizo de las suyas para alegrar a los presentes en esta actividad.\" srcset=\"https:\/\/i0.wp.com\/eltrabajo.cl\/portal\/wp-content\/uploads\/2014\/07\/Ensamble-Latinoamericano.jpg?w=529&amp;ssl=1 529w, https:\/\/i0.wp.com\/eltrabajo.cl\/portal\/wp-content\/uploads\/2014\/07\/Ensamble-Latinoamericano.jpg?resize=197%2C150&amp;ssl=1 197w, https:\/\/i0.wp.com\/eltrabajo.cl\/portal\/wp-content\/uploads\/2014\/07\/Ensamble-Latinoamericano.jpg?resize=300%2C227&amp;ssl=1 300w, https:\/\/i0.wp.com\/eltrabajo.cl\/portal\/wp-content\/uploads\/2014\/07\/Ensamble-Latinoamericano.jpg?resize=150%2C113&amp;ssl=1 150w, https:\/\/i0.wp.com\/eltrabajo.cl\/portal\/wp-content\/uploads\/2014\/07\/Ensamble-Latinoamericano.jpg?resize=400%2C303&amp;ssl=1 400w\" sizes=\"auto, (max-width: 300px) 100vw, 300px\" \/><\/a><\/p>\n<p>ENSAMBLANDO ALEGR\u00cdAS.- La conocida agrupaci\u00f3n musical de Santa Mar\u00eda, Ensamble latinoamericano, hizo de las suyas para alegrar a los presentes en esta actividad.<\/p>\n"},"caption":{"rendered":"<p>ENSAMBLANDO ALEGR\u00cdAS.- La conocida agrupaci\u00f3n musical de Santa Mar\u00eda, Ensamble latinoamericano, hizo de las suyas para alegrar a los presentes en esta actividad.<\/p>\n"},"alt_text":"ENSAMBLANDO ALEGR\u00cdAS.- La conocida agrupaci\u00f3n musical de Santa Mar\u00eda, Ensamble latinoamericano, hizo de las suyas para alegrar a los presentes en esta actividad.","media_type":"image","mime_type":"image\/jpeg","media_details":{"width":529,"height":401,"file":"2014\/07\/Ensamble-Latinoamericano.jpg","sizes":{"thumbnail":{"file":"Ensamble-Latinoamericano-197x150.jpg","width":197,"height":150,"mime_type":"image\/jpeg","source_url":"https:\/\/i0.wp.com\/eltrabajo.cl\/portal\/wp-content\/uploads\/2014\/07\/Ensamble-Latinoamericano.jpg?fit=197%2C150&ssl=1"},"medium":{"file":"Ensamble-Latinoamericano-300x227.jpg","width":300,"height":227,"mime_type":"image\/jpeg","source_url":"https:\/\/i0.wp.com\/eltrabajo.cl\/portal\/wp-content\/uploads\/2014\/07\/Ensamble-Latinoamericano.jpg?fit=300%2C227&ssl=1"},"post-thumbnail":{"file":"Ensamble-Latinoamericano-150x113.jpg","width":150,"height":113,"mime_type":"image\/jpeg","source_url":"https:\/\/i0.wp.com\/eltrabajo.cl\/portal\/wp-content\/uploads\/2014\/07\/Ensamble-Latinoamericano.jpg?fit=150%2C113&ssl=1"},"single-post-thumbnail":{"file":"Ensamble-Latinoamericano-400x303.jpg","width":400,"height":303,"mime_type":"image\/jpeg","source_url":"https:\/\/eltrabajo.cl\/portal\/wp-content\/uploads\/2014\/07\/Ensamble-Latinoamericano-400x303.jpg"},"full":{"file":"Ensamble-Latinoamericano.jpg?fit=529%2C401&ssl=1","width":529,"height":401,"mime_type":"image\/jpeg","source_url":"https:\/\/i0.wp.com\/eltrabajo.cl\/portal\/wp-content\/uploads\/2014\/07\/Ensamble-Latinoamericano.jpg?fit=529%2C401&ssl=1"}},"image_meta":{"aperture":3.5,"credit":"","camera":"COOLPIX P90","caption":"","created_timestamp":1403893054,"copyright":"","focal_length":"11.8","iso":"400","shutter_speed":"0.054644808743169","title":""}},"post":48308,"source_url":"https:\/\/eltrabajo.cl\/portal\/wp-content\/uploads\/2014\/07\/Ensamble-Latinoamericano.jpg","_links":{"self":[{"href":"https:\/\/eltrabajo.cl\/portal\/wp-json\/wp\/v2\/media\/48316","targetHints":{"allow":["GET"]}}],"collection":[{"href":"https:\/\/eltrabajo.cl\/portal\/wp-json\/wp\/v2\/media"}],"about":[{"href":"https:\/\/eltrabajo.cl\/portal\/wp-json\/wp\/v2\/types\/attachment"}],"author":[{"embeddable":true,"href":"https:\/\/eltrabajo.cl\/portal\/wp-json\/wp\/v2\/users\/482"}],"replies":[{"embeddable":true,"href":"https:\/\/eltrabajo.cl\/portal\/wp-json\/wp\/v2\/comments?post=48316"}],"wp:attached-to":[{"embeddable":true,"post_type":"post","id":48308,"href":"https:\/\/eltrabajo.cl\/portal\/wp-json\/wp\/v2\/posts\/48308"}],"curies":[{"name":"wp","href":"https:\/\/api.w.org\/{rel}","templated":true}]}}

<p class="attachment"><a href="https://i0.wp.com/eltrabajo.cl/portal/wp-content/uploads/2014/07/Ensamble-Latinoamericano.jpg?ssl=1"><img loading="lazy" decoding="async" width="300" height="227" src="https://i0.wp.com/eltrabajo.cl/portal/wp-content/uploads/2014/07/Ensamble-Latinoamericano.jpg?fit=300%2C227&amp;ssl=1" class="attachment-medium size-medium" alt="ENSAMBLANDO ALEGRÍAS.- La conocida agrupación musical de Santa María, Ensamble latinoamericano, hizo de las suyas para alegrar a los presentes en esta actividad." srcset="https://i0.wp.com/eltrabajo.cl/portal/wp-content/uploads/2014/07/Ensamble-Latinoamericano.jpg?w=529&amp;ssl=1 529w, https://i0.wp.com/eltrabajo.cl/portal/wp-content/uploads/2014/07/Ensamble-Latinoamericano.jpg?resize=197%2C150&amp;ssl=1 197w, https://i0.wp.com/eltrabajo.cl/portal/wp-content/uploads/2014/07/Ensamble-Latinoamericano.jpg?resize=300%2C227&amp;ssl=1 300w, https://i0.wp.com/eltrabajo.cl/portal/wp-content/uploads/2014/07/Ensamble-Latinoamericano.jpg?resize=150%2C113&amp;ssl=1 150w, https://i0.wp.com/eltrabajo.cl/portal/wp-content/uploads/2014/07/Ensamble-Latinoamericano.jpg?resize=400%2C303&amp;ssl=1 400w" sizes="auto, (max-width: 300px) 100vw, 300px" /></a></p>
<p>ENSAMBLANDO ALEGRÍAS.- La conocida agrupación musical de Santa María, Ensamble latinoamericano, hizo de las suyas para alegrar a los presentes en esta actividad.</p>

<p>ENSAMBLANDO ALEGRÍAS.- La conocida agrupación musical de Santa María, Ensamble latinoamericano, hizo de las suyas para alegrar a los presentes en esta actividad.</p>

ENSAMBLANDO ALEGRÍAS.- La conocida agrupación musical de Santa María, Ensamble latinoamericano, hizo de las suyas para alegrar a los presentes en esta actividad.
