{"id":48317,"date":"2014-07-01T09:26:46","date_gmt":"2014-07-01T13:26:46","guid":{"rendered":"http:\/\/www.eltrabajo.cl\/portal\/wp-content\/uploads\/2014\/07\/Eugenia-Zaldivar.jpg"},"modified":"2014-07-01T09:26:46","modified_gmt":"2014-07-01T13:26:46","slug":"eugenia-zaldivar","status":"inherit","type":"attachment","link":"https:\/\/eltrabajo.cl\/portal\/casa-de-residencia-pablo-vi-celebro-su-onomastico\/eugenia-zaldivar\/","title":{"rendered":"Eugenia Zaldivar"},"author":482,"featured_media":0,"comment_status":"open","ping_status":"closed","template":"","meta":{"advanced_seo_description":"","jetpack_seo_html_title":"","jetpack_seo_noindex":false},"class_list":["post-48317","attachment","type-attachment","status-inherit","hentry"],"jetpack_sharing_enabled":true,"jetpack_likes_enabled":true,"description":{"rendered":"<p class=\"attachment\"><a href=\"https:\/\/i0.wp.com\/eltrabajo.cl\/portal\/wp-content\/uploads\/2014\/07\/Eugenia-Zaldivar.jpg?ssl=1\"><img loading=\"lazy\" decoding=\"async\" width=\"241\" height=\"300\" src=\"https:\/\/i0.wp.com\/eltrabajo.cl\/portal\/wp-content\/uploads\/2014\/07\/Eugenia-Zaldivar.jpg?fit=241%2C300&amp;ssl=1\" class=\"attachment-medium size-medium\" alt=\"TODOS COMPARTIENDO.- Eugenia Zald\u00edvar, Coordinadora de Educaci\u00f3n de la Residencia Pablo VI, pos\u00f3 con este amiguito para las c\u00e1maras de Diario El Trabajo.\" srcset=\"https:\/\/i0.wp.com\/eltrabajo.cl\/portal\/wp-content\/uploads\/2014\/07\/Eugenia-Zaldivar.jpg?w=529&amp;ssl=1 529w, https:\/\/i0.wp.com\/eltrabajo.cl\/portal\/wp-content\/uploads\/2014\/07\/Eugenia-Zaldivar.jpg?resize=120%2C150&amp;ssl=1 120w, https:\/\/i0.wp.com\/eltrabajo.cl\/portal\/wp-content\/uploads\/2014\/07\/Eugenia-Zaldivar.jpg?resize=241%2C300&amp;ssl=1 241w, https:\/\/i0.wp.com\/eltrabajo.cl\/portal\/wp-content\/uploads\/2014\/07\/Eugenia-Zaldivar.jpg?resize=400%2C496&amp;ssl=1 400w\" sizes=\"auto, (max-width: 241px) 100vw, 241px\" \/><\/a><\/p>\n<p>TODOS COMPARTIENDO.- Eugenia Zald\u00edvar, Coordinadora de Educaci\u00f3n de la Residencia Pablo VI, pos\u00f3 con este amiguito para las c\u00e1maras de Diario El Trabajo.<\/p>\n"},"caption":{"rendered":"<p>TODOS COMPARTIENDO.- Eugenia Zald\u00edvar, Coordinadora de Educaci\u00f3n de la Residencia Pablo VI, pos\u00f3 con este amiguito para las c\u00e1maras de Diario El Trabajo.<\/p>\n"},"alt_text":"TODOS COMPARTIENDO.- Eugenia Zald\u00edvar, Coordinadora de Educaci\u00f3n de la Residencia Pablo VI, pos\u00f3 con este amiguito para las c\u00e1maras de Diario El Trabajo.","media_type":"image","mime_type":"image\/jpeg","media_details":{"width":529,"height":656,"file":"2014\/07\/Eugenia-Zaldivar.jpg","sizes":{"thumbnail":{"file":"Eugenia-Zaldivar-120x150.jpg","width":120,"height":150,"mime_type":"image\/jpeg","source_url":"https:\/\/i0.wp.com\/eltrabajo.cl\/portal\/wp-content\/uploads\/2014\/07\/Eugenia-Zaldivar.jpg?fit=120%2C150&ssl=1"},"medium":{"file":"Eugenia-Zaldivar-241x300.jpg","width":241,"height":300,"mime_type":"image\/jpeg","source_url":"https:\/\/i0.wp.com\/eltrabajo.cl\/portal\/wp-content\/uploads\/2014\/07\/Eugenia-Zaldivar.jpg?fit=241%2C300&ssl=1"},"post-thumbnail":{"file":"Eugenia-Zaldivar-120x150.jpg","width":120,"height":150,"mime_type":"image\/jpeg","source_url":"https:\/\/i0.wp.com\/eltrabajo.cl\/portal\/wp-content\/uploads\/2014\/07\/Eugenia-Zaldivar.jpg?fit=120%2C150&ssl=1"},"single-post-thumbnail":{"file":"Eugenia-Zaldivar-400x496.jpg","width":400,"height":496,"mime_type":"image\/jpeg","source_url":"https:\/\/eltrabajo.cl\/portal\/wp-content\/uploads\/2014\/07\/Eugenia-Zaldivar-400x496.jpg"},"full":{"file":"Eugenia-Zaldivar.jpg?fit=529%2C656&ssl=1","width":529,"height":656,"mime_type":"image\/jpeg","source_url":"https:\/\/i0.wp.com\/eltrabajo.cl\/portal\/wp-content\/uploads\/2014\/07\/Eugenia-Zaldivar.jpg?fit=529%2C656&ssl=1"}},"image_meta":{"aperture":2.79999999999999982236431605997495353221893310546875,"credit":"","camera":"COOLPIX P90","caption":"","created_timestamp":1403895744,"copyright":"","focal_length":"5.2","iso":"451","shutter_speed":"0.10416666666667","title":""}},"post":48308,"source_url":"https:\/\/eltrabajo.cl\/portal\/wp-content\/uploads\/2014\/07\/Eugenia-Zaldivar.jpg","_links":{"self":[{"href":"https:\/\/eltrabajo.cl\/portal\/wp-json\/wp\/v2\/media\/48317","targetHints":{"allow":["GET"]}}],"collection":[{"href":"https:\/\/eltrabajo.cl\/portal\/wp-json\/wp\/v2\/media"}],"about":[{"href":"https:\/\/eltrabajo.cl\/portal\/wp-json\/wp\/v2\/types\/attachment"}],"author":[{"embeddable":true,"href":"https:\/\/eltrabajo.cl\/portal\/wp-json\/wp\/v2\/users\/482"}],"replies":[{"embeddable":true,"href":"https:\/\/eltrabajo.cl\/portal\/wp-json\/wp\/v2\/comments?post=48317"}],"wp:attached-to":[{"embeddable":true,"post_type":"post","id":48308,"href":"https:\/\/eltrabajo.cl\/portal\/wp-json\/wp\/v2\/posts\/48308"}],"curies":[{"name":"wp","href":"https:\/\/api.w.org\/{rel}","templated":true}]}}

<p class="attachment"><a href="https://i0.wp.com/eltrabajo.cl/portal/wp-content/uploads/2014/07/Eugenia-Zaldivar.jpg?ssl=1"><img loading="lazy" decoding="async" width="241" height="300" src="https://i0.wp.com/eltrabajo.cl/portal/wp-content/uploads/2014/07/Eugenia-Zaldivar.jpg?fit=241%2C300&amp;ssl=1" class="attachment-medium size-medium" alt="TODOS COMPARTIENDO.- Eugenia Zaldívar, Coordinadora de Educación de la Residencia Pablo VI, posó con este amiguito para las cámaras de Diario El Trabajo." srcset="https://i0.wp.com/eltrabajo.cl/portal/wp-content/uploads/2014/07/Eugenia-Zaldivar.jpg?w=529&amp;ssl=1 529w, https://i0.wp.com/eltrabajo.cl/portal/wp-content/uploads/2014/07/Eugenia-Zaldivar.jpg?resize=120%2C150&amp;ssl=1 120w, https://i0.wp.com/eltrabajo.cl/portal/wp-content/uploads/2014/07/Eugenia-Zaldivar.jpg?resize=241%2C300&amp;ssl=1 241w, https://i0.wp.com/eltrabajo.cl/portal/wp-content/uploads/2014/07/Eugenia-Zaldivar.jpg?resize=400%2C496&amp;ssl=1 400w" sizes="auto, (max-width: 241px) 100vw, 241px" /></a></p>
<p>TODOS COMPARTIENDO.- Eugenia Zaldívar, Coordinadora de Educación de la Residencia Pablo VI, posó con este amiguito para las cámaras de Diario El Trabajo.</p>

<p>TODOS COMPARTIENDO.- Eugenia Zaldívar, Coordinadora de Educación de la Residencia Pablo VI, posó con este amiguito para las cámaras de Diario El Trabajo.</p>

TODOS COMPARTIENDO.- Eugenia Zaldívar, Coordinadora de Educación de la Residencia Pablo VI, posó con este amiguito para las cámaras de Diario El Trabajo.
