{"id":48519,"date":"2014-07-07T09:26:17","date_gmt":"2014-07-07T13:26:17","guid":{"rendered":"http:\/\/www.eltrabajo.cl\/portal\/wp-content\/uploads\/2014\/07\/Lucia-Bugueno.jpg"},"modified":"2014-07-07T09:26:17","modified_gmt":"2014-07-07T13:26:17","slug":"lucia-bugueno-3","status":"inherit","type":"attachment","link":"https:\/\/eltrabajo.cl\/portal\/en-sanfecoop-realizaron-feria-de-productores-y-artesanos-del-valle\/lucia-bugueno-3\/","title":{"rendered":"Lucia Bugueno"},"author":482,"featured_media":0,"comment_status":"open","ping_status":"closed","template":"","meta":{"advanced_seo_description":"","jetpack_seo_html_title":"","jetpack_seo_noindex":false},"class_list":["post-48519","attachment","type-attachment","status-inherit","hentry"],"jetpack_sharing_enabled":true,"jetpack_likes_enabled":true,"description":{"rendered":"<p class=\"attachment\"><a href=\"https:\/\/i0.wp.com\/eltrabajo.cl\/portal\/wp-content\/uploads\/2014\/07\/Lucia-Bugueno.jpg?ssl=1\"><img loading=\"lazy\" decoding=\"async\" width=\"263\" height=\"300\" src=\"https:\/\/i0.wp.com\/eltrabajo.cl\/portal\/wp-content\/uploads\/2014\/07\/Lucia-Bugueno.jpg?fit=263%2C300&amp;ssl=1\" class=\"attachment-medium size-medium\" alt=\"SIEMPRE LUC\u00cdA.- Luc\u00eda Bugue\u00f1o, cotizada productora de plantas medicinales de Feria El Rastro, ofreci\u00f3 a los presentes sus productos naturales.\" srcset=\"https:\/\/i0.wp.com\/eltrabajo.cl\/portal\/wp-content\/uploads\/2014\/07\/Lucia-Bugueno.jpg?w=529&amp;ssl=1 529w, https:\/\/i0.wp.com\/eltrabajo.cl\/portal\/wp-content\/uploads\/2014\/07\/Lucia-Bugueno.jpg?resize=131%2C150&amp;ssl=1 131w, https:\/\/i0.wp.com\/eltrabajo.cl\/portal\/wp-content\/uploads\/2014\/07\/Lucia-Bugueno.jpg?resize=263%2C300&amp;ssl=1 263w, https:\/\/i0.wp.com\/eltrabajo.cl\/portal\/wp-content\/uploads\/2014\/07\/Lucia-Bugueno.jpg?resize=400%2C455&amp;ssl=1 400w\" sizes=\"auto, (max-width: 263px) 100vw, 263px\" \/><\/a><\/p>\n<p>SIEMPRE LUC\u00cdA.- Luc\u00eda Bugue\u00f1o, cotizada productora de plantas medicinales de Feria El Rastro, ofreci\u00f3 a los presentes sus productos naturales.<\/p>\n"},"caption":{"rendered":"<p>SIEMPRE LUC\u00cdA.- Luc\u00eda Bugue\u00f1o, cotizada productora de plantas medicinales de Feria El Rastro, ofreci\u00f3 a los presentes sus productos naturales.<\/p>\n"},"alt_text":"SIEMPRE LUC\u00cdA.- Luc\u00eda Bugue\u00f1o, cotizada productora de plantas medicinales de Feria El Rastro, ofreci\u00f3 a los presentes sus productos naturales.","media_type":"image","mime_type":"image\/jpeg","media_details":{"width":529,"height":603,"file":"2014\/07\/Lucia-Bugueno.jpg","sizes":{"thumbnail":{"file":"Lucia-Bugueno-131x150.jpg","width":131,"height":150,"mime_type":"image\/jpeg","source_url":"https:\/\/i0.wp.com\/eltrabajo.cl\/portal\/wp-content\/uploads\/2014\/07\/Lucia-Bugueno.jpg?fit=131%2C150&ssl=1"},"medium":{"file":"Lucia-Bugueno-263x300.jpg","width":263,"height":300,"mime_type":"image\/jpeg","source_url":"https:\/\/i0.wp.com\/eltrabajo.cl\/portal\/wp-content\/uploads\/2014\/07\/Lucia-Bugueno.jpg?fit=263%2C300&ssl=1"},"post-thumbnail":{"file":"Lucia-Bugueno-131x150.jpg","width":131,"height":150,"mime_type":"image\/jpeg","source_url":"https:\/\/i0.wp.com\/eltrabajo.cl\/portal\/wp-content\/uploads\/2014\/07\/Lucia-Bugueno.jpg?fit=131%2C150&ssl=1"},"single-post-thumbnail":{"file":"Lucia-Bugueno-400x455.jpg","width":400,"height":455,"mime_type":"image\/jpeg","source_url":"https:\/\/eltrabajo.cl\/portal\/wp-content\/uploads\/2014\/07\/Lucia-Bugueno-400x455.jpg"},"full":{"file":"Lucia-Bugueno.jpg?fit=529%2C603&ssl=1","width":529,"height":603,"mime_type":"image\/jpeg","source_url":"https:\/\/i0.wp.com\/eltrabajo.cl\/portal\/wp-content\/uploads\/2014\/07\/Lucia-Bugueno.jpg?fit=529%2C603&ssl=1"}},"image_meta":{"aperture":2.399999999999999911182158029987476766109466552734375,"credit":"","camera":"Lumia 520","caption":"","created_timestamp":1404473250,"copyright":"","focal_length":0,"iso":"500","shutter_speed":"0.02","title":""}},"post":48515,"source_url":"https:\/\/eltrabajo.cl\/portal\/wp-content\/uploads\/2014\/07\/Lucia-Bugueno.jpg","_links":{"self":[{"href":"https:\/\/eltrabajo.cl\/portal\/wp-json\/wp\/v2\/media\/48519","targetHints":{"allow":["GET"]}}],"collection":[{"href":"https:\/\/eltrabajo.cl\/portal\/wp-json\/wp\/v2\/media"}],"about":[{"href":"https:\/\/eltrabajo.cl\/portal\/wp-json\/wp\/v2\/types\/attachment"}],"author":[{"embeddable":true,"href":"https:\/\/eltrabajo.cl\/portal\/wp-json\/wp\/v2\/users\/482"}],"replies":[{"embeddable":true,"href":"https:\/\/eltrabajo.cl\/portal\/wp-json\/wp\/v2\/comments?post=48519"}],"wp:attached-to":[{"embeddable":true,"post_type":"post","id":48515,"href":"https:\/\/eltrabajo.cl\/portal\/wp-json\/wp\/v2\/posts\/48515"}],"curies":[{"name":"wp","href":"https:\/\/api.w.org\/{rel}","templated":true}]}}

<p class="attachment"><a href="https://i0.wp.com/eltrabajo.cl/portal/wp-content/uploads/2014/07/Lucia-Bugueno.jpg?ssl=1"><img loading="lazy" decoding="async" width="263" height="300" src="https://i0.wp.com/eltrabajo.cl/portal/wp-content/uploads/2014/07/Lucia-Bugueno.jpg?fit=263%2C300&amp;ssl=1" class="attachment-medium size-medium" alt="SIEMPRE LUCÍA.- Lucía Bugueño, cotizada productora de plantas medicinales de Feria El Rastro, ofreció a los presentes sus productos naturales." srcset="https://i0.wp.com/eltrabajo.cl/portal/wp-content/uploads/2014/07/Lucia-Bugueno.jpg?w=529&amp;ssl=1 529w, https://i0.wp.com/eltrabajo.cl/portal/wp-content/uploads/2014/07/Lucia-Bugueno.jpg?resize=131%2C150&amp;ssl=1 131w, https://i0.wp.com/eltrabajo.cl/portal/wp-content/uploads/2014/07/Lucia-Bugueno.jpg?resize=263%2C300&amp;ssl=1 263w, https://i0.wp.com/eltrabajo.cl/portal/wp-content/uploads/2014/07/Lucia-Bugueno.jpg?resize=400%2C455&amp;ssl=1 400w" sizes="auto, (max-width: 263px) 100vw, 263px" /></a></p>
<p>SIEMPRE LUCÍA.- Lucía Bugueño, cotizada productora de plantas medicinales de Feria El Rastro, ofreció a los presentes sus productos naturales.</p>

<p>SIEMPRE LUCÍA.- Lucía Bugueño, cotizada productora de plantas medicinales de Feria El Rastro, ofreció a los presentes sus productos naturales.</p>

SIEMPRE LUCÍA.- Lucía Bugueño, cotizada productora de plantas medicinales de Feria El Rastro, ofreció a los presentes sus productos naturales.
