{"id":48549,"date":"2014-07-07T09:52:31","date_gmt":"2014-07-07T13:52:31","guid":{"rendered":"http:\/\/www.eltrabajo.cl\/portal\/wp-content\/uploads\/2014\/07\/Vuelco2.jpg"},"modified":"2014-07-07T09:52:31","modified_gmt":"2014-07-07T13:52:31","slug":"vuelco2","status":"inherit","type":"attachment","link":"https:\/\/eltrabajo.cl\/portal\/ebrio-al-volante-provoco-violento-accidente-de-transito\/vuelco2\/","title":{"rendered":"Vuelco2"},"author":482,"featured_media":0,"comment_status":"open","ping_status":"closed","template":"","meta":{"advanced_seo_description":"","jetpack_seo_html_title":"","jetpack_seo_noindex":false},"class_list":["post-48549","attachment","type-attachment","status-inherit","hentry"],"jetpack_sharing_enabled":true,"jetpack_likes_enabled":true,"description":{"rendered":"<p class=\"attachment\"><a href=\"https:\/\/i0.wp.com\/eltrabajo.cl\/portal\/wp-content\/uploads\/2014\/07\/Vuelco2.jpg?ssl=1\"><img loading=\"lazy\" decoding=\"async\" width=\"300\" height=\"197\" src=\"https:\/\/i0.wp.com\/eltrabajo.cl\/portal\/wp-content\/uploads\/2014\/07\/Vuelco2.jpg?fit=300%2C197&amp;ssl=1\" class=\"attachment-medium size-medium\" alt=\"El cami\u00f3n perteneciente a la empresa de Cecinas PF result\u00f3 volcado cuando se dirig\u00eda a su lugar de trabajo para realizar unos repartos, impedido por el aparatoso accidente.\" srcset=\"https:\/\/i0.wp.com\/eltrabajo.cl\/portal\/wp-content\/uploads\/2014\/07\/Vuelco2.jpg?w=529&amp;ssl=1 529w, https:\/\/i0.wp.com\/eltrabajo.cl\/portal\/wp-content\/uploads\/2014\/07\/Vuelco2.jpg?resize=200%2C131&amp;ssl=1 200w, https:\/\/i0.wp.com\/eltrabajo.cl\/portal\/wp-content\/uploads\/2014\/07\/Vuelco2.jpg?resize=300%2C197&amp;ssl=1 300w, https:\/\/i0.wp.com\/eltrabajo.cl\/portal\/wp-content\/uploads\/2014\/07\/Vuelco2.jpg?resize=150%2C98&amp;ssl=1 150w, https:\/\/i0.wp.com\/eltrabajo.cl\/portal\/wp-content\/uploads\/2014\/07\/Vuelco2.jpg?resize=400%2C263&amp;ssl=1 400w\" sizes=\"auto, (max-width: 300px) 100vw, 300px\" \/><\/a><\/p>\n<p>El cami\u00f3n perteneciente a la empresa de Cecinas PF result\u00f3 volcado cuando se dirig\u00eda a su lugar de trabajo para realizar unos repartos, impedido por el aparatoso accidente.<\/p>\n"},"caption":{"rendered":"<p>El cami\u00f3n perteneciente a la empresa de Cecinas PF result\u00f3 volcado cuando se dirig\u00eda a su lugar de trabajo para realizar unos repartos, impedido por el aparatoso accidente.<\/p>\n"},"alt_text":"El cami\u00f3n perteneciente a la empresa de Cecinas PF result\u00f3 volcado cuando se dirig\u00eda a su lugar de trabajo para realizar unos repartos, impedido por el aparatoso accidente.","media_type":"image","mime_type":"image\/jpeg","media_details":{"width":529,"height":349,"file":"2014\/07\/Vuelco2.jpg","sizes":{"thumbnail":{"file":"Vuelco2-200x131.jpg","width":200,"height":131,"mime_type":"image\/jpeg","source_url":"https:\/\/i0.wp.com\/eltrabajo.cl\/portal\/wp-content\/uploads\/2014\/07\/Vuelco2.jpg?fit=200%2C131&ssl=1"},"medium":{"file":"Vuelco2-300x197.jpg","width":300,"height":197,"mime_type":"image\/jpeg","source_url":"https:\/\/i0.wp.com\/eltrabajo.cl\/portal\/wp-content\/uploads\/2014\/07\/Vuelco2.jpg?fit=300%2C197&ssl=1"},"post-thumbnail":{"file":"Vuelco2-150x98.jpg","width":150,"height":98,"mime_type":"image\/jpeg","source_url":"https:\/\/i0.wp.com\/eltrabajo.cl\/portal\/wp-content\/uploads\/2014\/07\/Vuelco2.jpg?fit=150%2C98&ssl=1"},"single-post-thumbnail":{"file":"Vuelco2-400x263.jpg","width":400,"height":263,"mime_type":"image\/jpeg","source_url":"https:\/\/eltrabajo.cl\/portal\/wp-content\/uploads\/2014\/07\/Vuelco2-400x263.jpg"},"full":{"file":"Vuelco2.jpg?fit=529%2C349&ssl=1","width":529,"height":349,"mime_type":"image\/jpeg","source_url":"https:\/\/i0.wp.com\/eltrabajo.cl\/portal\/wp-content\/uploads\/2014\/07\/Vuelco2.jpg?fit=529%2C349&ssl=1"}},"image_meta":{"aperture":0,"credit":"","camera":"","caption":"","created_timestamp":0,"copyright":"","focal_length":0,"iso":0,"shutter_speed":0,"title":""}},"post":48547,"source_url":"https:\/\/eltrabajo.cl\/portal\/wp-content\/uploads\/2014\/07\/Vuelco2.jpg","_links":{"self":[{"href":"https:\/\/eltrabajo.cl\/portal\/wp-json\/wp\/v2\/media\/48549","targetHints":{"allow":["GET"]}}],"collection":[{"href":"https:\/\/eltrabajo.cl\/portal\/wp-json\/wp\/v2\/media"}],"about":[{"href":"https:\/\/eltrabajo.cl\/portal\/wp-json\/wp\/v2\/types\/attachment"}],"author":[{"embeddable":true,"href":"https:\/\/eltrabajo.cl\/portal\/wp-json\/wp\/v2\/users\/482"}],"replies":[{"embeddable":true,"href":"https:\/\/eltrabajo.cl\/portal\/wp-json\/wp\/v2\/comments?post=48549"}],"wp:attached-to":[{"embeddable":true,"post_type":"post","id":48547,"href":"https:\/\/eltrabajo.cl\/portal\/wp-json\/wp\/v2\/posts\/48547"}],"curies":[{"name":"wp","href":"https:\/\/api.w.org\/{rel}","templated":true}]}}

<p class="attachment"><a href="https://i0.wp.com/eltrabajo.cl/portal/wp-content/uploads/2014/07/Vuelco2.jpg?ssl=1"><img loading="lazy" decoding="async" width="300" height="197" src="https://i0.wp.com/eltrabajo.cl/portal/wp-content/uploads/2014/07/Vuelco2.jpg?fit=300%2C197&amp;ssl=1" class="attachment-medium size-medium" alt="El camión perteneciente a la empresa de Cecinas PF resultó volcado cuando se dirigía a su lugar de trabajo para realizar unos repartos, impedido por el aparatoso accidente." srcset="https://i0.wp.com/eltrabajo.cl/portal/wp-content/uploads/2014/07/Vuelco2.jpg?w=529&amp;ssl=1 529w, https://i0.wp.com/eltrabajo.cl/portal/wp-content/uploads/2014/07/Vuelco2.jpg?resize=200%2C131&amp;ssl=1 200w, https://i0.wp.com/eltrabajo.cl/portal/wp-content/uploads/2014/07/Vuelco2.jpg?resize=300%2C197&amp;ssl=1 300w, https://i0.wp.com/eltrabajo.cl/portal/wp-content/uploads/2014/07/Vuelco2.jpg?resize=150%2C98&amp;ssl=1 150w, https://i0.wp.com/eltrabajo.cl/portal/wp-content/uploads/2014/07/Vuelco2.jpg?resize=400%2C263&amp;ssl=1 400w" sizes="auto, (max-width: 300px) 100vw, 300px" /></a></p>
<p>El camión perteneciente a la empresa de Cecinas PF resultó volcado cuando se dirigía a su lugar de trabajo para realizar unos repartos, impedido por el aparatoso accidente.</p>

<p>El camión perteneciente a la empresa de Cecinas PF resultó volcado cuando se dirigía a su lugar de trabajo para realizar unos repartos, impedido por el aparatoso accidente.</p>

El camión perteneciente a la empresa de Cecinas PF resultó volcado cuando se dirigía a su lugar de trabajo para realizar unos repartos, impedido por el aparatoso accidente.
