{"id":48715,"date":"2014-07-10T09:34:54","date_gmt":"2014-07-10T13:34:54","guid":{"rendered":"http:\/\/www.eltrabajo.cl\/portal\/wp-content\/uploads\/2014\/07\/Defensor-Gutierrez.jpg"},"modified":"2014-07-10T09:34:54","modified_gmt":"2014-07-10T13:34:54","slug":"defensor-gutierrez","status":"inherit","type":"attachment","link":"https:\/\/eltrabajo.cl\/portal\/mujer-casada-que-asesino-a-su-pareja-podria-quedar-en-libertad\/defensor-gutierrez\/","title":{"rendered":"Defensor Gutierrez"},"author":482,"featured_media":0,"comment_status":"open","ping_status":"closed","template":"","meta":{"advanced_seo_description":"","jetpack_seo_html_title":"","jetpack_seo_noindex":false},"class_list":["post-48715","attachment","type-attachment","status-inherit","hentry"],"jetpack_sharing_enabled":true,"jetpack_likes_enabled":true,"description":{"rendered":"<p class=\"attachment\"><a href=\"https:\/\/i0.wp.com\/eltrabajo.cl\/portal\/wp-content\/uploads\/2014\/07\/Defensor-Gutierrez.jpg?ssl=1\"><img loading=\"lazy\" decoding=\"async\" width=\"226\" height=\"300\" src=\"https:\/\/i0.wp.com\/eltrabajo.cl\/portal\/wp-content\/uploads\/2014\/07\/Defensor-Gutierrez.jpg?fit=226%2C300&amp;ssl=1\" class=\"attachment-medium size-medium\" alt=\"El abogado defensor de la imputada, Carlos Guti\u00e9rrez, se\u00f1al\u00f3 que existen antecedentes de Leg\u00edtima Defensa a favor de la mujer que podr\u00eda ser condenada a una pena con el beneficio de Libertad vigilada.\" srcset=\"https:\/\/i0.wp.com\/eltrabajo.cl\/portal\/wp-content\/uploads\/2014\/07\/Defensor-Gutierrez.jpg?w=529&amp;ssl=1 529w, https:\/\/i0.wp.com\/eltrabajo.cl\/portal\/wp-content\/uploads\/2014\/07\/Defensor-Gutierrez.jpg?resize=113%2C150&amp;ssl=1 113w, https:\/\/i0.wp.com\/eltrabajo.cl\/portal\/wp-content\/uploads\/2014\/07\/Defensor-Gutierrez.jpg?resize=226%2C300&amp;ssl=1 226w, https:\/\/i0.wp.com\/eltrabajo.cl\/portal\/wp-content\/uploads\/2014\/07\/Defensor-Gutierrez.jpg?resize=400%2C530&amp;ssl=1 400w\" sizes=\"auto, (max-width: 226px) 100vw, 226px\" \/><\/a><\/p>\n<p>El abogado defensor de la imputada, Carlos Guti\u00e9rrez, se\u00f1al\u00f3 que existen antecedentes de Leg\u00edtima Defensa a favor de la mujer que podr\u00eda ser condenada a una pena con el beneficio de Libertad vigilada.<\/p>\n"},"caption":{"rendered":"<p>El abogado defensor de la imputada, Carlos Guti\u00e9rrez, se\u00f1al\u00f3 que existen antecedentes de Leg\u00edtima Defensa a favor de la mujer que podr\u00eda ser condenada a una pena con el beneficio de Libertad vigilada.<\/p>\n"},"alt_text":"El abogado defensor de la imputada, Carlos Guti\u00e9rrez, se\u00f1al\u00f3 que existen antecedentes de Leg\u00edtima Defensa a favor de la mujer que podr\u00eda ser condenada a una pena con el beneficio de Libertad vigilada.","media_type":"image","mime_type":"image\/jpeg","media_details":{"width":529,"height":701,"file":"2014\/07\/Defensor-Gutierrez.jpg","sizes":{"thumbnail":{"file":"Defensor-Gutierrez-113x150.jpg","width":113,"height":150,"mime_type":"image\/jpeg","source_url":"https:\/\/i0.wp.com\/eltrabajo.cl\/portal\/wp-content\/uploads\/2014\/07\/Defensor-Gutierrez.jpg?fit=113%2C150&ssl=1"},"medium":{"file":"Defensor-Gutierrez-226x300.jpg","width":226,"height":300,"mime_type":"image\/jpeg","source_url":"https:\/\/i0.wp.com\/eltrabajo.cl\/portal\/wp-content\/uploads\/2014\/07\/Defensor-Gutierrez.jpg?fit=226%2C300&ssl=1"},"post-thumbnail":{"file":"Defensor-Gutierrez-113x150.jpg","width":113,"height":150,"mime_type":"image\/jpeg","source_url":"https:\/\/i0.wp.com\/eltrabajo.cl\/portal\/wp-content\/uploads\/2014\/07\/Defensor-Gutierrez.jpg?fit=113%2C150&ssl=1"},"single-post-thumbnail":{"file":"Defensor-Gutierrez-400x530.jpg","width":400,"height":530,"mime_type":"image\/jpeg","source_url":"https:\/\/eltrabajo.cl\/portal\/wp-content\/uploads\/2014\/07\/Defensor-Gutierrez-400x530.jpg"},"full":{"file":"Defensor-Gutierrez.jpg?fit=529%2C701&ssl=1","width":529,"height":701,"mime_type":"image\/jpeg","source_url":"https:\/\/i0.wp.com\/eltrabajo.cl\/portal\/wp-content\/uploads\/2014\/07\/Defensor-Gutierrez.jpg?fit=529%2C701&ssl=1"}},"image_meta":{"aperture":2.399999999999999911182158029987476766109466552734375,"credit":"","camera":"iPhone 5","caption":"","created_timestamp":1404912461,"copyright":"","focal_length":"4.12","iso":"50","shutter_speed":"0.0050505050505051","title":""}},"post":48713,"source_url":"https:\/\/eltrabajo.cl\/portal\/wp-content\/uploads\/2014\/07\/Defensor-Gutierrez.jpg","_links":{"self":[{"href":"https:\/\/eltrabajo.cl\/portal\/wp-json\/wp\/v2\/media\/48715","targetHints":{"allow":["GET"]}}],"collection":[{"href":"https:\/\/eltrabajo.cl\/portal\/wp-json\/wp\/v2\/media"}],"about":[{"href":"https:\/\/eltrabajo.cl\/portal\/wp-json\/wp\/v2\/types\/attachment"}],"author":[{"embeddable":true,"href":"https:\/\/eltrabajo.cl\/portal\/wp-json\/wp\/v2\/users\/482"}],"replies":[{"embeddable":true,"href":"https:\/\/eltrabajo.cl\/portal\/wp-json\/wp\/v2\/comments?post=48715"}],"wp:attached-to":[{"embeddable":true,"post_type":"post","id":48713,"href":"https:\/\/eltrabajo.cl\/portal\/wp-json\/wp\/v2\/posts\/48713"}],"curies":[{"name":"wp","href":"https:\/\/api.w.org\/{rel}","templated":true}]}}

<p class="attachment"><a href="https://i0.wp.com/eltrabajo.cl/portal/wp-content/uploads/2014/07/Defensor-Gutierrez.jpg?ssl=1"><img loading="lazy" decoding="async" width="226" height="300" src="https://i0.wp.com/eltrabajo.cl/portal/wp-content/uploads/2014/07/Defensor-Gutierrez.jpg?fit=226%2C300&amp;ssl=1" class="attachment-medium size-medium" alt="El abogado defensor de la imputada, Carlos Gutiérrez, señaló que existen antecedentes de Legítima Defensa a favor de la mujer que podría ser condenada a una pena con el beneficio de Libertad vigilada." srcset="https://i0.wp.com/eltrabajo.cl/portal/wp-content/uploads/2014/07/Defensor-Gutierrez.jpg?w=529&amp;ssl=1 529w, https://i0.wp.com/eltrabajo.cl/portal/wp-content/uploads/2014/07/Defensor-Gutierrez.jpg?resize=113%2C150&amp;ssl=1 113w, https://i0.wp.com/eltrabajo.cl/portal/wp-content/uploads/2014/07/Defensor-Gutierrez.jpg?resize=226%2C300&amp;ssl=1 226w, https://i0.wp.com/eltrabajo.cl/portal/wp-content/uploads/2014/07/Defensor-Gutierrez.jpg?resize=400%2C530&amp;ssl=1 400w" sizes="auto, (max-width: 226px) 100vw, 226px" /></a></p>
<p>El abogado defensor de la imputada, Carlos Gutiérrez, señaló que existen antecedentes de Legítima Defensa a favor de la mujer que podría ser condenada a una pena con el beneficio de Libertad vigilada.</p>

<p>El abogado defensor de la imputada, Carlos Gutiérrez, señaló que existen antecedentes de Legítima Defensa a favor de la mujer que podría ser condenada a una pena con el beneficio de Libertad vigilada.</p>

El abogado defensor de la imputada, Carlos Gutiérrez, señaló que existen antecedentes de Legítima Defensa a favor de la mujer que podría ser condenada a una pena con el beneficio de Libertad vigilada.
