{"id":48716,"date":"2014-07-10T09:34:57","date_gmt":"2014-07-10T13:34:57","guid":{"rendered":"http:\/\/www.eltrabajo.cl\/portal\/wp-content\/uploads\/2014\/07\/Fiscal-Basso-1.jpg"},"modified":"2014-07-10T09:34:57","modified_gmt":"2014-07-10T13:34:57","slug":"fiscal-basso-1","status":"inherit","type":"attachment","link":"https:\/\/eltrabajo.cl\/portal\/mujer-casada-que-asesino-a-su-pareja-podria-quedar-en-libertad\/fiscal-basso-1\/","title":{"rendered":"Fiscal Basso 1"},"author":482,"featured_media":0,"comment_status":"open","ping_status":"closed","template":"","meta":{"advanced_seo_description":"","jetpack_seo_html_title":"","jetpack_seo_noindex":false},"class_list":["post-48716","attachment","type-attachment","status-inherit","hentry"],"jetpack_sharing_enabled":true,"jetpack_likes_enabled":true,"description":{"rendered":"<p class=\"attachment\"><a href=\"https:\/\/i0.wp.com\/eltrabajo.cl\/portal\/wp-content\/uploads\/2014\/07\/Fiscal-Basso-1.jpg?ssl=1\"><img loading=\"lazy\" decoding=\"async\" width=\"226\" height=\"300\" src=\"https:\/\/i0.wp.com\/eltrabajo.cl\/portal\/wp-content\/uploads\/2014\/07\/Fiscal-Basso-1.jpg?fit=226%2C300&amp;ssl=1\" class=\"attachment-medium size-medium\" alt=\"El Fiscal Osvaldo Basso apelar\u00e1 verbalmente ante la Corte de Apelaciones de Valpara\u00edso para que decida acoger la cautelar de prisi\u00f3n preventiva en contra de la imputada, dado a que la Jueza de Garant\u00eda la dejaba en libertad sin ninguna cautelar.\" srcset=\"https:\/\/i0.wp.com\/eltrabajo.cl\/portal\/wp-content\/uploads\/2014\/07\/Fiscal-Basso-1.jpg?w=529&amp;ssl=1 529w, https:\/\/i0.wp.com\/eltrabajo.cl\/portal\/wp-content\/uploads\/2014\/07\/Fiscal-Basso-1.jpg?resize=113%2C150&amp;ssl=1 113w, https:\/\/i0.wp.com\/eltrabajo.cl\/portal\/wp-content\/uploads\/2014\/07\/Fiscal-Basso-1.jpg?resize=226%2C300&amp;ssl=1 226w, https:\/\/i0.wp.com\/eltrabajo.cl\/portal\/wp-content\/uploads\/2014\/07\/Fiscal-Basso-1.jpg?resize=400%2C530&amp;ssl=1 400w\" sizes=\"auto, (max-width: 226px) 100vw, 226px\" \/><\/a><\/p>\n<p>El Fiscal Osvaldo Basso apelar\u00e1 verbalmente ante la Corte de Apelaciones de Valpara\u00edso para que decida acoger la cautelar de prisi\u00f3n preventiva en contra de la imputada, dado a que la Jueza de Garant\u00eda la dejaba en libertad sin ninguna cautelar.<\/p>\n"},"caption":{"rendered":"<p>El Fiscal Osvaldo Basso apelar\u00e1 verbalmente ante la Corte de Apelaciones de Valpara\u00edso para que decida acoger la cautelar de prisi\u00f3n preventiva en contra de la imputada, dado a que la Jueza de Garant\u00eda la dejaba en libertad sin ninguna cautelar.<\/p>\n"},"alt_text":"El Fiscal Osvaldo Basso apelar\u00e1 verbalmente ante la Corte de Apelaciones de Valpara\u00edso para que decida acoger la cautelar de prisi\u00f3n preventiva en contra de la imputada, dado a que la Jueza de Garant\u00eda la dejaba en libertad sin ninguna cautelar.","media_type":"image","mime_type":"image\/jpeg","media_details":{"width":529,"height":701,"file":"2014\/07\/Fiscal-Basso-1.jpg","sizes":{"thumbnail":{"file":"Fiscal-Basso-1-113x150.jpg","width":113,"height":150,"mime_type":"image\/jpeg","source_url":"https:\/\/i0.wp.com\/eltrabajo.cl\/portal\/wp-content\/uploads\/2014\/07\/Fiscal-Basso-1.jpg?fit=113%2C150&ssl=1"},"medium":{"file":"Fiscal-Basso-1-226x300.jpg","width":226,"height":300,"mime_type":"image\/jpeg","source_url":"https:\/\/i0.wp.com\/eltrabajo.cl\/portal\/wp-content\/uploads\/2014\/07\/Fiscal-Basso-1.jpg?fit=226%2C300&ssl=1"},"post-thumbnail":{"file":"Fiscal-Basso-1-113x150.jpg","width":113,"height":150,"mime_type":"image\/jpeg","source_url":"https:\/\/i0.wp.com\/eltrabajo.cl\/portal\/wp-content\/uploads\/2014\/07\/Fiscal-Basso-1.jpg?fit=113%2C150&ssl=1"},"single-post-thumbnail":{"file":"Fiscal-Basso-1-400x530.jpg","width":400,"height":530,"mime_type":"image\/jpeg","source_url":"https:\/\/eltrabajo.cl\/portal\/wp-content\/uploads\/2014\/07\/Fiscal-Basso-1-400x530.jpg"},"full":{"file":"Fiscal-Basso-1.jpg?fit=529%2C701&ssl=1","width":529,"height":701,"mime_type":"image\/jpeg","source_url":"https:\/\/i0.wp.com\/eltrabajo.cl\/portal\/wp-content\/uploads\/2014\/07\/Fiscal-Basso-1.jpg?fit=529%2C701&ssl=1"}},"image_meta":{"aperture":2.399999999999999911182158029987476766109466552734375,"credit":"","camera":"iPhone 5","caption":"","created_timestamp":1404912239,"copyright":"","focal_length":"4.12","iso":"50","shutter_speed":"0.0044642857142857","title":""}},"post":48713,"source_url":"https:\/\/eltrabajo.cl\/portal\/wp-content\/uploads\/2014\/07\/Fiscal-Basso-1.jpg","_links":{"self":[{"href":"https:\/\/eltrabajo.cl\/portal\/wp-json\/wp\/v2\/media\/48716","targetHints":{"allow":["GET"]}}],"collection":[{"href":"https:\/\/eltrabajo.cl\/portal\/wp-json\/wp\/v2\/media"}],"about":[{"href":"https:\/\/eltrabajo.cl\/portal\/wp-json\/wp\/v2\/types\/attachment"}],"author":[{"embeddable":true,"href":"https:\/\/eltrabajo.cl\/portal\/wp-json\/wp\/v2\/users\/482"}],"replies":[{"embeddable":true,"href":"https:\/\/eltrabajo.cl\/portal\/wp-json\/wp\/v2\/comments?post=48716"}],"wp:attached-to":[{"embeddable":true,"post_type":"post","id":48713,"href":"https:\/\/eltrabajo.cl\/portal\/wp-json\/wp\/v2\/posts\/48713"}],"curies":[{"name":"wp","href":"https:\/\/api.w.org\/{rel}","templated":true}]}}

<p class="attachment"><a href="https://i0.wp.com/eltrabajo.cl/portal/wp-content/uploads/2014/07/Fiscal-Basso-1.jpg?ssl=1"><img loading="lazy" decoding="async" width="226" height="300" src="https://i0.wp.com/eltrabajo.cl/portal/wp-content/uploads/2014/07/Fiscal-Basso-1.jpg?fit=226%2C300&amp;ssl=1" class="attachment-medium size-medium" alt="El Fiscal Osvaldo Basso apelará verbalmente ante la Corte de Apelaciones de Valparaíso para que decida acoger la cautelar de prisión preventiva en contra de la imputada, dado a que la Jueza de Garantía la dejaba en libertad sin ninguna cautelar." srcset="https://i0.wp.com/eltrabajo.cl/portal/wp-content/uploads/2014/07/Fiscal-Basso-1.jpg?w=529&amp;ssl=1 529w, https://i0.wp.com/eltrabajo.cl/portal/wp-content/uploads/2014/07/Fiscal-Basso-1.jpg?resize=113%2C150&amp;ssl=1 113w, https://i0.wp.com/eltrabajo.cl/portal/wp-content/uploads/2014/07/Fiscal-Basso-1.jpg?resize=226%2C300&amp;ssl=1 226w, https://i0.wp.com/eltrabajo.cl/portal/wp-content/uploads/2014/07/Fiscal-Basso-1.jpg?resize=400%2C530&amp;ssl=1 400w" sizes="auto, (max-width: 226px) 100vw, 226px" /></a></p>
<p>El Fiscal Osvaldo Basso apelará verbalmente ante la Corte de Apelaciones de Valparaíso para que decida acoger la cautelar de prisión preventiva en contra de la imputada, dado a que la Jueza de Garantía la dejaba en libertad sin ninguna cautelar.</p>

<p>El Fiscal Osvaldo Basso apelará verbalmente ante la Corte de Apelaciones de Valparaíso para que decida acoger la cautelar de prisión preventiva en contra de la imputada, dado a que la Jueza de Garantía la dejaba en libertad sin ninguna cautelar.</p>

El Fiscal Osvaldo Basso apelará verbalmente ante la Corte de Apelaciones de Valparaíso para que decida acoger la cautelar de prisión preventiva en contra de la imputada, dado a que la Jueza de Garantía la dejaba en libertad sin ninguna cautelar.
