{"id":48965,"date":"2014-07-18T09:16:28","date_gmt":"2014-07-18T13:16:28","guid":{"rendered":"http:\/\/www.eltrabajo.cl\/portal\/wp-content\/uploads\/2014\/07\/Ceremonia-5.jpg"},"modified":"2014-07-18T09:16:28","modified_gmt":"2014-07-18T13:16:28","slug":"ceremonia-5","status":"inherit","type":"attachment","link":"https:\/\/eltrabajo.cl\/portal\/aiep-y-senda-firman-importante-convenio-en-beneficio-de-estudiantes\/ceremonia-5\/","title":{"rendered":"Ceremonia 5"},"author":482,"featured_media":0,"comment_status":"open","ping_status":"closed","template":"","meta":{"advanced_seo_description":"","jetpack_seo_html_title":"","jetpack_seo_noindex":false},"class_list":["post-48965","attachment","type-attachment","status-inherit","hentry"],"jetpack_sharing_enabled":true,"jetpack_likes_enabled":true,"description":{"rendered":"<p class=\"attachment\"><a href=\"https:\/\/i0.wp.com\/eltrabajo.cl\/portal\/wp-content\/uploads\/2014\/07\/Ceremonia-5.jpg?ssl=1\"><img loading=\"lazy\" decoding=\"async\" width=\"300\" height=\"173\" src=\"https:\/\/i0.wp.com\/eltrabajo.cl\/portal\/wp-content\/uploads\/2014\/07\/Ceremonia-5.jpg?fit=300%2C173&amp;ssl=1\" class=\"attachment-medium size-medium\" alt=\"A trav\u00e9s de una emotiva ceremonia se firm\u00f3 un protocolo de acuerdo y colaboraci\u00f3n entre el Instituto Aiep de San Felipe y el Servicio Nacional de Prevenci\u00f3n de Drogas y Alcohol (Senda), en beneficio de 300 alumnos que actualmente estudian las carreras de T\u00e9cnico en Trabajo Social y Trabajo Social.\" srcset=\"https:\/\/i0.wp.com\/eltrabajo.cl\/portal\/wp-content\/uploads\/2014\/07\/Ceremonia-5.jpg?w=528&amp;ssl=1 528w, https:\/\/i0.wp.com\/eltrabajo.cl\/portal\/wp-content\/uploads\/2014\/07\/Ceremonia-5.jpg?resize=200%2C115&amp;ssl=1 200w, https:\/\/i0.wp.com\/eltrabajo.cl\/portal\/wp-content\/uploads\/2014\/07\/Ceremonia-5.jpg?resize=300%2C173&amp;ssl=1 300w, https:\/\/i0.wp.com\/eltrabajo.cl\/portal\/wp-content\/uploads\/2014\/07\/Ceremonia-5.jpg?resize=150%2C86&amp;ssl=1 150w, https:\/\/i0.wp.com\/eltrabajo.cl\/portal\/wp-content\/uploads\/2014\/07\/Ceremonia-5.jpg?resize=400%2C231&amp;ssl=1 400w\" sizes=\"auto, (max-width: 300px) 100vw, 300px\" \/><\/a><\/p>\n<p>A trav\u00e9s de una emotiva ceremonia se firm\u00f3 un protocolo de acuerdo y colaboraci\u00f3n entre el Instituto Aiep de San Felipe y el Servicio Nacional de Prevenci\u00f3n de Drogas y Alcohol (Senda), en beneficio de 300 alumnos que actualmente estudian las carreras de T\u00e9cnico en Trabajo Social y Trabajo Social.<\/p>\n"},"caption":{"rendered":"<p>A trav\u00e9s de una emotiva ceremonia se firm\u00f3 un protocolo de acuerdo y colaboraci\u00f3n entre el Instituto Aiep de San Felipe y el Servicio Nacional de Prevenci\u00f3n de Drogas y Alcohol (Senda), en beneficio de 300 alumnos que actualmente estudian las carreras de T\u00e9cnico en Trabajo Social y Trabajo Social.<\/p>\n"},"alt_text":"A trav\u00e9s de una emotiva ceremonia se firm\u00f3 un protocolo de acuerdo y colaboraci\u00f3n entre el Instituto Aiep de San Felipe y el Servicio Nacional de Prevenci\u00f3n de Drogas y Alcohol (Senda), en beneficio de 300 alumnos que actualmente estudian las carreras de T\u00e9cnico en Trabajo Social y Trabajo Social.","media_type":"image","mime_type":"image\/jpeg","media_details":{"width":528,"height":305,"file":"2014\/07\/Ceremonia-5.jpg","sizes":{"thumbnail":{"file":"Ceremonia-5-200x115.jpg","width":200,"height":115,"mime_type":"image\/jpeg","source_url":"https:\/\/i0.wp.com\/eltrabajo.cl\/portal\/wp-content\/uploads\/2014\/07\/Ceremonia-5.jpg?fit=200%2C115&ssl=1"},"medium":{"file":"Ceremonia-5-300x173.jpg","width":300,"height":173,"mime_type":"image\/jpeg","source_url":"https:\/\/i0.wp.com\/eltrabajo.cl\/portal\/wp-content\/uploads\/2014\/07\/Ceremonia-5.jpg?fit=300%2C173&ssl=1"},"post-thumbnail":{"file":"Ceremonia-5-150x86.jpg","width":150,"height":86,"mime_type":"image\/jpeg","source_url":"https:\/\/i0.wp.com\/eltrabajo.cl\/portal\/wp-content\/uploads\/2014\/07\/Ceremonia-5.jpg?fit=150%2C86&ssl=1"},"single-post-thumbnail":{"file":"Ceremonia-5-400x231.jpg","width":400,"height":231,"mime_type":"image\/jpeg","source_url":"https:\/\/eltrabajo.cl\/portal\/wp-content\/uploads\/2014\/07\/Ceremonia-5-400x231.jpg"},"full":{"file":"Ceremonia-5.jpg?fit=528%2C305&ssl=1","width":528,"height":305,"mime_type":"image\/jpeg","source_url":"https:\/\/i0.wp.com\/eltrabajo.cl\/portal\/wp-content\/uploads\/2014\/07\/Ceremonia-5.jpg?fit=528%2C305&ssl=1"}},"image_meta":{"aperture":3.100000000000000088817841970012523233890533447265625,"credit":"","camera":"DSC-W180","caption":"","created_timestamp":1405598971,"copyright":"","focal_length":"6.2","iso":"200","shutter_speed":"0.025","title":""}},"post":48963,"source_url":"https:\/\/eltrabajo.cl\/portal\/wp-content\/uploads\/2014\/07\/Ceremonia-5.jpg","_links":{"self":[{"href":"https:\/\/eltrabajo.cl\/portal\/wp-json\/wp\/v2\/media\/48965","targetHints":{"allow":["GET"]}}],"collection":[{"href":"https:\/\/eltrabajo.cl\/portal\/wp-json\/wp\/v2\/media"}],"about":[{"href":"https:\/\/eltrabajo.cl\/portal\/wp-json\/wp\/v2\/types\/attachment"}],"author":[{"embeddable":true,"href":"https:\/\/eltrabajo.cl\/portal\/wp-json\/wp\/v2\/users\/482"}],"replies":[{"embeddable":true,"href":"https:\/\/eltrabajo.cl\/portal\/wp-json\/wp\/v2\/comments?post=48965"}],"wp:attached-to":[{"embeddable":true,"post_type":"post","id":48963,"href":"https:\/\/eltrabajo.cl\/portal\/wp-json\/wp\/v2\/posts\/48963"}],"curies":[{"name":"wp","href":"https:\/\/api.w.org\/{rel}","templated":true}]}}

<p class="attachment"><a href="https://i0.wp.com/eltrabajo.cl/portal/wp-content/uploads/2014/07/Ceremonia-5.jpg?ssl=1"><img loading="lazy" decoding="async" width="300" height="173" src="https://i0.wp.com/eltrabajo.cl/portal/wp-content/uploads/2014/07/Ceremonia-5.jpg?fit=300%2C173&amp;ssl=1" class="attachment-medium size-medium" alt="A través de una emotiva ceremonia se firmó un protocolo de acuerdo y colaboración entre el Instituto Aiep de San Felipe y el Servicio Nacional de Prevención de Drogas y Alcohol (Senda), en beneficio de 300 alumnos que actualmente estudian las carreras de Técnico en Trabajo Social y Trabajo Social." srcset="https://i0.wp.com/eltrabajo.cl/portal/wp-content/uploads/2014/07/Ceremonia-5.jpg?w=528&amp;ssl=1 528w, https://i0.wp.com/eltrabajo.cl/portal/wp-content/uploads/2014/07/Ceremonia-5.jpg?resize=200%2C115&amp;ssl=1 200w, https://i0.wp.com/eltrabajo.cl/portal/wp-content/uploads/2014/07/Ceremonia-5.jpg?resize=300%2C173&amp;ssl=1 300w, https://i0.wp.com/eltrabajo.cl/portal/wp-content/uploads/2014/07/Ceremonia-5.jpg?resize=150%2C86&amp;ssl=1 150w, https://i0.wp.com/eltrabajo.cl/portal/wp-content/uploads/2014/07/Ceremonia-5.jpg?resize=400%2C231&amp;ssl=1 400w" sizes="auto, (max-width: 300px) 100vw, 300px" /></a></p>
<p>A través de una emotiva ceremonia se firmó un protocolo de acuerdo y colaboración entre el Instituto Aiep de San Felipe y el Servicio Nacional de Prevención de Drogas y Alcohol (Senda), en beneficio de 300 alumnos que actualmente estudian las carreras de Técnico en Trabajo Social y Trabajo Social.</p>

<p>A través de una emotiva ceremonia se firmó un protocolo de acuerdo y colaboración entre el Instituto Aiep de San Felipe y el Servicio Nacional de Prevención de Drogas y Alcohol (Senda), en beneficio de 300 alumnos que actualmente estudian las carreras de Técnico en Trabajo Social y Trabajo Social.</p>

A través de una emotiva ceremonia se firmó un protocolo de acuerdo y colaboración entre el Instituto Aiep de San Felipe y el Servicio Nacional de Prevención de Drogas y Alcohol (Senda), en beneficio de 300 alumnos que actualmente estudian las carreras de Técnico en Trabajo Social y Trabajo Social.
