{"id":49043,"date":"2014-07-21T11:53:53","date_gmt":"2014-07-21T15:53:53","guid":{"rendered":"http:\/\/www.eltrabajo.cl\/portal\/wp-content\/uploads\/2014\/07\/Fuego4.jpg"},"modified":"2014-07-21T11:53:53","modified_gmt":"2014-07-21T15:53:53","slug":"fuego4","status":"inherit","type":"attachment","link":"https:\/\/eltrabajo.cl\/portal\/incendio-destruye-por-completo-casa-en-calle-jose-antonio-salinas\/fuego4\/","title":{"rendered":"Fuego4"},"author":482,"featured_media":0,"comment_status":"open","ping_status":"closed","template":"","meta":{"advanced_seo_description":"","jetpack_seo_html_title":"","jetpack_seo_noindex":false},"class_list":["post-49043","attachment","type-attachment","status-inherit","hentry"],"jetpack_sharing_enabled":true,"jetpack_likes_enabled":true,"description":{"rendered":"<p class=\"attachment\"><a href=\"https:\/\/i0.wp.com\/eltrabajo.cl\/portal\/wp-content\/uploads\/2014\/07\/Fuego4.jpg?ssl=1\"><img loading=\"lazy\" decoding=\"async\" width=\"300\" height=\"203\" src=\"https:\/\/i0.wp.com\/eltrabajo.cl\/portal\/wp-content\/uploads\/2014\/07\/Fuego4.jpg?fit=300%2C203&amp;ssl=1\" class=\"attachment-medium size-medium\" alt=\"TRABAJO COORDINADO.- M\u00e1s de 40 efectivos de las tres compa\u00f1\u00edas del Cuerpo de Bomberos de Putaendo; de San Felipe y Los Andes, debieron trabajar intensamente por cerca de una hora para lograr controlar las llamas.\" srcset=\"https:\/\/i0.wp.com\/eltrabajo.cl\/portal\/wp-content\/uploads\/2014\/07\/Fuego4.jpg?w=529&amp;ssl=1 529w, https:\/\/i0.wp.com\/eltrabajo.cl\/portal\/wp-content\/uploads\/2014\/07\/Fuego4.jpg?resize=200%2C135&amp;ssl=1 200w, https:\/\/i0.wp.com\/eltrabajo.cl\/portal\/wp-content\/uploads\/2014\/07\/Fuego4.jpg?resize=300%2C203&amp;ssl=1 300w, https:\/\/i0.wp.com\/eltrabajo.cl\/portal\/wp-content\/uploads\/2014\/07\/Fuego4.jpg?resize=150%2C101&amp;ssl=1 150w, https:\/\/i0.wp.com\/eltrabajo.cl\/portal\/wp-content\/uploads\/2014\/07\/Fuego4.jpg?resize=400%2C270&amp;ssl=1 400w\" sizes=\"auto, (max-width: 300px) 100vw, 300px\" \/><\/a><\/p>\n<p>TRABAJO COORDINADO.- M\u00e1s de 40 efectivos de las tres compa\u00f1\u00edas del Cuerpo de Bomberos de Putaendo; de San Felipe y Los Andes, debieron trabajar intensamente por cerca de una hora para lograr controlar las llamas.<\/p>\n"},"caption":{"rendered":"<p>TRABAJO COORDINADO.- M\u00e1s de 40 efectivos de las tres compa\u00f1\u00edas del Cuerpo de Bomberos de Putaendo; de San Felipe y Los Andes, debieron trabajar intensamente por cerca de una hora para lograr controlar las llamas.<\/p>\n"},"alt_text":"TRABAJO COORDINADO.- M\u00e1s de 40 efectivos de las tres compa\u00f1\u00edas del Cuerpo de Bomberos de Putaendo; de San Felipe y Los Andes, debieron trabajar intensamente por cerca de una hora para lograr controlar las llamas.","media_type":"image","mime_type":"image\/jpeg","media_details":{"width":529,"height":358,"file":"2014\/07\/Fuego4.jpg","sizes":{"thumbnail":{"file":"Fuego4-200x135.jpg","width":200,"height":135,"mime_type":"image\/jpeg","source_url":"https:\/\/i0.wp.com\/eltrabajo.cl\/portal\/wp-content\/uploads\/2014\/07\/Fuego4.jpg?fit=200%2C135&ssl=1"},"medium":{"file":"Fuego4-300x203.jpg","width":300,"height":203,"mime_type":"image\/jpeg","source_url":"https:\/\/i0.wp.com\/eltrabajo.cl\/portal\/wp-content\/uploads\/2014\/07\/Fuego4.jpg?fit=300%2C203&ssl=1"},"post-thumbnail":{"file":"Fuego4-150x101.jpg","width":150,"height":101,"mime_type":"image\/jpeg","source_url":"https:\/\/i0.wp.com\/eltrabajo.cl\/portal\/wp-content\/uploads\/2014\/07\/Fuego4.jpg?fit=150%2C101&ssl=1"},"single-post-thumbnail":{"file":"Fuego4-400x270.jpg","width":400,"height":270,"mime_type":"image\/jpeg","source_url":"https:\/\/eltrabajo.cl\/portal\/wp-content\/uploads\/2014\/07\/Fuego4-400x270.jpg"},"full":{"file":"Fuego4.jpg?fit=529%2C358&ssl=1","width":529,"height":358,"mime_type":"image\/jpeg","source_url":"https:\/\/i0.wp.com\/eltrabajo.cl\/portal\/wp-content\/uploads\/2014\/07\/Fuego4.jpg?fit=529%2C358&ssl=1"}},"image_meta":{"aperture":3.5,"credit":"","camera":"Canon EOS REBEL T3","caption":"","created_timestamp":1393039811,"copyright":"","focal_length":"28","iso":"6400","shutter_speed":"0.033333333333333","title":""}},"post":49038,"source_url":"https:\/\/eltrabajo.cl\/portal\/wp-content\/uploads\/2014\/07\/Fuego4.jpg","_links":{"self":[{"href":"https:\/\/eltrabajo.cl\/portal\/wp-json\/wp\/v2\/media\/49043","targetHints":{"allow":["GET"]}}],"collection":[{"href":"https:\/\/eltrabajo.cl\/portal\/wp-json\/wp\/v2\/media"}],"about":[{"href":"https:\/\/eltrabajo.cl\/portal\/wp-json\/wp\/v2\/types\/attachment"}],"author":[{"embeddable":true,"href":"https:\/\/eltrabajo.cl\/portal\/wp-json\/wp\/v2\/users\/482"}],"replies":[{"embeddable":true,"href":"https:\/\/eltrabajo.cl\/portal\/wp-json\/wp\/v2\/comments?post=49043"}],"wp:attached-to":[{"embeddable":true,"post_type":"post","id":49038,"href":"https:\/\/eltrabajo.cl\/portal\/wp-json\/wp\/v2\/posts\/49038"}],"curies":[{"name":"wp","href":"https:\/\/api.w.org\/{rel}","templated":true}]}}

<p class="attachment"><a href="https://i0.wp.com/eltrabajo.cl/portal/wp-content/uploads/2014/07/Fuego4.jpg?ssl=1"><img loading="lazy" decoding="async" width="300" height="203" src="https://i0.wp.com/eltrabajo.cl/portal/wp-content/uploads/2014/07/Fuego4.jpg?fit=300%2C203&amp;ssl=1" class="attachment-medium size-medium" alt="TRABAJO COORDINADO.- Más de 40 efectivos de las tres compañías del Cuerpo de Bomberos de Putaendo; de San Felipe y Los Andes, debieron trabajar intensamente por cerca de una hora para lograr controlar las llamas." srcset="https://i0.wp.com/eltrabajo.cl/portal/wp-content/uploads/2014/07/Fuego4.jpg?w=529&amp;ssl=1 529w, https://i0.wp.com/eltrabajo.cl/portal/wp-content/uploads/2014/07/Fuego4.jpg?resize=200%2C135&amp;ssl=1 200w, https://i0.wp.com/eltrabajo.cl/portal/wp-content/uploads/2014/07/Fuego4.jpg?resize=300%2C203&amp;ssl=1 300w, https://i0.wp.com/eltrabajo.cl/portal/wp-content/uploads/2014/07/Fuego4.jpg?resize=150%2C101&amp;ssl=1 150w, https://i0.wp.com/eltrabajo.cl/portal/wp-content/uploads/2014/07/Fuego4.jpg?resize=400%2C270&amp;ssl=1 400w" sizes="auto, (max-width: 300px) 100vw, 300px" /></a></p>
<p>TRABAJO COORDINADO.- Más de 40 efectivos de las tres compañías del Cuerpo de Bomberos de Putaendo; de San Felipe y Los Andes, debieron trabajar intensamente por cerca de una hora para lograr controlar las llamas.</p>

<p>TRABAJO COORDINADO.- Más de 40 efectivos de las tres compañías del Cuerpo de Bomberos de Putaendo; de San Felipe y Los Andes, debieron trabajar intensamente por cerca de una hora para lograr controlar las llamas.</p>

TRABAJO COORDINADO.- Más de 40 efectivos de las tres compañías del Cuerpo de Bomberos de Putaendo; de San Felipe y Los Andes, debieron trabajar intensamente por cerca de una hora para lograr controlar las llamas.
