{"id":49118,"date":"2014-07-22T09:40:01","date_gmt":"2014-07-22T13:40:01","guid":{"rendered":"http:\/\/www.eltrabajo.cl\/portal\/wp-content\/uploads\/2014\/07\/Detenido11.jpg"},"modified":"2014-07-22T09:40:01","modified_gmt":"2014-07-22T13:40:01","slug":"detenido1-18","status":"inherit","type":"attachment","link":"https:\/\/eltrabajo.cl\/portal\/empresarios-paraguayos-financiaron-delegacion-deportiva-con-marihuana\/detenido1-18\/","title":{"rendered":"Detenido1"},"author":482,"featured_media":0,"comment_status":"open","ping_status":"closed","template":"","meta":{"advanced_seo_description":"","jetpack_seo_html_title":"","jetpack_seo_noindex":false},"class_list":["post-49118","attachment","type-attachment","status-inherit","hentry"],"jetpack_sharing_enabled":true,"jetpack_likes_enabled":true,"description":{"rendered":"<p class=\"attachment\"><a href=\"https:\/\/i0.wp.com\/eltrabajo.cl\/portal\/wp-content\/uploads\/2014\/07\/Detenido11.jpg?ssl=1\"><img loading=\"lazy\" decoding=\"async\" width=\"300\" height=\"197\" src=\"https:\/\/i0.wp.com\/eltrabajo.cl\/portal\/wp-content\/uploads\/2014\/07\/Detenido11.jpg?fit=300%2C197&amp;ssl=1\" class=\"attachment-medium size-medium\" alt=\"INTERPOL LO CAPTURA.- En localidad paraguaya de Puerto Falc\u00f3n, fue detenido Juan Antonio Vela Zalazar, de 39 a\u00f1os, ciudadano ecuatoriano e ide\u00f3logo del viaje de la delegaci\u00f3n del Club Deportivo 8 de Diciembre.\" srcset=\"https:\/\/i0.wp.com\/eltrabajo.cl\/portal\/wp-content\/uploads\/2014\/07\/Detenido11.jpg?w=529&amp;ssl=1 529w, https:\/\/i0.wp.com\/eltrabajo.cl\/portal\/wp-content\/uploads\/2014\/07\/Detenido11.jpg?resize=200%2C131&amp;ssl=1 200w, https:\/\/i0.wp.com\/eltrabajo.cl\/portal\/wp-content\/uploads\/2014\/07\/Detenido11.jpg?resize=300%2C197&amp;ssl=1 300w, https:\/\/i0.wp.com\/eltrabajo.cl\/portal\/wp-content\/uploads\/2014\/07\/Detenido11.jpg?resize=150%2C98&amp;ssl=1 150w, https:\/\/i0.wp.com\/eltrabajo.cl\/portal\/wp-content\/uploads\/2014\/07\/Detenido11.jpg?resize=400%2C263&amp;ssl=1 400w\" sizes=\"auto, (max-width: 300px) 100vw, 300px\" \/><\/a><\/p>\n<p>INTERPOL LO CAPTURA.- En localidad paraguaya de Puerto Falc\u00f3n, fue detenido Juan Antonio Vela Zalazar, de 39 a\u00f1os, ciudadano ecuatoriano e ide\u00f3logo del viaje de la delegaci\u00f3n del Club Deportivo 8 de Diciembre.<\/p>\n"},"caption":{"rendered":"<p>INTERPOL LO CAPTURA.- En localidad paraguaya de Puerto Falc\u00f3n, fue detenido Juan Antonio Vela Zalazar, de 39 a\u00f1os, ciudadano ecuatoriano e ide\u00f3logo del viaje de la delegaci\u00f3n del Club Deportivo 8 de Diciembre.<\/p>\n"},"alt_text":"INTERPOL LO CAPTURA.- En localidad paraguaya de Puerto Falc\u00f3n, fue detenido Juan Antonio Vela Zalazar, de 39 a\u00f1os, ciudadano ecuatoriano e ide\u00f3logo del viaje de la delegaci\u00f3n del Club Deportivo 8 de Diciembre.","media_type":"image","mime_type":"image\/jpeg","media_details":{"width":529,"height":349,"file":"2014\/07\/Detenido11.jpg","sizes":{"thumbnail":{"file":"Detenido11-200x131.jpg","width":200,"height":131,"mime_type":"image\/jpeg","source_url":"https:\/\/i0.wp.com\/eltrabajo.cl\/portal\/wp-content\/uploads\/2014\/07\/Detenido11.jpg?fit=200%2C131&ssl=1"},"medium":{"file":"Detenido11-300x197.jpg","width":300,"height":197,"mime_type":"image\/jpeg","source_url":"https:\/\/i0.wp.com\/eltrabajo.cl\/portal\/wp-content\/uploads\/2014\/07\/Detenido11.jpg?fit=300%2C197&ssl=1"},"post-thumbnail":{"file":"Detenido11-150x98.jpg","width":150,"height":98,"mime_type":"image\/jpeg","source_url":"https:\/\/i0.wp.com\/eltrabajo.cl\/portal\/wp-content\/uploads\/2014\/07\/Detenido11.jpg?fit=150%2C98&ssl=1"},"single-post-thumbnail":{"file":"Detenido11-400x263.jpg","width":400,"height":263,"mime_type":"image\/jpeg","source_url":"https:\/\/eltrabajo.cl\/portal\/wp-content\/uploads\/2014\/07\/Detenido11-400x263.jpg"},"full":{"file":"Detenido11.jpg?fit=529%2C349&ssl=1","width":529,"height":349,"mime_type":"image\/jpeg","source_url":"https:\/\/i0.wp.com\/eltrabajo.cl\/portal\/wp-content\/uploads\/2014\/07\/Detenido11.jpg?fit=529%2C349&ssl=1"}},"image_meta":{"aperture":0,"credit":"","camera":"","caption":"","created_timestamp":0,"copyright":"","focal_length":0,"iso":0,"shutter_speed":0,"title":""}},"post":49115,"source_url":"https:\/\/eltrabajo.cl\/portal\/wp-content\/uploads\/2014\/07\/Detenido11.jpg","_links":{"self":[{"href":"https:\/\/eltrabajo.cl\/portal\/wp-json\/wp\/v2\/media\/49118","targetHints":{"allow":["GET"]}}],"collection":[{"href":"https:\/\/eltrabajo.cl\/portal\/wp-json\/wp\/v2\/media"}],"about":[{"href":"https:\/\/eltrabajo.cl\/portal\/wp-json\/wp\/v2\/types\/attachment"}],"author":[{"embeddable":true,"href":"https:\/\/eltrabajo.cl\/portal\/wp-json\/wp\/v2\/users\/482"}],"replies":[{"embeddable":true,"href":"https:\/\/eltrabajo.cl\/portal\/wp-json\/wp\/v2\/comments?post=49118"}],"wp:attached-to":[{"embeddable":true,"post_type":"post","id":49115,"href":"https:\/\/eltrabajo.cl\/portal\/wp-json\/wp\/v2\/posts\/49115"}],"curies":[{"name":"wp","href":"https:\/\/api.w.org\/{rel}","templated":true}]}}

<p class="attachment"><a href="https://i0.wp.com/eltrabajo.cl/portal/wp-content/uploads/2014/07/Detenido11.jpg?ssl=1"><img loading="lazy" decoding="async" width="300" height="197" src="https://i0.wp.com/eltrabajo.cl/portal/wp-content/uploads/2014/07/Detenido11.jpg?fit=300%2C197&amp;ssl=1" class="attachment-medium size-medium" alt="INTERPOL LO CAPTURA.- En localidad paraguaya de Puerto Falcón, fue detenido Juan Antonio Vela Zalazar, de 39 años, ciudadano ecuatoriano e ideólogo del viaje de la delegación del Club Deportivo 8 de Diciembre." srcset="https://i0.wp.com/eltrabajo.cl/portal/wp-content/uploads/2014/07/Detenido11.jpg?w=529&amp;ssl=1 529w, https://i0.wp.com/eltrabajo.cl/portal/wp-content/uploads/2014/07/Detenido11.jpg?resize=200%2C131&amp;ssl=1 200w, https://i0.wp.com/eltrabajo.cl/portal/wp-content/uploads/2014/07/Detenido11.jpg?resize=300%2C197&amp;ssl=1 300w, https://i0.wp.com/eltrabajo.cl/portal/wp-content/uploads/2014/07/Detenido11.jpg?resize=150%2C98&amp;ssl=1 150w, https://i0.wp.com/eltrabajo.cl/portal/wp-content/uploads/2014/07/Detenido11.jpg?resize=400%2C263&amp;ssl=1 400w" sizes="auto, (max-width: 300px) 100vw, 300px" /></a></p>
<p>INTERPOL LO CAPTURA.- En localidad paraguaya de Puerto Falcón, fue detenido Juan Antonio Vela Zalazar, de 39 años, ciudadano ecuatoriano e ideólogo del viaje de la delegación del Club Deportivo 8 de Diciembre.</p>

<p>INTERPOL LO CAPTURA.- En localidad paraguaya de Puerto Falcón, fue detenido Juan Antonio Vela Zalazar, de 39 años, ciudadano ecuatoriano e ideólogo del viaje de la delegación del Club Deportivo 8 de Diciembre.</p>

INTERPOL LO CAPTURA.- En localidad paraguaya de Puerto Falcón, fue detenido Juan Antonio Vela Zalazar, de 39 años, ciudadano ecuatoriano e ideólogo del viaje de la delegación del Club Deportivo 8 de Diciembre.
