{"id":49180,"date":"2014-07-23T09:43:08","date_gmt":"2014-07-23T13:43:08","guid":{"rendered":"http:\/\/www.eltrabajo.cl\/portal\/wp-content\/uploads\/2014\/07\/Vuelco31.jpg"},"modified":"2014-07-23T09:43:08","modified_gmt":"2014-07-23T13:43:08","slug":"vuelco3-2","status":"inherit","type":"attachment","link":"https:\/\/eltrabajo.cl\/portal\/conductor-atrapado-en-cabina-de-camion-en-cuesta-las-minillas\/vuelco3-2\/","title":{"rendered":"Vuelco3"},"author":482,"featured_media":0,"comment_status":"open","ping_status":"closed","template":"","meta":{"advanced_seo_description":"","jetpack_seo_html_title":"","jetpack_seo_noindex":false},"class_list":["post-49180","attachment","type-attachment","status-inherit","hentry"],"jetpack_sharing_enabled":true,"jetpack_likes_enabled":true,"description":{"rendered":"<p class=\"attachment\"><a href=\"https:\/\/i0.wp.com\/eltrabajo.cl\/portal\/wp-content\/uploads\/2014\/07\/Vuelco31.jpg?ssl=1\"><img loading=\"lazy\" decoding=\"async\" width=\"300\" height=\"220\" src=\"https:\/\/i0.wp.com\/eltrabajo.cl\/portal\/wp-content\/uploads\/2014\/07\/Vuelco31.jpg?fit=300%2C220&amp;ssl=1\" class=\"attachment-medium size-medium\" alt=\"HOMBRO AFECTADO.- Arles R\u00edos Salinas fue trasladado hasta el Hospital San Antonio de Putaendo y de acuerdo a informaci\u00f3n preliminar, presentar\u00eda una luxo fractura en su hombro izquierdo.\" srcset=\"https:\/\/i0.wp.com\/eltrabajo.cl\/portal\/wp-content\/uploads\/2014\/07\/Vuelco31.jpg?w=529&amp;ssl=1 529w, https:\/\/i0.wp.com\/eltrabajo.cl\/portal\/wp-content\/uploads\/2014\/07\/Vuelco31.jpg?resize=200%2C147&amp;ssl=1 200w, https:\/\/i0.wp.com\/eltrabajo.cl\/portal\/wp-content\/uploads\/2014\/07\/Vuelco31.jpg?resize=300%2C220&amp;ssl=1 300w, https:\/\/i0.wp.com\/eltrabajo.cl\/portal\/wp-content\/uploads\/2014\/07\/Vuelco31.jpg?resize=150%2C110&amp;ssl=1 150w, https:\/\/i0.wp.com\/eltrabajo.cl\/portal\/wp-content\/uploads\/2014\/07\/Vuelco31.jpg?resize=400%2C294&amp;ssl=1 400w\" sizes=\"auto, (max-width: 300px) 100vw, 300px\" \/><\/a><\/p>\n<p>HOMBRO AFECTADO.- Arles R\u00edos Salinas fue trasladado hasta el Hospital San Antonio de Putaendo y de acuerdo a informaci\u00f3n preliminar, presentar\u00eda una luxo fractura en su hombro izquierdo.<\/p>\n"},"caption":{"rendered":"<p>HOMBRO AFECTADO.- Arles R\u00edos Salinas fue trasladado hasta el Hospital San Antonio de Putaendo y de acuerdo a informaci\u00f3n preliminar, presentar\u00eda una luxo fractura en su hombro izquierdo.<\/p>\n"},"alt_text":"HOMBRO AFECTADO.- Arles R\u00edos Salinas fue trasladado hasta el Hospital San Antonio de Putaendo y de acuerdo a informaci\u00f3n preliminar, presentar\u00eda una luxo fractura en su hombro izquierdo.","media_type":"image","mime_type":"image\/jpeg","media_details":{"width":529,"height":389,"file":"2014\/07\/Vuelco31.jpg","sizes":{"thumbnail":{"file":"Vuelco31-200x147.jpg","width":200,"height":147,"mime_type":"image\/jpeg","source_url":"https:\/\/i0.wp.com\/eltrabajo.cl\/portal\/wp-content\/uploads\/2014\/07\/Vuelco31.jpg?fit=200%2C147&ssl=1"},"medium":{"file":"Vuelco31-300x220.jpg","width":300,"height":220,"mime_type":"image\/jpeg","source_url":"https:\/\/i0.wp.com\/eltrabajo.cl\/portal\/wp-content\/uploads\/2014\/07\/Vuelco31.jpg?fit=300%2C220&ssl=1"},"post-thumbnail":{"file":"Vuelco31-150x110.jpg","width":150,"height":110,"mime_type":"image\/jpeg","source_url":"https:\/\/i0.wp.com\/eltrabajo.cl\/portal\/wp-content\/uploads\/2014\/07\/Vuelco31.jpg?fit=150%2C110&ssl=1"},"single-post-thumbnail":{"file":"Vuelco31-400x294.jpg","width":400,"height":294,"mime_type":"image\/jpeg","source_url":"https:\/\/eltrabajo.cl\/portal\/wp-content\/uploads\/2014\/07\/Vuelco31-400x294.jpg"},"full":{"file":"Vuelco31.jpg?fit=529%2C389&ssl=1","width":529,"height":389,"mime_type":"image\/jpeg","source_url":"https:\/\/i0.wp.com\/eltrabajo.cl\/portal\/wp-content\/uploads\/2014\/07\/Vuelco31.jpg?fit=529%2C389&ssl=1"}},"image_meta":{"aperture":5.5999999999999996447286321199499070644378662109375,"credit":"","camera":"Canon EOS REBEL T3i","caption":"","created_timestamp":1406032974,"copyright":"[wopmind]","focal_length":"18","iso":"200","shutter_speed":"0.033333333333333","title":""}},"post":49177,"source_url":"https:\/\/eltrabajo.cl\/portal\/wp-content\/uploads\/2014\/07\/Vuelco31.jpg","_links":{"self":[{"href":"https:\/\/eltrabajo.cl\/portal\/wp-json\/wp\/v2\/media\/49180","targetHints":{"allow":["GET"]}}],"collection":[{"href":"https:\/\/eltrabajo.cl\/portal\/wp-json\/wp\/v2\/media"}],"about":[{"href":"https:\/\/eltrabajo.cl\/portal\/wp-json\/wp\/v2\/types\/attachment"}],"author":[{"embeddable":true,"href":"https:\/\/eltrabajo.cl\/portal\/wp-json\/wp\/v2\/users\/482"}],"replies":[{"embeddable":true,"href":"https:\/\/eltrabajo.cl\/portal\/wp-json\/wp\/v2\/comments?post=49180"}],"wp:attached-to":[{"embeddable":true,"post_type":"post","id":49177,"href":"https:\/\/eltrabajo.cl\/portal\/wp-json\/wp\/v2\/posts\/49177"}],"curies":[{"name":"wp","href":"https:\/\/api.w.org\/{rel}","templated":true}]}}

<p class="attachment"><a href="https://i0.wp.com/eltrabajo.cl/portal/wp-content/uploads/2014/07/Vuelco31.jpg?ssl=1"><img loading="lazy" decoding="async" width="300" height="220" src="https://i0.wp.com/eltrabajo.cl/portal/wp-content/uploads/2014/07/Vuelco31.jpg?fit=300%2C220&amp;ssl=1" class="attachment-medium size-medium" alt="HOMBRO AFECTADO.- Arles Ríos Salinas fue trasladado hasta el Hospital San Antonio de Putaendo y de acuerdo a información preliminar, presentaría una luxo fractura en su hombro izquierdo." srcset="https://i0.wp.com/eltrabajo.cl/portal/wp-content/uploads/2014/07/Vuelco31.jpg?w=529&amp;ssl=1 529w, https://i0.wp.com/eltrabajo.cl/portal/wp-content/uploads/2014/07/Vuelco31.jpg?resize=200%2C147&amp;ssl=1 200w, https://i0.wp.com/eltrabajo.cl/portal/wp-content/uploads/2014/07/Vuelco31.jpg?resize=300%2C220&amp;ssl=1 300w, https://i0.wp.com/eltrabajo.cl/portal/wp-content/uploads/2014/07/Vuelco31.jpg?resize=150%2C110&amp;ssl=1 150w, https://i0.wp.com/eltrabajo.cl/portal/wp-content/uploads/2014/07/Vuelco31.jpg?resize=400%2C294&amp;ssl=1 400w" sizes="auto, (max-width: 300px) 100vw, 300px" /></a></p>
<p>HOMBRO AFECTADO.- Arles Ríos Salinas fue trasladado hasta el Hospital San Antonio de Putaendo y de acuerdo a información preliminar, presentaría una luxo fractura en su hombro izquierdo.</p>

<p>HOMBRO AFECTADO.- Arles Ríos Salinas fue trasladado hasta el Hospital San Antonio de Putaendo y de acuerdo a información preliminar, presentaría una luxo fractura en su hombro izquierdo.</p>

HOMBRO AFECTADO.- Arles Ríos Salinas fue trasladado hasta el Hospital San Antonio de Putaendo y de acuerdo a información preliminar, presentaría una luxo fractura en su hombro izquierdo.
