{"id":49493,"date":"2014-07-31T09:30:51","date_gmt":"2014-07-31T13:30:51","guid":{"rendered":"http:\/\/www.eltrabajo.cl\/portal\/wp-content\/uploads\/2014\/07\/Iglesia2.jpg"},"modified":"2014-07-31T09:30:51","modified_gmt":"2014-07-31T13:30:51","slug":"iglesia2","status":"inherit","type":"attachment","link":"https:\/\/eltrabajo.cl\/portal\/mop-entrego-obras-de-restauracion-del-santuario-santa-filomena\/iglesia2\/","title":{"rendered":"Iglesia2"},"author":482,"featured_media":0,"comment_status":"open","ping_status":"closed","template":"","meta":{"advanced_seo_description":"","jetpack_seo_html_title":"","jetpack_seo_noindex":false},"class_list":["post-49493","attachment","type-attachment","status-inherit","hentry"],"jetpack_sharing_enabled":true,"jetpack_likes_enabled":true,"description":{"rendered":"<p class=\"attachment\"><a href=\"https:\/\/i0.wp.com\/eltrabajo.cl\/portal\/wp-content\/uploads\/2014\/07\/Iglesia2.jpg?ssl=1\"><img loading=\"lazy\" decoding=\"async\" width=\"300\" height=\"203\" src=\"https:\/\/i0.wp.com\/eltrabajo.cl\/portal\/wp-content\/uploads\/2014\/07\/Iglesia2.jpg?fit=300%2C203&amp;ssl=1\" class=\"attachment-medium size-medium\" alt=\"UN NUEVO CICLO.- Esta obra de m\u00e1s de $1.200 millones y con una duraci\u00f3n de 560 d\u00edas, marca un hito en el modelo de gesti\u00f3n donde la participaci\u00f3n de la ciudadan\u00eda es un ejemplo para la provincia y la regi\u00f3n.\" srcset=\"https:\/\/i0.wp.com\/eltrabajo.cl\/portal\/wp-content\/uploads\/2014\/07\/Iglesia2.jpg?w=529&amp;ssl=1 529w, https:\/\/i0.wp.com\/eltrabajo.cl\/portal\/wp-content\/uploads\/2014\/07\/Iglesia2.jpg?resize=200%2C135&amp;ssl=1 200w, https:\/\/i0.wp.com\/eltrabajo.cl\/portal\/wp-content\/uploads\/2014\/07\/Iglesia2.jpg?resize=300%2C203&amp;ssl=1 300w, https:\/\/i0.wp.com\/eltrabajo.cl\/portal\/wp-content\/uploads\/2014\/07\/Iglesia2.jpg?resize=150%2C101&amp;ssl=1 150w, https:\/\/i0.wp.com\/eltrabajo.cl\/portal\/wp-content\/uploads\/2014\/07\/Iglesia2.jpg?resize=400%2C270&amp;ssl=1 400w\" sizes=\"auto, (max-width: 300px) 100vw, 300px\" \/><\/a><\/p>\n<p>UN NUEVO CICLO.- Esta obra de m\u00e1s de $1.200 millones y con una duraci\u00f3n de 560 d\u00edas, marca un hito en el modelo de gesti\u00f3n donde la participaci\u00f3n de la ciudadan\u00eda es un ejemplo para la provincia y la regi\u00f3n.<\/p>\n"},"caption":{"rendered":"<p>UN NUEVO CICLO.- Esta obra de m\u00e1s de $1.200 millones y con una duraci\u00f3n de 560 d\u00edas, marca un hito en el modelo de gesti\u00f3n donde la participaci\u00f3n de la ciudadan\u00eda es un ejemplo para la provincia y la regi\u00f3n.<\/p>\n"},"alt_text":"UN NUEVO CICLO.- Esta obra de m\u00e1s de $1.200 millones y con una duraci\u00f3n de 560 d\u00edas, marca un hito en el modelo de gesti\u00f3n donde la participaci\u00f3n de la ciudadan\u00eda es un ejemplo para la provincia y la regi\u00f3n.","media_type":"image","mime_type":"image\/jpeg","media_details":{"width":529,"height":358,"file":"2014\/07\/Iglesia2.jpg","sizes":{"thumbnail":{"file":"Iglesia2-200x135.jpg","width":200,"height":135,"mime_type":"image\/jpeg","source_url":"https:\/\/i0.wp.com\/eltrabajo.cl\/portal\/wp-content\/uploads\/2014\/07\/Iglesia2.jpg?fit=200%2C135&ssl=1"},"medium":{"file":"Iglesia2-300x203.jpg","width":300,"height":203,"mime_type":"image\/jpeg","source_url":"https:\/\/i0.wp.com\/eltrabajo.cl\/portal\/wp-content\/uploads\/2014\/07\/Iglesia2.jpg?fit=300%2C203&ssl=1"},"post-thumbnail":{"file":"Iglesia2-150x101.jpg","width":150,"height":101,"mime_type":"image\/jpeg","source_url":"https:\/\/i0.wp.com\/eltrabajo.cl\/portal\/wp-content\/uploads\/2014\/07\/Iglesia2.jpg?fit=150%2C101&ssl=1"},"single-post-thumbnail":{"file":"Iglesia2-400x270.jpg","width":400,"height":270,"mime_type":"image\/jpeg","source_url":"https:\/\/eltrabajo.cl\/portal\/wp-content\/uploads\/2014\/07\/Iglesia2-400x270.jpg"},"full":{"file":"Iglesia2.jpg?fit=529%2C358&ssl=1","width":529,"height":358,"mime_type":"image\/jpeg","source_url":"https:\/\/i0.wp.com\/eltrabajo.cl\/portal\/wp-content\/uploads\/2014\/07\/Iglesia2.jpg?fit=529%2C358&ssl=1"}},"image_meta":{"aperture":5.5999999999999996447286321199499070644378662109375,"credit":"Gobernacion San Felipe","camera":"Canon EOS REBEL T3i","caption":"","created_timestamp":1406634042,"copyright":"","focal_length":"18","iso":"3200","shutter_speed":"0.0125","title":""}},"post":49491,"source_url":"https:\/\/eltrabajo.cl\/portal\/wp-content\/uploads\/2014\/07\/Iglesia2.jpg","_links":{"self":[{"href":"https:\/\/eltrabajo.cl\/portal\/wp-json\/wp\/v2\/media\/49493","targetHints":{"allow":["GET"]}}],"collection":[{"href":"https:\/\/eltrabajo.cl\/portal\/wp-json\/wp\/v2\/media"}],"about":[{"href":"https:\/\/eltrabajo.cl\/portal\/wp-json\/wp\/v2\/types\/attachment"}],"author":[{"embeddable":true,"href":"https:\/\/eltrabajo.cl\/portal\/wp-json\/wp\/v2\/users\/482"}],"replies":[{"embeddable":true,"href":"https:\/\/eltrabajo.cl\/portal\/wp-json\/wp\/v2\/comments?post=49493"}],"wp:attached-to":[{"embeddable":true,"post_type":"post","id":49491,"href":"https:\/\/eltrabajo.cl\/portal\/wp-json\/wp\/v2\/posts\/49491"}],"curies":[{"name":"wp","href":"https:\/\/api.w.org\/{rel}","templated":true}]}}

<p class="attachment"><a href="https://i0.wp.com/eltrabajo.cl/portal/wp-content/uploads/2014/07/Iglesia2.jpg?ssl=1"><img loading="lazy" decoding="async" width="300" height="203" src="https://i0.wp.com/eltrabajo.cl/portal/wp-content/uploads/2014/07/Iglesia2.jpg?fit=300%2C203&amp;ssl=1" class="attachment-medium size-medium" alt="UN NUEVO CICLO.- Esta obra de más de $1.200 millones y con una duración de 560 días, marca un hito en el modelo de gestión donde la participación de la ciudadanía es un ejemplo para la provincia y la región." srcset="https://i0.wp.com/eltrabajo.cl/portal/wp-content/uploads/2014/07/Iglesia2.jpg?w=529&amp;ssl=1 529w, https://i0.wp.com/eltrabajo.cl/portal/wp-content/uploads/2014/07/Iglesia2.jpg?resize=200%2C135&amp;ssl=1 200w, https://i0.wp.com/eltrabajo.cl/portal/wp-content/uploads/2014/07/Iglesia2.jpg?resize=300%2C203&amp;ssl=1 300w, https://i0.wp.com/eltrabajo.cl/portal/wp-content/uploads/2014/07/Iglesia2.jpg?resize=150%2C101&amp;ssl=1 150w, https://i0.wp.com/eltrabajo.cl/portal/wp-content/uploads/2014/07/Iglesia2.jpg?resize=400%2C270&amp;ssl=1 400w" sizes="auto, (max-width: 300px) 100vw, 300px" /></a></p>
<p>UN NUEVO CICLO.- Esta obra de más de $1.200 millones y con una duración de 560 días, marca un hito en el modelo de gestión donde la participación de la ciudadanía es un ejemplo para la provincia y la región.</p>

<p>UN NUEVO CICLO.- Esta obra de más de $1.200 millones y con una duración de 560 días, marca un hito en el modelo de gestión donde la participación de la ciudadanía es un ejemplo para la provincia y la región.</p>

UN NUEVO CICLO.- Esta obra de más de $1.200 millones y con una duración de 560 días, marca un hito en el modelo de gestión donde la participación de la ciudadanía es un ejemplo para la provincia y la región.
