{"id":49541,"date":"2014-08-01T09:26:28","date_gmt":"2014-08-01T13:26:28","guid":{"rendered":"http:\/\/www.eltrabajo.cl\/portal\/wp-content\/uploads\/2014\/08\/Mejor1.jpg"},"modified":"2014-08-01T09:26:28","modified_gmt":"2014-08-01T13:26:28","slug":"mejor1","status":"inherit","type":"attachment","link":"https:\/\/eltrabajo.cl\/portal\/ninas-u-14-del-marie-poussepin-ganan-campeonato-regional-de-futbol-escolar\/mejor1\/","title":{"rendered":"Mejor1"},"author":482,"featured_media":0,"comment_status":"open","ping_status":"closed","template":"","meta":{"advanced_seo_description":"","jetpack_seo_html_title":"","jetpack_seo_noindex":false},"class_list":["post-49541","attachment","type-attachment","status-inherit","hentry"],"jetpack_sharing_enabled":true,"jetpack_likes_enabled":true,"description":{"rendered":"<p class=\"attachment\"><a href=\"https:\/\/i0.wp.com\/eltrabajo.cl\/portal\/wp-content\/uploads\/2014\/08\/Mejor1.jpg?ssl=1\"><img loading=\"lazy\" decoding=\"async\" width=\"287\" height=\"300\" src=\"https:\/\/i0.wp.com\/eltrabajo.cl\/portal\/wp-content\/uploads\/2014\/08\/Mejor1.jpg?fit=287%2C300&amp;ssl=1\" class=\"attachment-medium size-medium\" alt=\"LA MEJOR DEL TORNEO.- Adrianita Mart\u00ednez se coron\u00f3 como la m\u00e1xima artillera del torneo.\" srcset=\"https:\/\/i0.wp.com\/eltrabajo.cl\/portal\/wp-content\/uploads\/2014\/08\/Mejor1.jpg?w=529&amp;ssl=1 529w, https:\/\/i0.wp.com\/eltrabajo.cl\/portal\/wp-content\/uploads\/2014\/08\/Mejor1.jpg?resize=143%2C150&amp;ssl=1 143w, https:\/\/i0.wp.com\/eltrabajo.cl\/portal\/wp-content\/uploads\/2014\/08\/Mejor1.jpg?resize=287%2C300&amp;ssl=1 287w, https:\/\/i0.wp.com\/eltrabajo.cl\/portal\/wp-content\/uploads\/2014\/08\/Mejor1.jpg?resize=400%2C417&amp;ssl=1 400w\" sizes=\"auto, (max-width: 287px) 100vw, 287px\" \/><\/a><\/p>\n<p>LA MEJOR DEL TORNEO.- Adrianita Mart\u00ednez se coron\u00f3 como la m\u00e1xima artillera del torneo.<\/p>\n"},"caption":{"rendered":"<p>LA MEJOR DEL TORNEO.- Adrianita Mart\u00ednez se coron\u00f3 como la m\u00e1xima artillera del torneo.<\/p>\n"},"alt_text":"LA MEJOR DEL TORNEO.- Adrianita Mart\u00ednez se coron\u00f3 como la m\u00e1xima artillera del torneo.","media_type":"image","mime_type":"image\/jpeg","media_details":{"width":529,"height":552,"file":"2014\/08\/Mejor1.jpg","sizes":{"thumbnail":{"file":"Mejor1-143x150.jpg","width":143,"height":150,"mime_type":"image\/jpeg","source_url":"https:\/\/i0.wp.com\/eltrabajo.cl\/portal\/wp-content\/uploads\/2014\/08\/Mejor1.jpg?fit=143%2C150&ssl=1"},"medium":{"file":"Mejor1-287x300.jpg","width":287,"height":300,"mime_type":"image\/jpeg","source_url":"https:\/\/i0.wp.com\/eltrabajo.cl\/portal\/wp-content\/uploads\/2014\/08\/Mejor1.jpg?fit=287%2C300&ssl=1"},"post-thumbnail":{"file":"Mejor1-143x150.jpg","width":143,"height":150,"mime_type":"image\/jpeg","source_url":"https:\/\/i0.wp.com\/eltrabajo.cl\/portal\/wp-content\/uploads\/2014\/08\/Mejor1.jpg?fit=143%2C150&ssl=1"},"single-post-thumbnail":{"file":"Mejor1-400x417.jpg","width":400,"height":417,"mime_type":"image\/jpeg","source_url":"https:\/\/eltrabajo.cl\/portal\/wp-content\/uploads\/2014\/08\/Mejor1-400x417.jpg"},"full":{"file":"Mejor1.jpg?fit=529%2C552&ssl=1","width":529,"height":552,"mime_type":"image\/jpeg","source_url":"https:\/\/i0.wp.com\/eltrabajo.cl\/portal\/wp-content\/uploads\/2014\/08\/Mejor1.jpg?fit=529%2C552&ssl=1"}},"image_meta":{"aperture":2.79999999999999982236431605997495353221893310546875,"credit":"","camera":"iPhone 4","caption":"","created_timestamp":1406753615,"copyright":"","focal_length":"3.85","iso":"640","shutter_speed":"0.058823529411765","title":""}},"post":49538,"source_url":"https:\/\/eltrabajo.cl\/portal\/wp-content\/uploads\/2014\/08\/Mejor1.jpg","_links":{"self":[{"href":"https:\/\/eltrabajo.cl\/portal\/wp-json\/wp\/v2\/media\/49541","targetHints":{"allow":["GET"]}}],"collection":[{"href":"https:\/\/eltrabajo.cl\/portal\/wp-json\/wp\/v2\/media"}],"about":[{"href":"https:\/\/eltrabajo.cl\/portal\/wp-json\/wp\/v2\/types\/attachment"}],"author":[{"embeddable":true,"href":"https:\/\/eltrabajo.cl\/portal\/wp-json\/wp\/v2\/users\/482"}],"replies":[{"embeddable":true,"href":"https:\/\/eltrabajo.cl\/portal\/wp-json\/wp\/v2\/comments?post=49541"}],"wp:attached-to":[{"embeddable":true,"post_type":"post","id":49538,"href":"https:\/\/eltrabajo.cl\/portal\/wp-json\/wp\/v2\/posts\/49538"}],"curies":[{"name":"wp","href":"https:\/\/api.w.org\/{rel}","templated":true}]}}

<p class="attachment"><a href="https://i0.wp.com/eltrabajo.cl/portal/wp-content/uploads/2014/08/Mejor1.jpg?ssl=1"><img loading="lazy" decoding="async" width="287" height="300" src="https://i0.wp.com/eltrabajo.cl/portal/wp-content/uploads/2014/08/Mejor1.jpg?fit=287%2C300&amp;ssl=1" class="attachment-medium size-medium" alt="LA MEJOR DEL TORNEO.- Adrianita Martínez se coronó como la máxima artillera del torneo." srcset="https://i0.wp.com/eltrabajo.cl/portal/wp-content/uploads/2014/08/Mejor1.jpg?w=529&amp;ssl=1 529w, https://i0.wp.com/eltrabajo.cl/portal/wp-content/uploads/2014/08/Mejor1.jpg?resize=143%2C150&amp;ssl=1 143w, https://i0.wp.com/eltrabajo.cl/portal/wp-content/uploads/2014/08/Mejor1.jpg?resize=287%2C300&amp;ssl=1 287w, https://i0.wp.com/eltrabajo.cl/portal/wp-content/uploads/2014/08/Mejor1.jpg?resize=400%2C417&amp;ssl=1 400w" sizes="auto, (max-width: 287px) 100vw, 287px" /></a></p>
<p>LA MEJOR DEL TORNEO.- Adrianita Martínez se coronó como la máxima artillera del torneo.</p>

<p>LA MEJOR DEL TORNEO.- Adrianita Martínez se coronó como la máxima artillera del torneo.</p>

LA MEJOR DEL TORNEO.- Adrianita Martínez se coronó como la máxima artillera del torneo.
