{"id":49557,"date":"2014-08-01T09:34:32","date_gmt":"2014-08-01T13:34:32","guid":{"rendered":"http:\/\/www.eltrabajo.cl\/portal\/wp-content\/uploads\/2014\/08\/jose-manuel-carter.jpg"},"modified":"2014-08-01T09:34:32","modified_gmt":"2014-08-01T13:34:32","slug":"jose-manuel-carter-7","status":"inherit","type":"attachment","link":"https:\/\/eltrabajo.cl\/portal\/concejal-denuncia-a-empresario-agricola-por-adulterar-cauce-de-estero\/jose-manuel-carter-7\/","title":{"rendered":"jose-manuel-carter"},"author":482,"featured_media":0,"comment_status":"open","ping_status":"closed","template":"","meta":{"advanced_seo_description":"","jetpack_seo_html_title":"","jetpack_seo_noindex":false},"class_list":["post-49557","attachment","type-attachment","status-inherit","hentry"],"jetpack_sharing_enabled":true,"jetpack_likes_enabled":true,"description":{"rendered":"<p class=\"attachment\"><a href=\"https:\/\/i0.wp.com\/eltrabajo.cl\/portal\/wp-content\/uploads\/2014\/08\/jose-manuel-carter.jpg?ssl=1\"><img loading=\"lazy\" decoding=\"async\" width=\"300\" height=\"233\" src=\"https:\/\/i0.wp.com\/eltrabajo.cl\/portal\/wp-content\/uploads\/2014\/08\/jose-manuel-carter.jpg?fit=300%2C233&amp;ssl=1\" class=\"attachment-medium size-medium\" alt=\"El empresario Jos\u00e9 C\u00e1rter no quiso hablar con nuestro medio formalmente, no obstante se\u00f1al\u00f3 que no ha alterado el cauce del estero, reconociendo s\u00ed que instalar\u00e1 un port\u00f3n.\" srcset=\"https:\/\/i0.wp.com\/eltrabajo.cl\/portal\/wp-content\/uploads\/2014\/08\/jose-manuel-carter.jpg?w=529&amp;ssl=1 529w, https:\/\/i0.wp.com\/eltrabajo.cl\/portal\/wp-content\/uploads\/2014\/08\/jose-manuel-carter.jpg?resize=193%2C150&amp;ssl=1 193w, https:\/\/i0.wp.com\/eltrabajo.cl\/portal\/wp-content\/uploads\/2014\/08\/jose-manuel-carter.jpg?resize=300%2C233&amp;ssl=1 300w, https:\/\/i0.wp.com\/eltrabajo.cl\/portal\/wp-content\/uploads\/2014\/08\/jose-manuel-carter.jpg?resize=150%2C116&amp;ssl=1 150w, https:\/\/i0.wp.com\/eltrabajo.cl\/portal\/wp-content\/uploads\/2014\/08\/jose-manuel-carter.jpg?resize=400%2C310&amp;ssl=1 400w\" sizes=\"auto, (max-width: 300px) 100vw, 300px\" \/><\/a><\/p>\n<p>El empresario Jos\u00e9 C\u00e1rter no quiso hablar con nuestro medio formalmente, no obstante se\u00f1al\u00f3 que no ha alterado el cauce del estero, reconociendo s\u00ed que instalar\u00e1 un port\u00f3n.<\/p>\n"},"caption":{"rendered":"<p>El empresario Jos\u00e9 C\u00e1rter no quiso hablar con nuestro medio formalmente, no obstante se\u00f1al\u00f3 que no ha alterado el cauce del estero, reconociendo s\u00ed que instalar\u00e1 un port\u00f3n.<\/p>\n"},"alt_text":"El empresario Jos\u00e9 C\u00e1rter no quiso hablar con nuestro medio formalmente, no obstante se\u00f1al\u00f3 que no ha alterado el cauce del estero, reconociendo s\u00ed que instalar\u00e1 un port\u00f3n.","media_type":"image","mime_type":"image\/jpeg","media_details":{"width":529,"height":411,"file":"2014\/08\/jose-manuel-carter.jpg","sizes":{"thumbnail":{"file":"jose-manuel-carter-193x150.jpg","width":193,"height":150,"mime_type":"image\/jpeg","source_url":"https:\/\/i0.wp.com\/eltrabajo.cl\/portal\/wp-content\/uploads\/2014\/08\/jose-manuel-carter.jpg?fit=193%2C150&ssl=1"},"medium":{"file":"jose-manuel-carter-300x233.jpg","width":300,"height":233,"mime_type":"image\/jpeg","source_url":"https:\/\/i0.wp.com\/eltrabajo.cl\/portal\/wp-content\/uploads\/2014\/08\/jose-manuel-carter.jpg?fit=300%2C233&ssl=1"},"post-thumbnail":{"file":"jose-manuel-carter-150x116.jpg","width":150,"height":116,"mime_type":"image\/jpeg","source_url":"https:\/\/i0.wp.com\/eltrabajo.cl\/portal\/wp-content\/uploads\/2014\/08\/jose-manuel-carter.jpg?fit=150%2C116&ssl=1"},"single-post-thumbnail":{"file":"jose-manuel-carter-400x310.jpg","width":400,"height":310,"mime_type":"image\/jpeg","source_url":"https:\/\/eltrabajo.cl\/portal\/wp-content\/uploads\/2014\/08\/jose-manuel-carter-400x310.jpg"},"full":{"file":"jose-manuel-carter.jpg?fit=529%2C411&ssl=1","width":529,"height":411,"mime_type":"image\/jpeg","source_url":"https:\/\/i0.wp.com\/eltrabajo.cl\/portal\/wp-content\/uploads\/2014\/08\/jose-manuel-carter.jpg?fit=529%2C411&ssl=1"}},"image_meta":{"aperture":3.79999999999999982236431605997495353221893310546875,"credit":"","camera":"FinePix S2980","caption":"","created_timestamp":1326420474,"copyright":"","focal_length":"8.9","iso":"400","shutter_speed":"0.05","title":""}},"post":49554,"source_url":"https:\/\/eltrabajo.cl\/portal\/wp-content\/uploads\/2014\/08\/jose-manuel-carter.jpg","_links":{"self":[{"href":"https:\/\/eltrabajo.cl\/portal\/wp-json\/wp\/v2\/media\/49557","targetHints":{"allow":["GET"]}}],"collection":[{"href":"https:\/\/eltrabajo.cl\/portal\/wp-json\/wp\/v2\/media"}],"about":[{"href":"https:\/\/eltrabajo.cl\/portal\/wp-json\/wp\/v2\/types\/attachment"}],"author":[{"embeddable":true,"href":"https:\/\/eltrabajo.cl\/portal\/wp-json\/wp\/v2\/users\/482"}],"replies":[{"embeddable":true,"href":"https:\/\/eltrabajo.cl\/portal\/wp-json\/wp\/v2\/comments?post=49557"}],"wp:attached-to":[{"embeddable":true,"post_type":"post","id":49554,"href":"https:\/\/eltrabajo.cl\/portal\/wp-json\/wp\/v2\/posts\/49554"}],"curies":[{"name":"wp","href":"https:\/\/api.w.org\/{rel}","templated":true}]}}

<p class="attachment"><a href="https://i0.wp.com/eltrabajo.cl/portal/wp-content/uploads/2014/08/jose-manuel-carter.jpg?ssl=1"><img loading="lazy" decoding="async" width="300" height="233" src="https://i0.wp.com/eltrabajo.cl/portal/wp-content/uploads/2014/08/jose-manuel-carter.jpg?fit=300%2C233&amp;ssl=1" class="attachment-medium size-medium" alt="El empresario José Cárter no quiso hablar con nuestro medio formalmente, no obstante señaló que no ha alterado el cauce del estero, reconociendo sí que instalará un portón." srcset="https://i0.wp.com/eltrabajo.cl/portal/wp-content/uploads/2014/08/jose-manuel-carter.jpg?w=529&amp;ssl=1 529w, https://i0.wp.com/eltrabajo.cl/portal/wp-content/uploads/2014/08/jose-manuel-carter.jpg?resize=193%2C150&amp;ssl=1 193w, https://i0.wp.com/eltrabajo.cl/portal/wp-content/uploads/2014/08/jose-manuel-carter.jpg?resize=300%2C233&amp;ssl=1 300w, https://i0.wp.com/eltrabajo.cl/portal/wp-content/uploads/2014/08/jose-manuel-carter.jpg?resize=150%2C116&amp;ssl=1 150w, https://i0.wp.com/eltrabajo.cl/portal/wp-content/uploads/2014/08/jose-manuel-carter.jpg?resize=400%2C310&amp;ssl=1 400w" sizes="auto, (max-width: 300px) 100vw, 300px" /></a></p>
<p>El empresario José Cárter no quiso hablar con nuestro medio formalmente, no obstante señaló que no ha alterado el cauce del estero, reconociendo sí que instalará un portón.</p>

<p>El empresario José Cárter no quiso hablar con nuestro medio formalmente, no obstante señaló que no ha alterado el cauce del estero, reconociendo sí que instalará un portón.</p>

El empresario José Cárter no quiso hablar con nuestro medio formalmente, no obstante señaló que no ha alterado el cauce del estero, reconociendo sí que instalará un portón.
