{"id":49616,"date":"2014-08-04T09:40:00","date_gmt":"2014-08-04T13:40:00","guid":{"rendered":"http:\/\/www.eltrabajo.cl\/portal\/wp-content\/uploads\/2014\/08\/Sonia1.jpg"},"modified":"2014-08-04T09:40:00","modified_gmt":"2014-08-04T13:40:00","slug":"sonia1-5","status":"inherit","type":"attachment","link":"https:\/\/eltrabajo.cl\/portal\/sexto-encuentro-gastronomico-2014-con-nota-7-en-el-club-san-felipe\/sonia1-5\/","title":{"rendered":"Sonia1"},"author":482,"featured_media":0,"comment_status":"open","ping_status":"closed","template":"","meta":{"advanced_seo_description":"","jetpack_seo_html_title":"","jetpack_seo_noindex":false},"class_list":["post-49616","attachment","type-attachment","status-inherit","hentry"],"jetpack_sharing_enabled":true,"jetpack_likes_enabled":true,"description":{"rendered":"<p class=\"attachment\"><a href=\"https:\/\/i0.wp.com\/eltrabajo.cl\/portal\/wp-content\/uploads\/2014\/08\/Sonia1.jpg?ssl=1\"><img loading=\"lazy\" decoding=\"async\" width=\"210\" height=\"300\" src=\"https:\/\/i0.wp.com\/eltrabajo.cl\/portal\/wp-content\/uploads\/2014\/08\/Sonia1.jpg?fit=210%2C300&amp;ssl=1\" class=\"attachment-medium size-medium\" alt=\"SONIA LA \u00daNICA.- Restaurante Social La \u00fanica tambi\u00e9n sorprendi\u00f3 a los presentes con sus platillos y muestras culinarias.\" srcset=\"https:\/\/i0.wp.com\/eltrabajo.cl\/portal\/wp-content\/uploads\/2014\/08\/Sonia1.jpg?w=529&amp;ssl=1 529w, https:\/\/i0.wp.com\/eltrabajo.cl\/portal\/wp-content\/uploads\/2014\/08\/Sonia1.jpg?resize=105%2C150&amp;ssl=1 105w, https:\/\/i0.wp.com\/eltrabajo.cl\/portal\/wp-content\/uploads\/2014\/08\/Sonia1.jpg?resize=210%2C300&amp;ssl=1 210w, https:\/\/i0.wp.com\/eltrabajo.cl\/portal\/wp-content\/uploads\/2014\/08\/Sonia1.jpg?resize=400%2C570&amp;ssl=1 400w\" sizes=\"auto, (max-width: 210px) 100vw, 210px\" \/><\/a><\/p>\n<p>SONIA LA \u00daNICA.- Restaurante Social La \u00fanica tambi\u00e9n sorprendi\u00f3 a los presentes con sus platillos y muestras culinarias.<\/p>\n"},"caption":{"rendered":"<p>SONIA LA \u00daNICA.- Restaurante Social La \u00fanica tambi\u00e9n sorprendi\u00f3 a los presentes con sus platillos y muestras culinarias.<\/p>\n"},"alt_text":"SONIA LA \u00daNICA.- Restaurante Social La \u00fanica tambi\u00e9n sorprendi\u00f3 a los presentes con sus platillos y muestras culinarias.","media_type":"image","mime_type":"image\/jpeg","media_details":{"width":529,"height":754,"file":"2014\/08\/Sonia1.jpg","sizes":{"thumbnail":{"file":"Sonia1-105x150.jpg","width":105,"height":150,"mime_type":"image\/jpeg","source_url":"https:\/\/i0.wp.com\/eltrabajo.cl\/portal\/wp-content\/uploads\/2014\/08\/Sonia1.jpg?fit=105%2C150&ssl=1"},"medium":{"file":"Sonia1-210x300.jpg","width":210,"height":300,"mime_type":"image\/jpeg","source_url":"https:\/\/i0.wp.com\/eltrabajo.cl\/portal\/wp-content\/uploads\/2014\/08\/Sonia1.jpg?fit=210%2C300&ssl=1"},"post-thumbnail":{"file":"Sonia1-105x150.jpg","width":105,"height":150,"mime_type":"image\/jpeg","source_url":"https:\/\/i0.wp.com\/eltrabajo.cl\/portal\/wp-content\/uploads\/2014\/08\/Sonia1.jpg?fit=105%2C150&ssl=1"},"single-post-thumbnail":{"file":"Sonia1-400x570.jpg","width":400,"height":570,"mime_type":"image\/jpeg","source_url":"https:\/\/eltrabajo.cl\/portal\/wp-content\/uploads\/2014\/08\/Sonia1-400x570.jpg"},"full":{"file":"Sonia1.jpg?fit=529%2C754&ssl=1","width":529,"height":754,"mime_type":"image\/jpeg","source_url":"https:\/\/i0.wp.com\/eltrabajo.cl\/portal\/wp-content\/uploads\/2014\/08\/Sonia1.jpg?fit=529%2C754&ssl=1"}},"image_meta":{"aperture":4,"credit":"","camera":"Canon EOS REBEL T1i","caption":"","created_timestamp":1406903706,"copyright":"","focal_length":"24","iso":"400","shutter_speed":"0.016666666666667","title":""}},"post":49612,"source_url":"https:\/\/eltrabajo.cl\/portal\/wp-content\/uploads\/2014\/08\/Sonia1.jpg","_links":{"self":[{"href":"https:\/\/eltrabajo.cl\/portal\/wp-json\/wp\/v2\/media\/49616","targetHints":{"allow":["GET"]}}],"collection":[{"href":"https:\/\/eltrabajo.cl\/portal\/wp-json\/wp\/v2\/media"}],"about":[{"href":"https:\/\/eltrabajo.cl\/portal\/wp-json\/wp\/v2\/types\/attachment"}],"author":[{"embeddable":true,"href":"https:\/\/eltrabajo.cl\/portal\/wp-json\/wp\/v2\/users\/482"}],"replies":[{"embeddable":true,"href":"https:\/\/eltrabajo.cl\/portal\/wp-json\/wp\/v2\/comments?post=49616"}],"wp:attached-to":[{"embeddable":true,"post_type":"post","id":49612,"href":"https:\/\/eltrabajo.cl\/portal\/wp-json\/wp\/v2\/posts\/49612"}],"curies":[{"name":"wp","href":"https:\/\/api.w.org\/{rel}","templated":true}]}}

<p class="attachment"><a href="https://i0.wp.com/eltrabajo.cl/portal/wp-content/uploads/2014/08/Sonia1.jpg?ssl=1"><img loading="lazy" decoding="async" width="210" height="300" src="https://i0.wp.com/eltrabajo.cl/portal/wp-content/uploads/2014/08/Sonia1.jpg?fit=210%2C300&amp;ssl=1" class="attachment-medium size-medium" alt="SONIA LA ÚNICA.- Restaurante Social La única también sorprendió a los presentes con sus platillos y muestras culinarias." srcset="https://i0.wp.com/eltrabajo.cl/portal/wp-content/uploads/2014/08/Sonia1.jpg?w=529&amp;ssl=1 529w, https://i0.wp.com/eltrabajo.cl/portal/wp-content/uploads/2014/08/Sonia1.jpg?resize=105%2C150&amp;ssl=1 105w, https://i0.wp.com/eltrabajo.cl/portal/wp-content/uploads/2014/08/Sonia1.jpg?resize=210%2C300&amp;ssl=1 210w, https://i0.wp.com/eltrabajo.cl/portal/wp-content/uploads/2014/08/Sonia1.jpg?resize=400%2C570&amp;ssl=1 400w" sizes="auto, (max-width: 210px) 100vw, 210px" /></a></p>
<p>SONIA LA ÚNICA.- Restaurante Social La única también sorprendió a los presentes con sus platillos y muestras culinarias.</p>

<p>SONIA LA ÚNICA.- Restaurante Social La única también sorprendió a los presentes con sus platillos y muestras culinarias.</p>

SONIA LA ÚNICA.- Restaurante Social La única también sorprendió a los presentes con sus platillos y muestras culinarias.
